{"id":717649,"date":"2025-08-27T17:58:28","date_gmt":"2025-08-27T14:58:28","guid":{"rendered":"https:\/\/roveyayinevi.com.tr\/index.php\/urun\/rezonans-kanunu\/"},"modified":"2026-04-16T02:25:50","modified_gmt":"2026-04-15T23:25:50","slug":"rezonans-kanunu","status":"publish","type":"product","link":"https:\/\/roveyayinevi.com.tr\/index.php\/urun\/rezonans-kanunu\/","title":{"rendered":"Rezonans Kanunu"},"content":{"rendered":"<p>Size hep ula\u015f\u0131lmaz g\u00f6r\u00fcnen mutlu anlar\u0131 \u00f6zl\u00fcyorsunuz. Evrendeki sonsuz zenginli\u011fin bir par\u00e7as\u0131 olmak ve onunla uyum i\u00e7inde kalmak istiyorsunuz. Art\u0131k hayat\u0131n ger\u00e7ek, bilgece s\u0131rlar\u0131ndan birini ke\u015ffetme zaman\u0131 geldi: Hissetti\u011finiz ya da d\u00fc\u015f\u00fcnd\u00fc\u011f\u00fcn\u00fcz her \u015fey, bir rezonans alan\u0131 olu\u015fturur ve hem sizi hem de \u00e7evrenizdekileri kal\u0131c\u0131 olarak de\u011fi\u015ftirir.Kuantum d\u00fc\u015f\u00fcnce tekni\u011finin temelinde yer alan Rezonans Kanunu\u2019na g\u00f6re sizi isteklerinizi ger\u00e7ekle\u015ftirmekten al\u0131koyan s\u0131n\u0131rlar yaln\u0131zca kalbinizdedir. Pierre Franckh bu kitapta arzular\u0131n\u0131z\u0131 bloke edebilme potansiyeline sahip i\u00e7 ve d\u0131\u015f etkileri nas\u0131l ortadan kald\u0131raca\u011f\u0131n\u0131z\u0131, hedeflerinize dair pozitif bir imgelemeyi nas\u0131l yapaca\u011f\u0131n\u0131z\u0131, nas\u0131l g\u00fc\u00e7l\u00fc rezonans alan\u0131 kuraca\u011f\u0131n\u0131z\u0131, d\u00fc\u015f\u00fcnce g\u00fcc\u00fcn\u00fcz ve hislerinizle hayat\u0131n\u0131zda olmas\u0131n\u0131 istedi\u011finiz de\u011fi\u015fiklikleri nas\u0131l elde edece\u011finizi anlat\u0131yor.<\/p>\n","protected":false},"excerpt":{"rendered":"<p>Size hep ula\u015f\u0131lmaz g\u00f6r\u00fcnen mutlu anlar\u0131 \u00f6zl\u00fcyorsunuz. Evrendeki sonsuz zenginli\u011fin bir par\u00e7as\u0131 olmak ve onunla uyum i\u00e7inde kalmak istiyorsunuz. Art\u0131k hayat\u0131n ger\u00e7ek, bilgece s\u0131rlar\u0131ndan birini ke\u015ffetme<span class=\"excerpt-hellip\"> [\u2026]<\/span><\/p>\n","protected":false},"featured_media":0,"template":"","meta":{"_monsterinsights_skip_tracking":false,"_monsterinsights_sitenote_active":false,"_monsterinsights_sitenote_note":"","_monsterinsights_sitenote_category":0},"product_brand":[],"product_cat":[12364,12376],"product_tag":[],"class_list":{"0":"post-717649","1":"product","2":"type-product","3":"status-publish","5":"product_cat-genel-konular","6":"product_cat-kisisel-gelisim","7":"pa_cilt-ciltsiz","8":"pa_tur-kitap","9":"pa_yayinevi-koridor-yayincilik","10":"pa_yazar-pierre-franckh","12":"first","13":"instock","14":"sale","15":"shipping-taxable","16":"purchasable","17":"product-type-simple"},"_links":{"self":[{"href":"https:\/\/roveyayinevi.com.tr\/index.php\/wp-json\/wp\/v2\/product\/717649","targetHints":{"allow":["GET"]}}],"collection":[{"href":"https:\/\/roveyayinevi.com.tr\/index.php\/wp-json\/wp\/v2\/product"}],"about":[{"href":"https:\/\/roveyayinevi.com.tr\/index.php\/wp-json\/wp\/v2\/types\/product"}],"wp:attachment":[{"href":"https:\/\/roveyayinevi.com.tr\/index.php\/wp-json\/wp\/v2\/media?parent=717649"}],"wp:term":[{"taxonomy":"product_brand","embeddable":true,"href":"https:\/\/roveyayinevi.com.tr\/index.php\/wp-json\/wp\/v2\/product_brand?post=717649"},{"taxonomy":"product_cat","embeddable":true,"href":"https:\/\/roveyayinevi.com.tr\/index.php\/wp-json\/wp\/v2\/product_cat?post=717649"},{"taxonomy":"product_tag","embeddable":true,"href":"https:\/\/roveyayinevi.com.tr\/index.php\/wp-json\/wp\/v2\/product_tag?post=717649"}],"curies":[{"name":"wp","href":"https:\/\/api.w.org\/{rel}","templated":true}]}}