{"id":717646,"date":"2025-08-27T17:58:26","date_gmt":"2025-08-27T14:58:26","guid":{"rendered":"https:\/\/roveyayinevi.com.tr\/index.php\/urun\/kuyucakli-yusuf-11\/"},"modified":"2026-04-16T02:25:50","modified_gmt":"2026-04-15T23:25:50","slug":"kuyucakli-yusuf-11","status":"publish","type":"product","link":"https:\/\/roveyayinevi.com.tr\/index.php\/urun\/kuyucakli-yusuf-11\/","title":{"rendered":"Kuyucakl\u0131 Yusuf"},"content":{"rendered":"<p>Anadolu insan\u0131n\u0131 ve k\u0131r-kent ili\u015fkilerini ele alan \u00f6nc\u00fc romanlardan biri olan Kuyucakl\u0131 Yusuf, 20. y\u00fczy\u0131l ba\u015flar\u0131nda Ege B\u00f6lgesi\u2019nde, Edremit\u2019te ge\u00e7er. Roman\u0131n \u00f6nde gelen kahramanlar\u0131ndan Yusuf ile Muazzez\u2019in \u00f6yk\u00fcs\u00fcnde Sabahattin Ali, bir yandan toplumsal yap\u0131m\u0131z\u0131n \u201cyara\u201dlar\u0131n\u0131 ve k\u0131rsal yap\u0131n\u0131n a\u00e7mazlar\u0131n\u0131 de\u015ferken, bir yandan da g\u00fc\u00e7l\u00fc bir b\u00fcrokrasi ele\u015ftirisi ger\u00e7ekle\u015ftirir. Kuyucakl\u0131 Yusuf, ilgin\u00e7 kurgusu ve insan psikolojisini i\u015flemekteki ba\u015far\u0131l\u0131 anlat\u0131m tekni\u011fiyle, modern edebiyat tarihimizin ba\u015fyap\u0131tlar\u0131 aras\u0131nda yer al\u0131r. <\/p>\n","protected":false},"excerpt":{"rendered":"<p>Anadolu insan\u0131n\u0131 ve k\u0131r-kent ili\u015fkilerini ele alan \u00f6nc\u00fc romanlardan biri olan Kuyucakl\u0131 Yusuf, 20. y\u00fczy\u0131l ba\u015flar\u0131nda Ege B\u00f6lgesi\u2019nde, Edremit\u2019te ge\u00e7er. Roman\u0131n \u00f6nde gelen kahramanlar\u0131ndan Yusuf ile<span class=\"excerpt-hellip\"> [\u2026]<\/span><\/p>\n","protected":false},"featured_media":0,"template":"","meta":{"_monsterinsights_skip_tracking":false,"_monsterinsights_sitenote_active":false,"_monsterinsights_sitenote_note":"","_monsterinsights_sitenote_category":0},"product_brand":[],"product_cat":[12291,12711],"product_tag":[],"class_list":{"0":"post-717646","1":"product","2":"type-product","3":"status-publish","5":"product_cat-edebiyat","6":"product_cat-roman-oyku","7":"pa_cilt-ciltsiz","8":"pa_tur-kitap","9":"pa_yayinevi-remzi-kitabevi","10":"pa_yazar-sabahattin-ali","12":"first","13":"instock","14":"sale","15":"shipping-taxable","16":"purchasable","17":"product-type-simple"},"_links":{"self":[{"href":"https:\/\/roveyayinevi.com.tr\/index.php\/wp-json\/wp\/v2\/product\/717646","targetHints":{"allow":["GET"]}}],"collection":[{"href":"https:\/\/roveyayinevi.com.tr\/index.php\/wp-json\/wp\/v2\/product"}],"about":[{"href":"https:\/\/roveyayinevi.com.tr\/index.php\/wp-json\/wp\/v2\/types\/product"}],"wp:attachment":[{"href":"https:\/\/roveyayinevi.com.tr\/index.php\/wp-json\/wp\/v2\/media?parent=717646"}],"wp:term":[{"taxonomy":"product_brand","embeddable":true,"href":"https:\/\/roveyayinevi.com.tr\/index.php\/wp-json\/wp\/v2\/product_brand?post=717646"},{"taxonomy":"product_cat","embeddable":true,"href":"https:\/\/roveyayinevi.com.tr\/index.php\/wp-json\/wp\/v2\/product_cat?post=717646"},{"taxonomy":"product_tag","embeddable":true,"href":"https:\/\/roveyayinevi.com.tr\/index.php\/wp-json\/wp\/v2\/product_tag?post=717646"}],"curies":[{"name":"wp","href":"https:\/\/api.w.org\/{rel}","templated":true}]}}