{"id":717643,"date":"2025-08-27T17:58:24","date_gmt":"2025-08-27T14:58:24","guid":{"rendered":"https:\/\/roveyayinevi.com.tr\/index.php\/urun\/sosyoloji-ve-spor\/"},"modified":"2026-04-16T02:25:50","modified_gmt":"2026-04-15T23:25:50","slug":"sosyoloji-ve-spor","status":"publish","type":"product","link":"https:\/\/roveyayinevi.com.tr\/index.php\/urun\/sosyoloji-ve-spor\/","title":{"rendered":"Sosyoloji ve Spor"},"content":{"rendered":"<p>\u0130\u00e7indekiler   B\u00f6l\u00fcm 1: Sosyoloji A- Sosyolojinin Tan\u0131m\u0131, Alan\u0131 ve Geli\u015fimi B- Sosyoloji ve Di\u011fer Sosyal Bilimler C- Sosyolojinin Dallar\u0131 B\u00f6l\u00fcm 2: Toplum A- Toplum ve Sosyal Kurumlar B- Sosyal ve Ahlaki De\u011ferler C- Sosyolojide Temel Kavramlar B\u00f6l\u00fcm 3: Spor A- Sporun Tan\u0131m\u0131, Alan\u0131, Ama\u00e7 ve Fonksiyonlar\u0131 B- Toplum ve Spor C- E\u011fitim ve Spor D- K\u00fclt\u00fcr ve Spor E- Aile ve Spor F- Sosyalle\u015fme ve Spor G- Sosyal Geli\u015fme ve Spor H- Engellilerde Spor \u0130- Bo\u015f Zaman ve Spor J- Turizm ve Spor K- Kitle \u0130leti\u015fim Ara\u00e7lar\u0131 ve Spor L- Sporda Sald\u0131rganl\u0131k ve \u015eiddet M- Gen\u00e7lik ve Spor N- T\u00fcrkiye&#8217;nin Sosyal Politikalar\u0131 Kaynak\u00e7a <\/p>\n","protected":false},"excerpt":{"rendered":"<p>\u0130\u00e7indekiler B\u00f6l\u00fcm 1: Sosyoloji A- Sosyolojinin Tan\u0131m\u0131, Alan\u0131 ve Geli\u015fimi B- Sosyoloji ve Di\u011fer Sosyal Bilimler C- Sosyolojinin Dallar\u0131 B\u00f6l\u00fcm 2: Toplum A- Toplum ve Sosyal<span class=\"excerpt-hellip\"> [\u2026]<\/span><\/p>\n","protected":false},"featured_media":0,"template":"","meta":{"_monsterinsights_skip_tracking":false,"_monsterinsights_sitenote_active":false,"_monsterinsights_sitenote_note":"","_monsterinsights_sitenote_category":0},"product_brand":[],"product_cat":[15563,15564],"product_tag":[],"class_list":{"0":"post-717643","1":"product","2":"type-product","3":"status-publish","5":"product_cat-hobi","6":"product_cat-spor","7":"pa_cilt-ciltsiz","8":"pa_tur-kitap","9":"pa_yayinevi-gazi-kitabevi","10":"pa_yazar-a-azmi-yetim","12":"first","13":"instock","14":"sale","15":"shipping-taxable","16":"purchasable","17":"product-type-simple"},"_links":{"self":[{"href":"https:\/\/roveyayinevi.com.tr\/index.php\/wp-json\/wp\/v2\/product\/717643","targetHints":{"allow":["GET"]}}],"collection":[{"href":"https:\/\/roveyayinevi.com.tr\/index.php\/wp-json\/wp\/v2\/product"}],"about":[{"href":"https:\/\/roveyayinevi.com.tr\/index.php\/wp-json\/wp\/v2\/types\/product"}],"wp:attachment":[{"href":"https:\/\/roveyayinevi.com.tr\/index.php\/wp-json\/wp\/v2\/media?parent=717643"}],"wp:term":[{"taxonomy":"product_brand","embeddable":true,"href":"https:\/\/roveyayinevi.com.tr\/index.php\/wp-json\/wp\/v2\/product_brand?post=717643"},{"taxonomy":"product_cat","embeddable":true,"href":"https:\/\/roveyayinevi.com.tr\/index.php\/wp-json\/wp\/v2\/product_cat?post=717643"},{"taxonomy":"product_tag","embeddable":true,"href":"https:\/\/roveyayinevi.com.tr\/index.php\/wp-json\/wp\/v2\/product_tag?post=717643"}],"curies":[{"name":"wp","href":"https:\/\/api.w.org\/{rel}","templated":true}]}}