{"id":717621,"date":"2025-08-27T17:57:35","date_gmt":"2025-08-27T14:57:35","guid":{"rendered":"https:\/\/roveyayinevi.com.tr\/index.php\/urun\/canakkaleye-yuruyus\/"},"modified":"2026-04-16T02:25:50","modified_gmt":"2026-04-15T23:25:50","slug":"canakkaleye-yuruyus","status":"publish","type":"product","link":"https:\/\/roveyayinevi.com.tr\/index.php\/urun\/canakkaleye-yuruyus\/","title":{"rendered":"\u00c7anakkale&#8217;ye Y\u00fcr\u00fcy\u00fc\u015f"},"content":{"rendered":"<p>\u00c7anakkale\u2019nin b\u00fcy\u00fck \u015fehitlerinin ruhlar\u0131n\u0131 \u015fad etmek amac\u0131yla i\u00e7leri mill\u00ee \u015fuur ve kinle dolu dokuz gen\u00e7, 3 A\u011fustos 1933 Per\u015fembe ak\u015fam\u0131 Sirkeci\u2019den kalkan Selamet vapuruyla bu \u00f6l\u00fcm  dirim \u00e7arp\u0131\u015fmalar\u0131n\u0131n ya\u015fand\u0131\u011f\u0131 mukaddes topraklar\u0131 ziyaret etmek \u00fczere yola koyulurlar: Ats\u0131z\u2019\u0131n ba\u015f\u0131n\u0131 \u00e7ekti\u011fi kafilede, emekli bir y\u00fczba\u015f\u0131 olan Naci Ak\u0131nc\u0131 ve o\u011flu Nuri Ak\u0131nc\u0131, \u201cTolunay\u201d ad\u0131yla \u00e7a\u011fr\u0131lan tarih \u00f6\u011frencisi ve ileriki y\u0131llarda Ats\u0131z\u2019\u0131n e\u015fi olacak Bedriye Sabit, edebiyat \u00f6\u011frencisi ve Ats\u0131z\u2019\u0131n karde\u015fi Nejdet San\u00e7ar, co\u011frafya \u00f6\u011frencisi Musavver \u00dcnl\u00fcs\u00fc, lise \u00f6\u011frencisi ve \u201cMeng\u00fc\u00e7\u201d ad\u0131yla \u00e7a\u011fr\u0131lan Fethi Teveto\u011flu, lise \u00f6\u011fretmeni ve o gezi s\u0131ras\u0131nda Ats\u0131z\u2019la evli olan Mehpare Ta\u015fduman ve ileride T\u00fcrk siyasetinin \u00f6nemli isimlerinden biri olup Mill\u00ee E\u011fitim Bakanl\u0131\u011f\u0131 da yapacak olan Tevfik Celal (\u0130leri) yer alm\u0131\u015ft\u0131r. Mill\u00ee gurur ve vakarla ger\u00e7ekle\u015ftirilecek \u00c7anakkale anmalar\u0131n\u0131n ba\u015flat\u0131c\u0131s\u0131 olma \u015ferefini ta\u015f\u0131yan bu T\u00fcrk kafilesinin, yolda ve kanl\u0131 bo\u011fu\u015fma alanlar\u0131nda ge\u00e7en 9 g\u00fcnl\u00fck ziyaretlerinde d\u00fc\u015fman milletlerin an\u0131tlar\u0131yla, T\u00fcrk \u015fehitlerinin ise sahipsiz ve a\u00e7\u0131kta kalm\u0131\u015f naa\u015flar\u0131yla dolu \u00c7anakkale harp sahalar\u0131nda kopard\u0131klar\u0131 \u00e7\u0131\u011fl\u0131k, hem kendilerinden sonraki ziyaretlere ilham kayna\u011f\u0131 olmu\u015f hem de \u00c7anakkale\u2019de yap\u0131lacak b\u00fcy\u00fck bir an\u0131t i\u00e7in milliyet\u00e7i gen\u00e7li\u011fi te\u015fvik etmi\u015ftir. \u00c7anakkale\u2019ye Y\u00fcr\u00fcy\u00fc\u015f\u2019\u00fcn bu yeni bas\u0131m\u0131nda sadece Ats\u0131z\u2019\u0131n metni de\u011fil, Nejdet San\u00e7ar, Tevfik \u0130leri, R\u00fcknettin Fethi Olcaytu gibi isimlerin yaz\u0131lar\u0131 ve ayr\u0131ca \u00c7anakkale\u2019ye abide yap\u0131lmas\u0131 i\u00e7in Mill\u00ee T\u00fcrk Talebe Birli\u011fi\u2019nin giri\u015fimlerine dair yaz\u0131 ve haber metinleri ile 30 y\u0131l sonra ya\u015fanan Kade\u015f vapuru rezaletine dair Mill\u00ee Yol dergisinde yer alan haber de yer alm\u0131\u015f, \u00c7anakkale\u2019ye Y\u00fcr\u00fcy\u00fc\u015f\u2019\u00fcn temiz ve imanl\u0131 gen\u00e7lerinin birka\u00e7 ku\u015fa\u011fa uzanan etkisini b\u00fct\u00fcnl\u00fckl\u00fc olarak g\u00f6rme imk\u00e2n\u0131 da b\u00f6ylece sa\u011flanm\u0131\u015ft\u0131r.<\/p>\n","protected":false},"excerpt":{"rendered":"<p>\u00c7anakkale\u2019nin b\u00fcy\u00fck \u015fehitlerinin ruhlar\u0131n\u0131 \u015fad etmek amac\u0131yla i\u00e7leri mill\u00ee \u015fuur ve kinle dolu dokuz gen\u00e7, 3 A\u011fustos 1933 Per\u015fembe ak\u015fam\u0131 Sirkeci\u2019den kalkan Selamet vapuruyla bu \u00f6l\u00fcm<span class=\"excerpt-hellip\"> [\u2026]<\/span><\/p>\n","protected":false},"featured_media":0,"template":"","meta":{"_monsterinsights_skip_tracking":false,"_monsterinsights_sitenote_active":false,"_monsterinsights_sitenote_note":"","_monsterinsights_sitenote_category":0},"product_brand":[],"product_cat":[13701,12291],"product_tag":[],"class_list":{"0":"post-717621","1":"product","2":"type-product","3":"status-publish","5":"product_cat-ani-mektup-gunluk","6":"product_cat-edebiyat","7":"pa_cilt-ciltsiz","8":"pa_tur-kitap","9":"pa_yayinevi-otuken-nesriyat","10":"pa_yazar-huseyin-nihal-atsiz","12":"first","13":"instock","14":"sale","15":"shipping-taxable","16":"purchasable","17":"product-type-simple"},"_links":{"self":[{"href":"https:\/\/roveyayinevi.com.tr\/index.php\/wp-json\/wp\/v2\/product\/717621","targetHints":{"allow":["GET"]}}],"collection":[{"href":"https:\/\/roveyayinevi.com.tr\/index.php\/wp-json\/wp\/v2\/product"}],"about":[{"href":"https:\/\/roveyayinevi.com.tr\/index.php\/wp-json\/wp\/v2\/types\/product"}],"wp:attachment":[{"href":"https:\/\/roveyayinevi.com.tr\/index.php\/wp-json\/wp\/v2\/media?parent=717621"}],"wp:term":[{"taxonomy":"product_brand","embeddable":true,"href":"https:\/\/roveyayinevi.com.tr\/index.php\/wp-json\/wp\/v2\/product_brand?post=717621"},{"taxonomy":"product_cat","embeddable":true,"href":"https:\/\/roveyayinevi.com.tr\/index.php\/wp-json\/wp\/v2\/product_cat?post=717621"},{"taxonomy":"product_tag","embeddable":true,"href":"https:\/\/roveyayinevi.com.tr\/index.php\/wp-json\/wp\/v2\/product_tag?post=717621"}],"curies":[{"name":"wp","href":"https:\/\/api.w.org\/{rel}","templated":true}]}}

Çanakkale&#8217;ye Yürüyüş

<p>Çanakkale’nin büyük şehitlerinin ruhlarını şad etmek amacıyla içleri millî şuur ve kinle dolu dokuz genç, 3 Ağustos 1933 Perşembe akşamı Sirkeci’den kalkan Selamet vapuruyla bu ölüm  dirim çarpışmalarının yaşandığı mukaddes toprakları ziyaret etmek üzere yola koyulurlar: Atsız’ın başını çektiği kafilede, emekli bir yüzbaşı olan Naci Akıncı ve oğlu Nuri Akıncı, “Tolunay” adıyla çağrılan tarih öğrencisi ve ileriki yıllarda Atsız’ın eşi olacak Bedriye Sabit, edebiyat öğrencisi ve Atsız’ın kardeşi Nejdet Sançar, coğrafya öğrencisi Musavver Ünlüsü, lise öğrencisi ve “Mengüç” adıyla çağrılan Fethi Tevetoğlu, lise öğretmeni ve o gezi sırasında Atsız’la evli olan Mehpare Taşduman ve ileride Türk siyasetinin önemli isimlerinden biri olup Millî Eğitim Bakanlığı da yapacak olan Tevfik Celal (İleri) yer almıştır. Millî gurur ve vakarla gerçekleştirilecek Çanakkale anmalarının başlatıcısı olma şerefini taşıyan bu Türk kafilesinin, yolda ve kanlı boğuşma alanlarında geçen 9 günlük ziyaretlerinde düşman milletlerin anıtlarıyla, Türk şehitlerinin ise sahipsiz ve açıkta kalmış naaşlarıyla dolu Çanakkale harp sahalarında kopardıkları çığlık, hem kendilerinden sonraki ziyaretlere ilham kaynağı olmuş hem de Çanakkale’de yapılacak büyük bir anıt için milliyetçi gençliği teşvik etmiştir. Çanakkale’ye Yürüyüş’ün bu yeni basımında sadece Atsız’ın metni değil, Nejdet Sançar, Tevfik İleri, Rüknettin Fethi Olcaytu gibi isimlerin yazıları ve ayrıca Çanakkale’ye abide yapılması için Millî Türk Talebe Birliği’nin girişimlerine dair yazı ve haber metinleri ile 30 yıl sonra yaşanan Kadeş vapuru rezaletine dair Millî Yol dergisinde yer alan haber de yer almış, Çanakkale’ye Yürüyüş’ün temiz ve imanlı gençlerinin birkaç kuşağa uzanan etkisini bütünlüklü olarak görme imkânı da böylece sağlanmıştır.</p>

<p>Çanakkale’nin büyük şehitlerinin ruhlarını şad etmek amacıyla içleri millî şuur ve kinle dolu dokuz genç, 3 Ağustos 1933 Perşembe akşamı Sirkeci’den kalkan Selamet vapuruyla bu ölüm<span class="excerpt-hellip"> […]</span></p>
