{"id":717619,"date":"2025-08-27T17:57:34","date_gmt":"2025-08-27T14:57:34","guid":{"rendered":"https:\/\/roveyayinevi.com.tr\/index.php\/urun\/saglik-statusu-belirleyicileri\/"},"modified":"2026-04-16T02:25:50","modified_gmt":"2026-04-15T23:25:50","slug":"saglik-statusu-belirleyicileri","status":"publish","type":"product","link":"https:\/\/roveyayinevi.com.tr\/index.php\/urun\/saglik-statusu-belirleyicileri\/","title":{"rendered":"Sa\u011fl\u0131k Stat\u00fcs\u00fc Belirleyicileri"},"content":{"rendered":"<p>Baz\u0131 insanlar\u0131 sa\u011fl\u0131kl\u0131, baz\u0131lar\u0131n\u0131 ise sa\u011fl\u0131ks\u0131z yapan \u015fey nedir?Herkesin uzun ve sa\u011fl\u0131kl\u0131 bir ya\u015fam s\u00fcrd\u00fcrebilece\u011fi bir toplumu, nas\u0131l olu\u015fturabiliriz?Sa\u011fl\u0131kl\u0131 bir gelecek ad\u0131na, sa\u011fl\u0131k hizmetleri y\u00f6netiminde nelere dikkat edilmelidir?Sa\u011fl\u0131k hizmetleri y\u00f6netiminin temel sorunsal\u0131 olarak kar\u015f\u0131m\u0131za \u00e7\u0131kan bu ve benzeri sorular\u0131n cevab\u0131n\u0131 aramak i\u00e7in \u00e7\u0131k\u0131lan bu yolculukta; sa\u011fl\u0131k y\u00f6netimi bak\u0131\u015f a\u00e7\u0131s\u0131yla, yeni bir sa\u011fl\u0131k stat\u00fcs\u00fc modeli ortaya konulmaktad\u0131r.Genetik\u00c7evreK\u00fclt\u00fcrTeknolojiN\u00fcfusYa\u015fam Tarz\u0131Ekonomik SistemPolitik SistemSa\u011fl\u0131k Hizmetleri Sunumukavramlar\u0131n\u0131 ele alan bu kitab\u0131n;\u00dcniversitelerin ilgili b\u00f6l\u00fcmlerinde kullan\u0131lacak bir e\u011fitim materyali olarak, akademisyen ve \u00f6\u011frencilereSa\u011fl\u0131k kurum ve kurulu\u015flar\u0131ndaki stratejik y\u00f6netim s\u00fcre\u00e7lerinde; klinisyenlere, sa\u011fl\u0131k y\u00f6neticilerine ve politika yap\u0131c\u0131laraKonuya ilgi duyan okur ve ara\u015ft\u0131rmac\u0131laraVe gerek kendi sa\u011fl\u0131\u011f\u0131n\u0131 gerekse i\u00e7inde ya\u015fad\u0131\u011f\u0131 toplumun sa\u011fl\u0131\u011f\u0131n\u0131 optimal d\u00fczeye \u00e7\u0131karmak isteyen her bireye faydal\u0131 olaca\u011f\u0131 d\u00fc\u015f\u00fcn\u00fclmektedir.<\/p>\n","protected":false},"excerpt":{"rendered":"<p>Baz\u0131 insanlar\u0131 sa\u011fl\u0131kl\u0131, baz\u0131lar\u0131n\u0131 ise sa\u011fl\u0131ks\u0131z yapan \u015fey nedir?Herkesin uzun ve sa\u011fl\u0131kl\u0131 bir ya\u015fam s\u00fcrd\u00fcrebilece\u011fi bir toplumu, nas\u0131l olu\u015fturabiliriz?Sa\u011fl\u0131kl\u0131 bir gelecek ad\u0131na, sa\u011fl\u0131k hizmetleri y\u00f6netiminde nelere<span class=\"excerpt-hellip\"> [\u2026]<\/span><\/p>\n","protected":false},"featured_media":0,"template":"","meta":{"_monsterinsights_skip_tracking":false,"_monsterinsights_sitenote_active":false,"_monsterinsights_sitenote_note":"","_monsterinsights_sitenote_category":0},"product_brand":[],"product_cat":[13366,13365],"product_tag":[],"class_list":{"0":"post-717619","1":"product","2":"type-product","3":"status-publish","5":"product_cat-diger-saglik","6":"product_cat-saglik","7":"pa_cilt-ciltsiz","8":"pa_tur-kitap","9":"pa_yayinevi-siyasal-kitabevi","10":"pa_yazar-kolektif","12":"first","13":"instock","14":"sale","15":"shipping-taxable","16":"purchasable","17":"product-type-simple"},"_links":{"self":[{"href":"https:\/\/roveyayinevi.com.tr\/index.php\/wp-json\/wp\/v2\/product\/717619","targetHints":{"allow":["GET"]}}],"collection":[{"href":"https:\/\/roveyayinevi.com.tr\/index.php\/wp-json\/wp\/v2\/product"}],"about":[{"href":"https:\/\/roveyayinevi.com.tr\/index.php\/wp-json\/wp\/v2\/types\/product"}],"wp:attachment":[{"href":"https:\/\/roveyayinevi.com.tr\/index.php\/wp-json\/wp\/v2\/media?parent=717619"}],"wp:term":[{"taxonomy":"product_brand","embeddable":true,"href":"https:\/\/roveyayinevi.com.tr\/index.php\/wp-json\/wp\/v2\/product_brand?post=717619"},{"taxonomy":"product_cat","embeddable":true,"href":"https:\/\/roveyayinevi.com.tr\/index.php\/wp-json\/wp\/v2\/product_cat?post=717619"},{"taxonomy":"product_tag","embeddable":true,"href":"https:\/\/roveyayinevi.com.tr\/index.php\/wp-json\/wp\/v2\/product_tag?post=717619"}],"curies":[{"name":"wp","href":"https:\/\/api.w.org\/{rel}","templated":true}]}}