{"id":717618,"date":"2025-08-27T17:57:33","date_gmt":"2025-08-27T14:57:33","guid":{"rendered":"https:\/\/roveyayinevi.com.tr\/index.php\/urun\/turkiyede-kir-sosyolojisi-arastirmalari\/"},"modified":"2026-04-16T02:25:49","modified_gmt":"2026-04-15T23:25:49","slug":"turkiyede-kir-sosyolojisi-arastirmalari","status":"publish","type":"product","link":"https:\/\/roveyayinevi.com.tr\/index.php\/urun\/turkiyede-kir-sosyolojisi-arastirmalari\/","title":{"rendered":"T\u00fcrkiye&#8217;de K\u0131r Sosyolojisi Ara\u015ft\u0131rmalar\u0131"},"content":{"rendered":"<p>Bu \u00e7al\u0131\u015fma as\u0131l olarak T\u00fcrkiye\u2019de yap\u0131lm\u0131\u015f k\u0131rsal alan ara\u015ft\u0131rmalar\u0131n\u0131 d\u00f6nemselle\u015ftirerek incelemeyi hedeflese de d\u00fcnyada k\u0131r sosyolojisinin kuramsal k\u00f6klerine g\u00f6z atmay\u0131 ve sadece k\u0131r sosyolojisi de\u011fil ama \u201ck\u0131r \u00e7al\u0131\u015fmalar\u0131\u201d olarak ortaya \u00e7\u0131kan literat\u00fcr\u00fc de \u00f6zetlemeyi \u00f6nemli saymaktad\u0131r. Bu nedenle iki b\u00f6l\u00fcmden olu\u015fan kitab\u0131n ilk b\u00f6l\u00fcm\u00fc k\u0131r sosyolojisinin teorik k\u00f6k\u00fc olarak d\u00fc\u015f\u00fcn\u00fclen T\u00f6nnies\u2019in Gemeinschaft-Gesellschaft ayr\u0131m\u0131ndan ba\u015flamaktad\u0131r. T\u00f6nnies\u2019in ikili bak\u0131\u015f\u0131na benzer di\u011fer yakla\u015f\u0131mlar\u0131n sahipleri olarak Durkheim ve Redfield da konuyla ilgili de\u011finilen d\u00fc\u015f\u00fcn\u00fcrlerdir.Kitab\u0131n ikinci b\u00f6l\u00fcm\u00fc ise T\u00fcrkiye\u2019de k\u0131r\/k\u00f6y sosyolojisinin geli\u015fimini anlamay\u0131 ama\u00e7lamaktad\u0131r. Ancak, bu b\u00f6l\u00fcm, ilk b\u00f6l\u00fcmden farkl\u0131 olarak teorik ele al\u0131\u015flar\u0131 de\u011fil, alan ara\u015ft\u0131rmalar\u0131n\u0131 s\u0131n\u0131fland\u0131rmaktad\u0131r. T\u00fcrkiye\u2019de do\u011frudan k\u00f6ylere giden ve oralardan veriler derleyen, bu verileri yorumlayan ara\u015ft\u0131rmac\u0131lar\u0131n \u00e7al\u0131\u015fmalar\u0131 ele al\u0131nmaktad\u0131r. Elbette detayl\u0131 ya da y\u00fczeysel incelenen veya sadece isimleri an\u0131lan bu \u00e7al\u0131\u015fmalar\u0131 T\u00fcrkiye\u2019de yap\u0131lm\u0131\u015f k\u00f6y ara\u015ft\u0131rmalar\u0131n\u0131n tam bir bibliyografyas\u0131n\u0131 sundu\u011fu iddia edilemez. Ancak geni\u015f bir literat\u00fcr\u00fcn taraf\u0131m\u0131zca incelendi\u011fi ve okuyucularla payla\u015f\u0131ld\u0131\u011f\u0131 s\u00f6ylenebilir.<\/p>\n","protected":false},"excerpt":{"rendered":"<p>Bu \u00e7al\u0131\u015fma as\u0131l olarak T\u00fcrkiye\u2019de yap\u0131lm\u0131\u015f k\u0131rsal alan ara\u015ft\u0131rmalar\u0131n\u0131 d\u00f6nemselle\u015ftirerek incelemeyi hedeflese de d\u00fcnyada k\u0131r sosyolojisinin kuramsal k\u00f6klerine g\u00f6z atmay\u0131 ve sadece k\u0131r sosyolojisi de\u011fil ama<span class=\"excerpt-hellip\"> [\u2026]<\/span><\/p>\n","protected":false},"featured_media":0,"template":"","meta":{"_monsterinsights_skip_tracking":false,"_monsterinsights_sitenote_active":false,"_monsterinsights_sitenote_note":"","_monsterinsights_sitenote_category":0},"product_brand":[],"product_cat":[12325,12324],"product_tag":[],"class_list":{"0":"post-717618","1":"product","2":"type-product","3":"status-publish","5":"product_cat-diger-sosyoloji","6":"product_cat-sosyoloji","7":"pa_cilt-ciltsiz","8":"pa_tur-kitap","9":"pa_yayinevi-siyasal-kitabevi","10":"pa_yazar-hakan-arslanbenzer","12":"first","13":"instock","14":"sale","15":"shipping-taxable","16":"purchasable","17":"product-type-simple"},"_links":{"self":[{"href":"https:\/\/roveyayinevi.com.tr\/index.php\/wp-json\/wp\/v2\/product\/717618","targetHints":{"allow":["GET"]}}],"collection":[{"href":"https:\/\/roveyayinevi.com.tr\/index.php\/wp-json\/wp\/v2\/product"}],"about":[{"href":"https:\/\/roveyayinevi.com.tr\/index.php\/wp-json\/wp\/v2\/types\/product"}],"wp:attachment":[{"href":"https:\/\/roveyayinevi.com.tr\/index.php\/wp-json\/wp\/v2\/media?parent=717618"}],"wp:term":[{"taxonomy":"product_brand","embeddable":true,"href":"https:\/\/roveyayinevi.com.tr\/index.php\/wp-json\/wp\/v2\/product_brand?post=717618"},{"taxonomy":"product_cat","embeddable":true,"href":"https:\/\/roveyayinevi.com.tr\/index.php\/wp-json\/wp\/v2\/product_cat?post=717618"},{"taxonomy":"product_tag","embeddable":true,"href":"https:\/\/roveyayinevi.com.tr\/index.php\/wp-json\/wp\/v2\/product_tag?post=717618"}],"curies":[{"name":"wp","href":"https:\/\/api.w.org\/{rel}","templated":true}]}}