{"id":717580,"date":"2025-08-27T17:57:09","date_gmt":"2025-08-27T14:57:09","guid":{"rendered":"https:\/\/roveyayinevi.com.tr\/index.php\/urun\/sosyal-calisma-mesleginde-kariyer-secenekleri\/"},"modified":"2026-04-16T02:25:49","modified_gmt":"2026-04-15T23:25:49","slug":"sosyal-calisma-mesleginde-kariyer-secenekleri","status":"publish","type":"product","link":"https:\/\/roveyayinevi.com.tr\/index.php\/urun\/sosyal-calisma-mesleginde-kariyer-secenekleri\/","title":{"rendered":"Sosyal \u00c7al\u0131\u015fma Mesle\u011finde Kariyer Se\u00e7enekleri"},"content":{"rendered":"<p>Bu kitab\u0131n \u00f6ncelikli amac\u0131, \u201csosyal hizmet\u201d b\u00f6l\u00fcm\u00fc \u00f6\u011frencilerine ve yeni mezunlar\u0131na kariyer se\u00e7eneklerinin \u00e7e\u015fitlili\u011fini g\u00f6stererek umut a\u015f\u0131lamak ve g\u00fc\u00e7lerini artt\u0131rmakt\u0131r. Kitab\u0131n di\u011fer amac\u0131 da \u201cuygulama temelli bir meslek ve akademik disiplin\u201d olan sosyal \u00e7al\u0131\u015fma mesle\u011findeki kariyer f\u0131rsatlar\u0131n\u0131n ve \u00e7al\u0131\u015fma alanlar\u0131n\u0131n uygulaman\u0131n i\u00e7inde olan sosyal \u00e7al\u0131\u015fmac\u0131lar taraf\u0131ndan tan\u0131t\u0131lmas\u0131n\u0131 sa\u011flamakt\u0131r. Kitapta her bir makale ile birlikte, makalenin ba\u015f\u0131nda verilen yazar \u00f6zge\u00e7mi\u015flerinin de kariyer se\u00e7enekleri ve se\u00e7ilen kariyerde nas\u0131l ilerlenebilece\u011fi hakk\u0131nda somut birer veri kayna\u011f\u0131 olu\u015fturmas\u0131 istenmi\u015ftir. Bu ba\u011flamda kendisine kariyer se\u00e7enekleri arayan gen\u00e7 meslekta\u015flar\u0131m\u0131z i\u00e7in \u00e7o\u011fu \u00f6zge\u00e7mi\u015fin dahi tek ba\u015f\u0131na ilham verici ve motive edici olaca\u011f\u0131na inan\u0131yoruz. <\/p>\n","protected":false},"excerpt":{"rendered":"<p>Bu kitab\u0131n \u00f6ncelikli amac\u0131, \u201csosyal hizmet\u201d b\u00f6l\u00fcm\u00fc \u00f6\u011frencilerine ve yeni mezunlar\u0131na kariyer se\u00e7eneklerinin \u00e7e\u015fitlili\u011fini g\u00f6stererek umut a\u015f\u0131lamak ve g\u00fc\u00e7lerini artt\u0131rmakt\u0131r. Kitab\u0131n di\u011fer amac\u0131 da \u201cuygulama temelli<span class=\"excerpt-hellip\"> [\u2026]<\/span><\/p>\n","protected":false},"featured_media":0,"template":"","meta":{"_monsterinsights_skip_tracking":false,"_monsterinsights_sitenote_active":false,"_monsterinsights_sitenote_note":"","_monsterinsights_sitenote_category":0},"product_brand":[],"product_cat":[13043,17647],"product_tag":[],"class_list":{"0":"post-717580","1":"product","2":"type-product","3":"status-publish","5":"product_cat-ekonomi","6":"product_cat-is-dunyasi","7":"pa_cilt-ciltsiz","8":"pa_tur-kitap","9":"pa_yayinevi-nika-yayinevi","10":"pa_yazar-kolektif","12":"first","13":"instock","14":"sale","15":"shipping-taxable","16":"purchasable","17":"product-type-simple"},"_links":{"self":[{"href":"https:\/\/roveyayinevi.com.tr\/index.php\/wp-json\/wp\/v2\/product\/717580","targetHints":{"allow":["GET"]}}],"collection":[{"href":"https:\/\/roveyayinevi.com.tr\/index.php\/wp-json\/wp\/v2\/product"}],"about":[{"href":"https:\/\/roveyayinevi.com.tr\/index.php\/wp-json\/wp\/v2\/types\/product"}],"wp:attachment":[{"href":"https:\/\/roveyayinevi.com.tr\/index.php\/wp-json\/wp\/v2\/media?parent=717580"}],"wp:term":[{"taxonomy":"product_brand","embeddable":true,"href":"https:\/\/roveyayinevi.com.tr\/index.php\/wp-json\/wp\/v2\/product_brand?post=717580"},{"taxonomy":"product_cat","embeddable":true,"href":"https:\/\/roveyayinevi.com.tr\/index.php\/wp-json\/wp\/v2\/product_cat?post=717580"},{"taxonomy":"product_tag","embeddable":true,"href":"https:\/\/roveyayinevi.com.tr\/index.php\/wp-json\/wp\/v2\/product_tag?post=717580"}],"curies":[{"name":"wp","href":"https:\/\/api.w.org\/{rel}","templated":true}]}}