{"id":717575,"date":"2025-08-27T17:57:06","date_gmt":"2025-08-27T14:57:06","guid":{"rendered":"https:\/\/roveyayinevi.com.tr\/index.php\/urun\/kemer-sikma-caginda-direnis-milliyetcilik-solun-basarisizligi-ve-tanrinin-donusu\/"},"modified":"2026-04-16T02:25:49","modified_gmt":"2026-04-15T23:25:49","slug":"kemer-sikma-caginda-direnis-milliyetcilik-solun-basarisizligi-ve-tanrinin-donusu","status":"publish","type":"product","link":"https:\/\/roveyayinevi.com.tr\/index.php\/urun\/kemer-sikma-caginda-direnis-milliyetcilik-solun-basarisizligi-ve-tanrinin-donusu\/","title":{"rendered":"Kemer S\u0131kma \u00c7a\u011f\u0131nda Direni\u015f Milliyet\u00e7ilik Solun Ba\u015far\u0131s\u0131zl\u0131\u011f\u0131 ve Tanr\u0131n\u0131n D\u00f6n\u00fc\u015f\u00fc"},"content":{"rendered":"<p>Kas\u0131m 1999da Seattle&#8217;da &#8216;k\u00fcreselle\u015fme kar\u015f\u0131t\u0131 hareket&#8217; ile ili\u015fkilendirilen ilk protestolar ortaya \u00e7\u0131kt\u0131 ve k\u0131sa s\u00fcre sonra neoliberal kapitalizme kar\u015f\u0131 k\u00fcresel direni\u015fin ba\u015flang\u0131\u00e7 noktas\u0131 olarak an\u0131lmaya ba\u015fland\u0131. Ba\u015flardaki iyimserli\u011fe ra\u011fmen ilerleyen y\u0131llarda neoliberalizme tutarl\u0131 bir alternatif olu\u015fturma i\u015finde \u00e7ok az ilerleme g\u00f6r\u00fcld\u00fc ve son kredi krizinden sonra bu ba\u015far\u0131s\u0131zl\u0131\u011f\u0131n pahal\u0131ya mal oldu\u011fu anla\u015f\u0131ld\u0131. 2008&#8217;de &#8216;krize&#8217; girmi\u015f g\u00f6r\u00fcnen neoliberal hegemonya sonras\u0131nda yeni bir &#8216;kemer s\u0131kma \u00e7a\u011f\u0131&#8217; maskesiyle kendisini yeniden onarmay\u0131 ba\u015fard\u0131. Owen Worth, bu kitapta, neoliberalizme kar\u015f\u0131 direni\u015fin \u00e7e\u015fitlili\u011fini- ilerici, milliyet\u00e7i ve din temelli-mercek alt\u0131na al\u0131yor ve geleneksel &#8216;sol kanatla\u2019 birlikte gerici alternatiflerin de k\u00fcreselle\u015fmeye kar\u015f\u0131 tutarl\u0131 bir temel olu\u015fturabileceklerini ileri s\u00fcr\u00fcyor. Occupy hareketinin eksiklerinden Radikal \u0130slam&#8217;\u0131n y\u00fckseli\u015fine, Bat\u0131 Avrupa&#8217;da a\u015f\u0131r\u0131 sa\u011f\u0131n yeniden ivme kazanmas\u0131na ve ABD&#8217;de \u00c7ay Partisi&#8217;nin \u015fa\u015f\u0131rt\u0131c\u0131 etkisine kadar uzanan de\u011ferlendirmeleriyle Worth, ilerici bir m\u00fccadele geli\u015ftirmenin m\u00fcmk\u00fcn oldu\u011funu ama bunun tek ve zorunlu alternatif olmad\u0131\u011f\u0131n\u0131 g\u00f6steriyor.<\/p>\n","protected":false},"excerpt":{"rendered":"<p>Kas\u0131m 1999da Seattle&#8217;da &#8216;k\u00fcreselle\u015fme kar\u015f\u0131t\u0131 hareket&#8217; ile ili\u015fkilendirilen ilk protestolar ortaya \u00e7\u0131kt\u0131 ve k\u0131sa s\u00fcre sonra neoliberal kapitalizme kar\u015f\u0131 k\u00fcresel direni\u015fin ba\u015flang\u0131\u00e7 noktas\u0131 olarak an\u0131lmaya ba\u015fland\u0131.<span class=\"excerpt-hellip\"> [\u2026]<\/span><\/p>\n","protected":false},"featured_media":0,"template":"","meta":{"_monsterinsights_skip_tracking":false,"_monsterinsights_sitenote_active":false,"_monsterinsights_sitenote_note":"","_monsterinsights_sitenote_category":0},"product_brand":[],"product_cat":[13590,12337],"product_tag":[],"class_list":{"0":"post-717575","1":"product","2":"type-product","3":"status-publish","5":"product_cat-arastirma-inceleme-politika-siyaset","6":"product_cat-politika-siyaset","7":"pa_cilt-ciltsiz","8":"pa_tur-kitap","9":"pa_yayinevi-abis-yayincilik","10":"pa_yazar-owen-worth","12":"first","13":"instock","14":"sale","15":"shipping-taxable","16":"purchasable","17":"product-type-simple"},"_links":{"self":[{"href":"https:\/\/roveyayinevi.com.tr\/index.php\/wp-json\/wp\/v2\/product\/717575","targetHints":{"allow":["GET"]}}],"collection":[{"href":"https:\/\/roveyayinevi.com.tr\/index.php\/wp-json\/wp\/v2\/product"}],"about":[{"href":"https:\/\/roveyayinevi.com.tr\/index.php\/wp-json\/wp\/v2\/types\/product"}],"wp:attachment":[{"href":"https:\/\/roveyayinevi.com.tr\/index.php\/wp-json\/wp\/v2\/media?parent=717575"}],"wp:term":[{"taxonomy":"product_brand","embeddable":true,"href":"https:\/\/roveyayinevi.com.tr\/index.php\/wp-json\/wp\/v2\/product_brand?post=717575"},{"taxonomy":"product_cat","embeddable":true,"href":"https:\/\/roveyayinevi.com.tr\/index.php\/wp-json\/wp\/v2\/product_cat?post=717575"},{"taxonomy":"product_tag","embeddable":true,"href":"https:\/\/roveyayinevi.com.tr\/index.php\/wp-json\/wp\/v2\/product_tag?post=717575"}],"curies":[{"name":"wp","href":"https:\/\/api.w.org\/{rel}","templated":true}]}}