{"id":717567,"date":"2025-08-27T17:57:01","date_gmt":"2025-08-27T14:57:01","guid":{"rendered":"https:\/\/roveyayinevi.com.tr\/index.php\/urun\/hiristiyanlik-bir-antik-misir-dini\/"},"modified":"2025-10-12T05:02:54","modified_gmt":"2025-10-12T02:02:54","slug":"hiristiyanlik-bir-antik-misir-dini","status":"publish","type":"product","link":"https:\/\/roveyayinevi.com.tr\/index.php\/urun\/hiristiyanlik-bir-antik-misir-dini\/","title":{"rendered":"H\u0131ristiyanl\u0131k: Bir Antik M\u0131s\u0131r Dini"},"content":{"rendered":"<p>Ahmed Osman\u2019\u0131n dinler tarihi i\u00e7indeki arkeolojik kaz\u0131s\u0131 H\u0131ristiyanl\u0131k: Bir Antik M\u0131s\u0131r Dini adl\u0131 kitab\u0131yla s\u00fcr\u00fcyor. Musa ve Akhenaton adl\u0131 kitab\u0131nda Yahudili\u011fin kurucusu Musa karakterinin ilk tek tanr\u0131l\u0131 dinin kurucusu Firavun\u2019un Akhenaton\u2019la birebir uyu\u015ftu\u011funu g\u00f6steren ve Akhenaton\u2019un etraf\u0131ndaki karakterlerle Musa\u2019n\u0131n etraf\u0131ndaki karakterlerin ayn\u0131 ki\u015filer oldu\u011funu ortaya koyan Ahmed Osman bu kitab\u0131nda Tutankamon\u2019un nas\u0131l \u0130sa\u2019ya d\u00f6n\u00fc\u015ft\u00fcr\u00fcld\u00fc\u011f\u00fcne \u0131\u015f\u0131k tutuyor.   \u201cHem Eski hem Yeni Ahit i\u00e7in \u0130ncil hik\u00e2yelerinin tarihi \u00f6z\u00fc M\u0131s\u0131r\u2019dan geldi. \u0130ncil\u2019deki t\u00fcm ana karakterler M\u00d6 15. ve 14. y\u00fczy\u0131llar aras\u0131nda M\u0131s\u0131r\u2019a h\u00fckmeden Tutmosis hanedan\u0131 ile do\u011frudan ili\u015fkilidir. Ayn\u0131 e\u015fi, Sara\u2019y\u0131 payla\u015fan Kral Davud ve Patrik \u0130brahim \u00e7a\u011fda\u015flard\u0131 ve M\u0131s\u0131r kraliyet ailesi ile yak\u0131ndan ili\u015fkili olan \u0130srail kavminin atalar\u0131 oldular. Bizim felsefi ve dini anlay\u0131\u015f\u0131m\u0131zdaki b\u00fcy\u00fck devrim de bu d\u00f6nemde ger\u00e7ekle\u015fti. Kral Akhenaton t\u00fcm farkl\u0131 tanr\u0131lar\u0131n arkas\u0131ndaki tek g\u00fcc\u00fcn Aton veya Adonai oldu\u011funu iddia etti ve halefi Tutankamon insan\u0131n ruhunu Tanr\u0131\u2019n\u0131n sonsuz ruhunun bir par\u00e7as\u0131 olarak tan\u0131mlad\u0131. Fakat d\u00fcnya bu vizyonlar\u0131 g\u00f6rmeye daha haz\u0131r de\u011fildi. Amarna h\u00fckm\u00fcn\u00fcn d\u00fc\u015f\u00fc\u015f\u00fc ile her iki b\u00fcy\u00fck liderin hat\u0131ras\u0131 M\u0131s\u0131r\u2019da resmi olarak bast\u0131r\u0131ld\u0131 ve \u0130srail\u2019de tamamen unutuldu. Buna kar\u015f\u0131n, M\u0131s\u0131rl\u0131lar Tutankamon\u2019un hat\u0131ras\u0131n\u0131 \u2018\u0130sa\u2019 ismini vererek canl\u0131 tuttular. \u00c7\u00fcnk\u00fc \u0130sa, M\u00d6 \u00fc\u00e7\u00fcnc\u00fc y\u00fczy\u0131l\u0131n ortalar\u0131nda \u00fcretilen \u0130ncil\u2019de Musa\u2019n\u0131n halefine verilen Yunanca isimdi.\u201d  <\/p>\n","protected":false},"excerpt":{"rendered":"<p>Ahmed Osman\u2019\u0131n dinler tarihi i\u00e7indeki arkeolojik kaz\u0131s\u0131 H\u0131ristiyanl\u0131k: Bir Antik M\u0131s\u0131r Dini adl\u0131 kitab\u0131yla s\u00fcr\u00fcyor. Musa ve Akhenaton adl\u0131 kitab\u0131nda Yahudili\u011fin kurucusu Musa karakterinin ilk tek<span class=\"excerpt-hellip\"> [\u2026]<\/span><\/p>\n","protected":false},"featured_media":0,"template":"","meta":{"_monsterinsights_skip_tracking":false,"_monsterinsights_sitenote_active":false,"_monsterinsights_sitenote_note":"","_monsterinsights_sitenote_category":0},"product_brand":[],"product_cat":[12370,12304],"product_tag":[],"class_list":{"0":"post-717567","1":"product","2":"type-product","3":"status-publish","5":"product_cat-arastirma-inceleme","6":"product_cat-tarih","7":"pa_cilt-ciltsiz","8":"pa_tur-kitap","9":"pa_yayinevi-omega","10":"pa_yazar-ahmed-osman","12":"first","13":"instock","14":"sale","15":"shipping-taxable","16":"purchasable","17":"product-type-simple"},"_links":{"self":[{"href":"https:\/\/roveyayinevi.com.tr\/index.php\/wp-json\/wp\/v2\/product\/717567","targetHints":{"allow":["GET"]}}],"collection":[{"href":"https:\/\/roveyayinevi.com.tr\/index.php\/wp-json\/wp\/v2\/product"}],"about":[{"href":"https:\/\/roveyayinevi.com.tr\/index.php\/wp-json\/wp\/v2\/types\/product"}],"wp:attachment":[{"href":"https:\/\/roveyayinevi.com.tr\/index.php\/wp-json\/wp\/v2\/media?parent=717567"}],"wp:term":[{"taxonomy":"product_brand","embeddable":true,"href":"https:\/\/roveyayinevi.com.tr\/index.php\/wp-json\/wp\/v2\/product_brand?post=717567"},{"taxonomy":"product_cat","embeddable":true,"href":"https:\/\/roveyayinevi.com.tr\/index.php\/wp-json\/wp\/v2\/product_cat?post=717567"},{"taxonomy":"product_tag","embeddable":true,"href":"https:\/\/roveyayinevi.com.tr\/index.php\/wp-json\/wp\/v2\/product_tag?post=717567"}],"curies":[{"name":"wp","href":"https:\/\/api.w.org\/{rel}","templated":true}]}}