{"id":717564,"date":"2025-08-27T17:56:59","date_gmt":"2025-08-27T14:56:59","guid":{"rendered":"https:\/\/roveyayinevi.com.tr\/index.php\/urun\/10lar-konseyi\/"},"modified":"2026-04-16T02:25:48","modified_gmt":"2026-04-15T23:25:48","slug":"10lar-konseyi","status":"publish","type":"product","link":"https:\/\/roveyayinevi.com.tr\/index.php\/urun\/10lar-konseyi\/","title":{"rendered":"10\u2019lar Konseyi"},"content":{"rendered":"<p>Kadim T\u00fcrk bilgeli\u011fine on bin y\u0131ld\u0131r d\u00fc\u015fman olan bir konsey! T\u00fcrkl\u00fc\u011f\u00fcn var oldu\u011fu ve m\u00fchr\u00fcn\u00fc vurdu\u011fu her yerde, T\u00fcrk\u2019\u00fcn kar\u015f\u0131s\u0131na \u00e7\u0131kan bir te\u015fkilat!   Konseyin en belirgin izi, Atat\u00fcrk\u2019\u00fcn a\u011fz\u0131ndan \u00e7\u0131kan bir c\u00fcmlede ve G\u00f6kt\u00fcrk geleneklerine g\u00f6re in\u015fa edilen An\u0131tkabir\u2019de s\u0131rlanm\u0131\u015ft\u0131.   Platon, bir devleti y\u00f6netecek gizli bir te\u015fkilat\u0131 anlat\u0131rken, mavi kaftan giyen 10 ki\u015fiden bahsetmi\u015fti. Homeros \u0130LYADA\u2019da Truva Sava\u015f\u0131\u2019n\u0131 kazananlara 10 ki\u015filik konsey demi\u015fti. Atina\u2019da ve Roma\u2019da cumhuriyeti kuran te\u015fkilat\u0131n ismi antik\u00e7a\u011f tarih kitaplar\u0131nda 10\u2019lar Konseyi olarak ifade edilmi\u015fti.   Hz. \u0130brahim\u2019e sorun \u00e7\u0131karan 10 ki\u015fi ve kavim Tevrat\u2019ta; Hz. Yusuf\u2019u kuyuya atarak \u201cBiz \u00e7ok g\u00fc\u00e7l\u00fc bir heyetiz\u201d diye b\u00f6b\u00fcrlenen 10 isim Kuran\u2019da; Musa\u2019n\u0131n kavminin Sina \u00c7\u00f6l\u00fc\u2019nde k\u0131rk y\u0131l dola\u015fmas\u0131na neden olan, vahye kar\u015f\u0131 gelen 10 kavmin liderinin durumu ise \u0130ncil\u2019de el\u00e7iler vas\u0131tas\u0131yla anlat\u0131lm\u0131\u015ft\u0131.   Fatih\u2019e 41 kez suikast d\u00fczenleyen Venedik merkezli te\u015fkilat\u0131n ismi 10\u2019lar Konseyi idi. Floransa\u2019da R\u00f6nesans d\u00f6nemini ba\u015flatan yap\u0131n\u0131n ismi Machiavelli taraf\u0131ndan gururla 10\u2019lar Konseyi olarak ilan edilmi\u015fti. Westminster Projesi ile \u0130ngiliz Krall\u0131\u011f\u0131\u2019n\u0131 ele ge\u00e7iren yap\u0131, tarihi belgelere 10\u2019lar Konseyi ad\u0131 ile yaz\u0131lm\u0131\u015ft\u0131. Osmanl\u0131\u2019ya Sevr\u2019i dayatan, Paris Bar\u0131\u015f Konferans\u0131\u2019n\u0131 y\u00f6neten grubun ismi 10\u2019lar Konseyi idi.   10\u2019lar Konseyi KaBaRa inanc\u0131, cinayet rit\u00fcelleri, kulland\u0131\u011f\u0131 sembol ve pe\u015finde oldu\u011fu Kan\u2019a ait s\u0131r ile birlikte tarihte ilk kez de\u015fifre ediliyor&#8230; <\/p>\n","protected":false},"excerpt":{"rendered":"<p>Kadim T\u00fcrk bilgeli\u011fine on bin y\u0131ld\u0131r d\u00fc\u015fman olan bir konsey! T\u00fcrkl\u00fc\u011f\u00fcn var oldu\u011fu ve m\u00fchr\u00fcn\u00fc vurdu\u011fu her yerde, T\u00fcrk\u2019\u00fcn kar\u015f\u0131s\u0131na \u00e7\u0131kan bir te\u015fkilat! Konseyin en belirgin<span class=\"excerpt-hellip\"> [\u2026]<\/span><\/p>\n","protected":false},"featured_media":0,"template":"","meta":{"_monsterinsights_skip_tracking":false,"_monsterinsights_sitenote_active":false,"_monsterinsights_sitenote_note":"","_monsterinsights_sitenote_category":0},"product_brand":[],"product_cat":[12370,12304],"product_tag":[],"class_list":{"0":"post-717564","1":"product","2":"type-product","3":"status-publish","5":"product_cat-arastirma-inceleme","6":"product_cat-tarih","7":"pa_cilt-ciltsiz","8":"pa_tur-kitap","9":"pa_yayinevi-destek-yayinlari","10":"pa_yazar-baran-aydin","12":"first","13":"instock","14":"sale","15":"shipping-taxable","16":"purchasable","17":"product-type-simple"},"_links":{"self":[{"href":"https:\/\/roveyayinevi.com.tr\/index.php\/wp-json\/wp\/v2\/product\/717564","targetHints":{"allow":["GET"]}}],"collection":[{"href":"https:\/\/roveyayinevi.com.tr\/index.php\/wp-json\/wp\/v2\/product"}],"about":[{"href":"https:\/\/roveyayinevi.com.tr\/index.php\/wp-json\/wp\/v2\/types\/product"}],"wp:attachment":[{"href":"https:\/\/roveyayinevi.com.tr\/index.php\/wp-json\/wp\/v2\/media?parent=717564"}],"wp:term":[{"taxonomy":"product_brand","embeddable":true,"href":"https:\/\/roveyayinevi.com.tr\/index.php\/wp-json\/wp\/v2\/product_brand?post=717564"},{"taxonomy":"product_cat","embeddable":true,"href":"https:\/\/roveyayinevi.com.tr\/index.php\/wp-json\/wp\/v2\/product_cat?post=717564"},{"taxonomy":"product_tag","embeddable":true,"href":"https:\/\/roveyayinevi.com.tr\/index.php\/wp-json\/wp\/v2\/product_tag?post=717564"}],"curies":[{"name":"wp","href":"https:\/\/api.w.org\/{rel}","templated":true}]}}