{"id":717562,"date":"2025-08-27T17:56:58","date_gmt":"2025-08-27T14:56:58","guid":{"rendered":"https:\/\/roveyayinevi.com.tr\/index.php\/urun\/duygular-tarihi-nedir\/"},"modified":"2026-04-16T02:25:48","modified_gmt":"2026-04-15T23:25:48","slug":"duygular-tarihi-nedir","status":"publish","type":"product","link":"https:\/\/roveyayinevi.com.tr\/index.php\/urun\/duygular-tarihi-nedir\/","title":{"rendered":"Duygular Tarihi Nedir?"},"content":{"rendered":"<p>\u201cDuygular Tarihi Nedir?\u201d son yirmi y\u0131ld\u0131r pop\u00fclerle\u015fen duygu ara\u015ft\u0131rmalar\u0131na \u00f6nemli bir giri\u015f kitab\u0131. \u00c7ok farkl\u0131 disiplinleri b\u00fcnyesinde toplayan bu alan, duygu meselesini anlamada tarihin vazge\u00e7ilmez katk\u0131s\u0131n\u0131 \u00f6ne \u00e7\u0131kar\u0131yor. Yazarlara g\u00f6re nerdeyse her alanda ikame edici bir a\u00e7\u0131klamaya d\u00f6n\u00fc\u015fm\u00fc\u015f olan duygu fenomenini biyolojiden sosyolojiye, siyasetten tarihe kadar geni\u015f bir perspektifte ele alan bu inceleme, duyguyu dar ve kolayc\u0131 tan\u0131mlara s\u0131k\u0131\u015ft\u0131rmaktan \u0131srarla ka\u00e7\u0131n\u0131yor. Duygunun \u00e7o\u011ful anlamlar\u0131n\u0131 ihmal etmeden duygular\u0131n \u201cgizli ya\u015fam\u0131n\u0131\u201d a\u00e7\u0131\u011fa \u00e7\u0131karmaya odaklan\u0131rken, bu alan\u0131n yeni repertuar\u0131n\u0131 olu\u015fturan \u201cduygu standartlar\u0131, duygu rejimleri, duygu topluluklar\u0131\u201d ve \u201cduygusal performans\u201d gibi kavramlar\u0131 ele\u015ftirel bir g\u00f6zle de\u011ferlendiriyor. Alan\u0131n yetkin isimlerinden olan Barbara H. Rosenwein, Riccardo Cristiani ile birlikte duygular fenomenini sadece tarih\u00e7ilere de\u011fil, b\u00fct\u00fcn disiplinlerden uzmanlara seslenerek tart\u0131\u015f\u0131yorlar. Duygular d\u00fcnyas\u0131n\u0131n zorlu patikalar\u0131 aras\u0131nda yolunu bulmak gibi \u00e7etin bir i\u015fe giri\u015fen bu k\u0131sa giri\u015f, duygular\u0131n tarihsel ser\u00fcvenine merak duyan herkes i\u00e7in bir ba\u015fvuru kitab\u0131 niteli\u011finde. Duygu \u00e7al\u0131\u015fmalar\u0131n\u0131n yeni yeni boy g\u00f6sterdi\u011fi \u00fclkemizde, kapsay\u0131c\u0131l\u0131\u011f\u0131yla \u00f6nemli bir a\u00e7\u0131\u011f\u0131 dolduran bu kitab\u0131 T\u00fcrkiyeli okurun da ilgiyle okuyaca\u011f\u0131na inan\u0131yoruz. <\/p>\n","protected":false},"excerpt":{"rendered":"<p>\u201cDuygular Tarihi Nedir?\u201d son yirmi y\u0131ld\u0131r pop\u00fclerle\u015fen duygu ara\u015ft\u0131rmalar\u0131na \u00f6nemli bir giri\u015f kitab\u0131. \u00c7ok farkl\u0131 disiplinleri b\u00fcnyesinde toplayan bu alan, duygu meselesini anlamada tarihin vazge\u00e7ilmez katk\u0131s\u0131n\u0131<span class=\"excerpt-hellip\"> [\u2026]<\/span><\/p>\n","protected":false},"featured_media":0,"template":"","meta":{"_monsterinsights_skip_tracking":false,"_monsterinsights_sitenote_active":false,"_monsterinsights_sitenote_note":"","_monsterinsights_sitenote_category":0},"product_brand":[],"product_cat":[12312,12304],"product_tag":[],"class_list":{"0":"post-717562","1":"product","2":"type-product","3":"status-publish","5":"product_cat-diger","6":"product_cat-tarih","7":"pa_cilt-ciltsiz","8":"pa_tur-kitap","9":"pa_yayinevi-islik-yayinlari","10":"pa_yazar-barbara-h-rosenwein-riccardo-cristiani","12":"first","13":"instock","14":"sale","15":"shipping-taxable","16":"purchasable","17":"product-type-simple"},"_links":{"self":[{"href":"https:\/\/roveyayinevi.com.tr\/index.php\/wp-json\/wp\/v2\/product\/717562","targetHints":{"allow":["GET"]}}],"collection":[{"href":"https:\/\/roveyayinevi.com.tr\/index.php\/wp-json\/wp\/v2\/product"}],"about":[{"href":"https:\/\/roveyayinevi.com.tr\/index.php\/wp-json\/wp\/v2\/types\/product"}],"wp:attachment":[{"href":"https:\/\/roveyayinevi.com.tr\/index.php\/wp-json\/wp\/v2\/media?parent=717562"}],"wp:term":[{"taxonomy":"product_brand","embeddable":true,"href":"https:\/\/roveyayinevi.com.tr\/index.php\/wp-json\/wp\/v2\/product_brand?post=717562"},{"taxonomy":"product_cat","embeddable":true,"href":"https:\/\/roveyayinevi.com.tr\/index.php\/wp-json\/wp\/v2\/product_cat?post=717562"},{"taxonomy":"product_tag","embeddable":true,"href":"https:\/\/roveyayinevi.com.tr\/index.php\/wp-json\/wp\/v2\/product_tag?post=717562"}],"curies":[{"name":"wp","href":"https:\/\/api.w.org\/{rel}","templated":true}]}}