{"id":717561,"date":"2025-08-27T17:56:57","date_gmt":"2025-08-27T14:56:57","guid":{"rendered":"https:\/\/roveyayinevi.com.tr\/index.php\/urun\/kederin-dogusu-suyun-ayak-sesleri\/"},"modified":"2026-04-16T02:25:48","modified_gmt":"2026-04-15T23:25:48","slug":"kederin-dogusu-suyun-ayak-sesleri","status":"publish","type":"product","link":"https:\/\/roveyayinevi.com.tr\/index.php\/urun\/kederin-dogusu-suyun-ayak-sesleri\/","title":{"rendered":"Kederin Do\u011fu\u015fu , Suyun Ayak Sesleri"},"content":{"rendered":"<p>Kederin Do\u011fusu &amp; Suyun Ayak Sesi\u2019nde g\u00f6ky\u00fcz\u00fcnden, yurdundan, bitkilerden, \u015fehirlerden, insanlardan, ku\u015flardan, \u00e7i\u00e7eklerden, ac\u0131lardan, kederden, sevin\u00e7ten, bilgelikten, a\u015fktan,  inan\u00e7tan, yoksunluktan, ya\u015famdan, \u00f6l\u00fcmden \u015fiir dev\u015firen bir \u015fairin sesi duyulur. \u0130ran\u2019dan ta\u015farak yak\u0131n kom\u015fulardan uzak k\u0131talara dek yay\u0131lan bir \u015fiirin sesidir bu. Ne sen g\u00f6r\u00fcyorsun ne de da\u011f. Bu ba\u011f\u0131n meyvesi: Keder, keder\u2026 D\u00f6k\u00fcls\u00fcn gam, susam\u0131\u015f bir testisin sen. D\u00fc\u015fs\u00fcn \u00e7i\u00e7ek, kokusun sen. Bu \u015fevk sarma\u015f\u0131\u011f\u0131, sula onu, gider susuzlu\u011funu. O korku \u00e7ocu\u011fu, masal anlat, uyut. \u015eu ak\u0131l lalesi, kopar sap\u0131ndan. Soldu, olsun. Island\u0131 Tanr\u0131\u2019n\u0131n g\u00f6z\u00fc, olsun Ve Tanr\u0131 senden yukar\u0131da de\u011fil. Hay\u0131r, daha yaln\u0131z, \u00e7ok daha yaln\u0131z E\u015f d\u00fczeyde g\u00f6r yukar\u0131lar\u0131, a\u015fa\u011f\u0131lar\u0131. G\u00f6r\u00fcneni de\u011fil, gizliyi g\u00f6r Bir kanat de\u011fil, bir u\u00e7u\u015f ayetidir. Kimse yok, bir ses demeti var Bir yank\u0131: Kanat \u00e7\u0131rp\u0131p gitti bir d\u00fc\u015f. Aheste bir ayak sesi: Bir s\u0131rd\u0131, \u00e7al\u0131p kap\u0131y\u0131 gitti. D\u00fc\u015f\u00fcnce: Bir samand\u0131, ah\u0131r\u0131m\u0131za koydular. Yaln\u0131zl\u0131k: Nasibimiz k\u0131ld\u0131lar. Bu akarsu, biz daha sadeyiz. \u015eu g\u00f6lge, biz daha d\u00fc\u015fk\u00fcn\u00fcz. Ne sen g\u00f6r\u00fcyorsun ne de ben. A\u00e7 \u0131slak g\u00f6zlerini. \u00d6l\u00fcm geldi, kap\u0131y\u0131 a\u00e7. <\/p>\n","protected":false},"excerpt":{"rendered":"<p>Kederin Do\u011fusu &amp; Suyun Ayak Sesi\u2019nde g\u00f6ky\u00fcz\u00fcnden, yurdundan, bitkilerden, \u015fehirlerden, insanlardan, ku\u015flardan, \u00e7i\u00e7eklerden, ac\u0131lardan, kederden, sevin\u00e7ten, bilgelikten, a\u015fktan, inan\u00e7tan, yoksunluktan, ya\u015famdan, \u00f6l\u00fcmden \u015fiir dev\u015firen bir \u015fairin<span class=\"excerpt-hellip\"> [\u2026]<\/span><\/p>\n","protected":false},"featured_media":0,"template":"","meta":{"_monsterinsights_skip_tracking":false,"_monsterinsights_sitenote_active":false,"_monsterinsights_sitenote_note":"","_monsterinsights_sitenote_category":0},"product_brand":[],"product_cat":[12291,12509],"product_tag":[],"class_list":{"0":"post-717561","1":"product","2":"type-product","3":"status-publish","5":"product_cat-edebiyat","6":"product_cat-siir","7":"pa_cilt-ciltsiz","8":"pa_tur-kitap","9":"pa_yayinevi-islik-yayinlari","10":"pa_yazar-sohrab-sepehri","12":"first","13":"instock","14":"sale","15":"shipping-taxable","16":"purchasable","17":"product-type-simple"},"_links":{"self":[{"href":"https:\/\/roveyayinevi.com.tr\/index.php\/wp-json\/wp\/v2\/product\/717561","targetHints":{"allow":["GET"]}}],"collection":[{"href":"https:\/\/roveyayinevi.com.tr\/index.php\/wp-json\/wp\/v2\/product"}],"about":[{"href":"https:\/\/roveyayinevi.com.tr\/index.php\/wp-json\/wp\/v2\/types\/product"}],"wp:attachment":[{"href":"https:\/\/roveyayinevi.com.tr\/index.php\/wp-json\/wp\/v2\/media?parent=717561"}],"wp:term":[{"taxonomy":"product_brand","embeddable":true,"href":"https:\/\/roveyayinevi.com.tr\/index.php\/wp-json\/wp\/v2\/product_brand?post=717561"},{"taxonomy":"product_cat","embeddable":true,"href":"https:\/\/roveyayinevi.com.tr\/index.php\/wp-json\/wp\/v2\/product_cat?post=717561"},{"taxonomy":"product_tag","embeddable":true,"href":"https:\/\/roveyayinevi.com.tr\/index.php\/wp-json\/wp\/v2\/product_tag?post=717561"}],"curies":[{"name":"wp","href":"https:\/\/api.w.org\/{rel}","templated":true}]}}