{"id":717559,"date":"2025-08-27T17:56:56","date_gmt":"2025-08-27T14:56:56","guid":{"rendered":"https:\/\/roveyayinevi.com.tr\/index.php\/urun\/kadinliga-dair\/"},"modified":"2026-04-16T02:25:48","modified_gmt":"2026-04-15T23:25:48","slug":"kadinliga-dair","status":"publish","type":"product","link":"https:\/\/roveyayinevi.com.tr\/index.php\/urun\/kadinliga-dair\/","title":{"rendered":"Kad\u0131nl\u0131\u011fa Dair"},"content":{"rendered":"<p>Bundan tam y\u00fcz y\u0131l \u00f6nce, Mart 1919\u2019da, i\u015fgal alt\u0131ndaki \u0130stanbul\u2019da haftal\u0131k bir dergi yay\u0131n hayat\u0131na ba\u015flar: B\u00fcy\u00fck Mecmua. Zekeriya ve Sabiha Sertel\u2019in kurucular\u0131 aras\u0131nda yer ald\u0131\u011f\u0131, d\u00f6nemin en etkili kalemlerini ve entelekt\u00fcellerini bir araya getiren bu \u201cedebi ve ilmi\u201d dergi, i\u015fgal g\u00fc\u00e7lerine ba\u011fl\u0131 sans\u00fcr kurulunun \u00f6fkesini \u00fczerine \u00e7eker. Zekeriya Sertel\u2019in tutuklanmas\u0131n\u0131n ard\u0131ndan, hen\u00fcz yirmi d\u00f6rt ya\u015f\u0131nda gen\u00e7 bir gazeteci olan Sabiha Sertel derginin ba\u015f\u0131na ge\u00e7er. Son say\u0131lar\u0131n\u0131n sermuharriri Halide Edip\u2019in de deste\u011fiyle yay\u0131n hayat\u0131na devam etmeye \u00e7al\u0131\u015fan B\u00fcy\u00fck Mecmua, yo\u011fun bask\u0131lar sonucu 17. say\u0131s\u0131n\u0131n ard\u0131ndan kapat\u0131l\u0131r. Sabiha Sertel, bu \u00f6nc\u00fc dergi kapat\u0131lana dek, \u00f6zellikle \u201cKad\u0131nl\u0131\u011fa Dair\u201d ad\u0131n\u0131 verdi\u011fi k\u00f6\u015fesinde d\u00fcnyada ya\u015fanan geli\u015fmeleri de takip ederek feminizm, kad\u0131n haklar\u0131, se\u00e7me ve se\u00e7ilme hakk\u0131, \u00e7al\u0131\u015fma hayat\u0131na kad\u0131n\u0131n kat\u0131l\u0131m\u0131, kad\u0131nlara y\u00fcksek e\u011fitim hakk\u0131 gibi konularda yorulmak bilmeden yazar. Birinci Dalga Feminizm\u2019in talep ve ama\u00e7lar\u0131yla \u00f6rt\u00fc\u015fen bu yaz\u0131lar, yay\u0131nlanmas\u0131n\u0131n \u00fczerinden ge\u00e7en y\u00fcz y\u0131la kar\u015f\u0131n g\u00fcn\u00fcm\u00fczde de tarihsel ve politik \u00f6nemini koruyor.\u201c\u0130stihsali u\u011frunda ferdi her menfaatten kurtularak s\u0131rf cemiyet i\u00e7in \u00e7al\u0131\u015fan, daima ayn\u0131 fikir, ayn\u0131 gaye etraf\u0131nda toplanan bir kad\u0131nl\u0131k ekseriyeti te\u015fekk\u00fcl etti\u011fi g\u00fcn, bizde feminizm cereyan\u0131 uyanacak ve hayattan ald\u0131\u011f\u0131 kuvvetlerle azim ve m\u00fccadele yolunda bir\u00e7ok taraftarlar bularak ve bir\u00e7ok muhaliflerle \u00e7arp\u0131\u015farak, y\u00fcr\u00fcyecektir.\u201d<\/p>\n","protected":false},"excerpt":{"rendered":"<p>Bundan tam y\u00fcz y\u0131l \u00f6nce, Mart 1919\u2019da, i\u015fgal alt\u0131ndaki \u0130stanbul\u2019da haftal\u0131k bir dergi yay\u0131n hayat\u0131na ba\u015flar: B\u00fcy\u00fck Mecmua. Zekeriya ve Sabiha Sertel\u2019in kurucular\u0131 aras\u0131nda yer ald\u0131\u011f\u0131,<span class=\"excerpt-hellip\"> [\u2026]<\/span><\/p>\n","protected":false},"featured_media":0,"template":"","meta":{"_monsterinsights_skip_tracking":false,"_monsterinsights_sitenote_active":false,"_monsterinsights_sitenote_note":"","_monsterinsights_sitenote_category":0},"product_brand":[],"product_cat":[13252,12324],"product_tag":[],"class_list":{"0":"post-717559","1":"product","2":"type-product","3":"status-publish","5":"product_cat-kadin-calismalari","6":"product_cat-sosyoloji","7":"pa_cilt-ciltsiz","8":"pa_tur-kitap","9":"pa_yayinevi-sel-yayincilik","10":"pa_yazar-sabiha-sertel","12":"first","13":"instock","14":"sale","15":"shipping-taxable","16":"purchasable","17":"product-type-simple"},"_links":{"self":[{"href":"https:\/\/roveyayinevi.com.tr\/index.php\/wp-json\/wp\/v2\/product\/717559","targetHints":{"allow":["GET"]}}],"collection":[{"href":"https:\/\/roveyayinevi.com.tr\/index.php\/wp-json\/wp\/v2\/product"}],"about":[{"href":"https:\/\/roveyayinevi.com.tr\/index.php\/wp-json\/wp\/v2\/types\/product"}],"wp:attachment":[{"href":"https:\/\/roveyayinevi.com.tr\/index.php\/wp-json\/wp\/v2\/media?parent=717559"}],"wp:term":[{"taxonomy":"product_brand","embeddable":true,"href":"https:\/\/roveyayinevi.com.tr\/index.php\/wp-json\/wp\/v2\/product_brand?post=717559"},{"taxonomy":"product_cat","embeddable":true,"href":"https:\/\/roveyayinevi.com.tr\/index.php\/wp-json\/wp\/v2\/product_cat?post=717559"},{"taxonomy":"product_tag","embeddable":true,"href":"https:\/\/roveyayinevi.com.tr\/index.php\/wp-json\/wp\/v2\/product_tag?post=717559"}],"curies":[{"name":"wp","href":"https:\/\/api.w.org\/{rel}","templated":true}]}}