{"id":717556,"date":"2025-08-27T17:56:54","date_gmt":"2025-08-27T14:56:54","guid":{"rendered":"https:\/\/roveyayinevi.com.tr\/index.php\/urun\/dusler-ulkesi-2\/"},"modified":"2026-04-16T02:25:48","modified_gmt":"2026-04-15T23:25:48","slug":"dusler-ulkesi-2","status":"publish","type":"product","link":"https:\/\/roveyayinevi.com.tr\/index.php\/urun\/dusler-ulkesi-2\/","title":{"rendered":"D\u00fc\u015fler \u00dclkesi"},"content":{"rendered":"<p>Ben kimim?Kendimi ne kadar tan\u0131yorum?Bedenimle uyum i\u00e7inde miyim?\u00c7i\u011fdem Fraser kitab\u0131nda t\u00fcm bu sorular\u0131n yan\u0131t\u0131n\u0131 tek bir yerde aramam\u0131z\u0131 s\u00f6yl\u00fcyor:Do\u011fruNefesAlmak! <\/p>\n","protected":false},"excerpt":{"rendered":"<p>Ben kimim?Kendimi ne kadar tan\u0131yorum?Bedenimle uyum i\u00e7inde miyim?\u00c7i\u011fdem Fraser kitab\u0131nda t\u00fcm bu sorular\u0131n yan\u0131t\u0131n\u0131 tek bir yerde aramam\u0131z\u0131 s\u00f6yl\u00fcyor:Do\u011fruNefesAlmak!<\/p>\n","protected":false},"featured_media":0,"template":"","meta":{"_monsterinsights_skip_tracking":false,"_monsterinsights_sitenote_active":false,"_monsterinsights_sitenote_note":"","_monsterinsights_sitenote_category":0},"product_brand":[],"product_cat":[13366,13365],"product_tag":[],"class_list":{"0":"post-717556","1":"product","2":"type-product","3":"status-publish","5":"product_cat-diger-saglik","6":"product_cat-saglik","7":"pa_cilt-ciltsiz","8":"pa_tur-kitap","9":"pa_yayinevi-yeni-insan-yayinlari","10":"pa_yazar-cigdem-fraser","12":"first","13":"instock","14":"sale","15":"shipping-taxable","16":"purchasable","17":"product-type-simple"},"_links":{"self":[{"href":"https:\/\/roveyayinevi.com.tr\/index.php\/wp-json\/wp\/v2\/product\/717556","targetHints":{"allow":["GET"]}}],"collection":[{"href":"https:\/\/roveyayinevi.com.tr\/index.php\/wp-json\/wp\/v2\/product"}],"about":[{"href":"https:\/\/roveyayinevi.com.tr\/index.php\/wp-json\/wp\/v2\/types\/product"}],"wp:attachment":[{"href":"https:\/\/roveyayinevi.com.tr\/index.php\/wp-json\/wp\/v2\/media?parent=717556"}],"wp:term":[{"taxonomy":"product_brand","embeddable":true,"href":"https:\/\/roveyayinevi.com.tr\/index.php\/wp-json\/wp\/v2\/product_brand?post=717556"},{"taxonomy":"product_cat","embeddable":true,"href":"https:\/\/roveyayinevi.com.tr\/index.php\/wp-json\/wp\/v2\/product_cat?post=717556"},{"taxonomy":"product_tag","embeddable":true,"href":"https:\/\/roveyayinevi.com.tr\/index.php\/wp-json\/wp\/v2\/product_tag?post=717556"}],"curies":[{"name":"wp","href":"https:\/\/api.w.org\/{rel}","templated":true}]}}