{"id":717552,"date":"2025-08-27T17:56:51","date_gmt":"2025-08-27T14:56:51","guid":{"rendered":"https:\/\/roveyayinevi.com.tr\/index.php\/urun\/auden-darein-sira-disi-renkleri\/"},"modified":"2026-04-16T02:25:48","modified_gmt":"2026-04-15T23:25:48","slug":"auden-darein-sira-disi-renkleri","status":"publish","type":"product","link":"https:\/\/roveyayinevi.com.tr\/index.php\/urun\/auden-darein-sira-disi-renkleri\/","title":{"rendered":"Auden Dare\u2019\u0131n S\u0131ra D\u0131\u015f\u0131 Renkleri"},"content":{"rendered":"<p>Auden Dare, hayata al\u0131\u015f\u0131lmad\u0131k bir perspektifle bak\u0131yor: O, renkleri g\u00f6remiyor. Do\u011fu\u015ftan sahip oldu\u011fu, nadir g\u00f6r\u00fclen bu durum, Auden i\u00e7in her \u015feyi daha da zorla\u015ft\u0131r\u0131yor. Art\u0131k hi\u00e7bir yerde pek ya\u011fmur ya\u011fm\u0131yor, su sava\u015flar\u0131 her zamankinden daha da yak\u0131n&#8230; Auden ta\u015f\u0131nmak zorunda kald\u0131\u011f\u0131 yeni kasabada tuhaf olaylar\u0131n ortas\u0131nda bulacak kendini: Babas\u0131na dair s\u0131rlar, beklenmedik dostluklar&#8230; Peki ya ya\u011fmurlar? Hayal etti\u011finden daha b\u00fcy\u00fck olan bu ke\u015fif yolculu\u011funda kurakl\u0131kla sava\u015fan d\u00fcnyan\u0131n gelece\u011fini de\u011fi\u015ftirebilecek mi?\u201c2016\u2019n\u0131n en iyi gen\u00e7lik kitab\u0131. Heyecan verici\u2026 Bethell b\u00fct\u00fcn kli\u015feleri alt\u00fcst ediyor. Takip edilmesi gereken bir yazar.\u201d Telegraph\u201cS\u0131ra d\u0131\u015f\u0131 bir roman. Anlat\u0131m muhte\u015fem. Patricia Forde\u2019nin Liste kitab\u0131n\u0131n hayranlar\u0131 \u00e7ok sevecekler.\u201d Children\u2019s Book Ireland\u201cBu kitap, s\u0131n\u0131f sistemi, g\u00fcc\u00fcn k\u00f6t\u00fcye kullan\u0131lmas\u0131, teknolojiye duyulan a\u015f\u0131r\u0131 g\u00fcven ve ki\u015fisel bilgilerin payla\u015f\u0131lmas\u0131 gibi bir\u00e7ok tart\u0131\u015fmaya dair d\u00fc\u015f\u00fcnd\u00fcr\u00fcyor. G\u00fczel bir hik\u00e2ye.\u201d -The Bookbag\u201cKitap, toplumun, s\u0131n\u0131f\u0131n ve \u00e7evrenin fikirlerini ke\u015ffeden lirik bir masal hissine sahip.\u201dBookseller\u201cNeil Gaiman\u2019\u0131n Yokyer tonlar\u0131 bu fantastik hik\u00e2yeyi renklendiriyor, lirik bir macera.\u201d Booktrust<\/p>\n","protected":false},"excerpt":{"rendered":"<p>Auden Dare, hayata al\u0131\u015f\u0131lmad\u0131k bir perspektifle bak\u0131yor: O, renkleri g\u00f6remiyor. Do\u011fu\u015ftan sahip oldu\u011fu, nadir g\u00f6r\u00fclen bu durum, Auden i\u00e7in her \u015feyi daha da zorla\u015ft\u0131r\u0131yor. Art\u0131k hi\u00e7bir<span class=\"excerpt-hellip\"> [\u2026]<\/span><\/p>\n","protected":false},"featured_media":0,"template":"","meta":{"_monsterinsights_skip_tracking":false,"_monsterinsights_sitenote_active":false,"_monsterinsights_sitenote_note":"","_monsterinsights_sitenote_category":0},"product_brand":[],"product_cat":[12274,12284],"product_tag":[],"class_list":{"0":"post-717552","1":"product","2":"type-product","3":"status-publish","5":"product_cat-cocuk-ve-genclik-kitaplari","6":"product_cat-hikayeler","7":"pa_cilt-ciltsiz","8":"pa_tur-kitap","9":"pa_yayinevi-genc-timas","10":"pa_yazar-zillah-bethell","12":"first","13":"instock","14":"sale","15":"shipping-taxable","16":"purchasable","17":"product-type-simple"},"_links":{"self":[{"href":"https:\/\/roveyayinevi.com.tr\/index.php\/wp-json\/wp\/v2\/product\/717552","targetHints":{"allow":["GET"]}}],"collection":[{"href":"https:\/\/roveyayinevi.com.tr\/index.php\/wp-json\/wp\/v2\/product"}],"about":[{"href":"https:\/\/roveyayinevi.com.tr\/index.php\/wp-json\/wp\/v2\/types\/product"}],"wp:attachment":[{"href":"https:\/\/roveyayinevi.com.tr\/index.php\/wp-json\/wp\/v2\/media?parent=717552"}],"wp:term":[{"taxonomy":"product_brand","embeddable":true,"href":"https:\/\/roveyayinevi.com.tr\/index.php\/wp-json\/wp\/v2\/product_brand?post=717552"},{"taxonomy":"product_cat","embeddable":true,"href":"https:\/\/roveyayinevi.com.tr\/index.php\/wp-json\/wp\/v2\/product_cat?post=717552"},{"taxonomy":"product_tag","embeddable":true,"href":"https:\/\/roveyayinevi.com.tr\/index.php\/wp-json\/wp\/v2\/product_tag?post=717552"}],"curies":[{"name":"wp","href":"https:\/\/api.w.org\/{rel}","templated":true}]}}