{"id":717528,"date":"2025-08-27T17:56:33","date_gmt":"2025-08-27T14:56:33","guid":{"rendered":"https:\/\/roveyayinevi.com.tr\/index.php\/urun\/dunyayi-degistirebilecek-50-kucuk-devrim-icin-kilavuz\/"},"modified":"2026-04-16T02:25:47","modified_gmt":"2026-04-15T23:25:47","slug":"dunyayi-degistirebilecek-50-kucuk-devrim-icin-kilavuz","status":"publish","type":"product","link":"https:\/\/roveyayinevi.com.tr\/index.php\/urun\/dunyayi-degistirebilecek-50-kucuk-devrim-icin-kilavuz\/","title":{"rendered":"D\u00fcnyay\u0131 De\u011fi\u015ftirebilecek 50 K\u00fc\u00e7\u00fck Devrim \u0130\u00e7in K\u0131lavuz"},"content":{"rendered":"<p>D\u00fcnyay\u0131 de\u011fi\u015ftirebilecek 50 (K\u00fc\u00e7\u00fck) devrim i\u00e7in k\u0131lavuzProjelendir, tan\u0131, tad\u0131na bak, geri d\u00f6n\u00fc\u015ft\u00fcr, tart\u0131\u015f, dinle, g\u00fcl , de\u011fi\u015ftir, tak\u0131m olu\u015ftur ve\u2026 Ba\u015fla!50 devrim i\u00e7in k\u0131lavuzDu\u0308nyay\u0131 daha iyi hale getirmek i\u00e7in giri\u015fece\u011fin 50 macera. Kendini s\u0131nayacak cesaretin var m\u0131?<\/p>\n","protected":false},"excerpt":{"rendered":"<p>D\u00fcnyay\u0131 de\u011fi\u015ftirebilecek 50 (K\u00fc\u00e7\u00fck) devrim i\u00e7in k\u0131lavuzProjelendir, tan\u0131, tad\u0131na bak, geri d\u00f6n\u00fc\u015ft\u00fcr, tart\u0131\u015f, dinle, g\u00fcl , de\u011fi\u015ftir, tak\u0131m olu\u015ftur ve\u2026 Ba\u015fla!50 devrim i\u00e7in k\u0131lavuzDu\u0308nyay\u0131 daha iyi<span class=\"excerpt-hellip\"> [\u2026]<\/span><\/p>\n","protected":false},"featured_media":0,"template":"","meta":{"_monsterinsights_skip_tracking":false,"_monsterinsights_sitenote_active":false,"_monsterinsights_sitenote_note":"","_monsterinsights_sitenote_category":0},"product_brand":[],"product_cat":[12275,12274],"product_tag":[],"class_list":{"0":"post-717528","1":"product","2":"type-product","3":"status-publish","5":"product_cat-6-12-yas-kitaplari","6":"product_cat-cocuk-ve-genclik-kitaplari","7":"pa_cilt-ciltsiz","8":"pa_tur-kitap","9":"pa_yayinevi-odtu-gelistirme-vakfi-yayincilik","10":"pa_yazar-federico-taddia","12":"first","13":"instock","14":"sale","15":"shipping-taxable","16":"purchasable","17":"product-type-simple"},"_links":{"self":[{"href":"https:\/\/roveyayinevi.com.tr\/index.php\/wp-json\/wp\/v2\/product\/717528","targetHints":{"allow":["GET"]}}],"collection":[{"href":"https:\/\/roveyayinevi.com.tr\/index.php\/wp-json\/wp\/v2\/product"}],"about":[{"href":"https:\/\/roveyayinevi.com.tr\/index.php\/wp-json\/wp\/v2\/types\/product"}],"wp:attachment":[{"href":"https:\/\/roveyayinevi.com.tr\/index.php\/wp-json\/wp\/v2\/media?parent=717528"}],"wp:term":[{"taxonomy":"product_brand","embeddable":true,"href":"https:\/\/roveyayinevi.com.tr\/index.php\/wp-json\/wp\/v2\/product_brand?post=717528"},{"taxonomy":"product_cat","embeddable":true,"href":"https:\/\/roveyayinevi.com.tr\/index.php\/wp-json\/wp\/v2\/product_cat?post=717528"},{"taxonomy":"product_tag","embeddable":true,"href":"https:\/\/roveyayinevi.com.tr\/index.php\/wp-json\/wp\/v2\/product_tag?post=717528"}],"curies":[{"name":"wp","href":"https:\/\/api.w.org\/{rel}","templated":true}]}}