{"id":717520,"date":"2025-08-27T17:56:27","date_gmt":"2025-08-27T14:56:27","guid":{"rendered":"https:\/\/roveyayinevi.com.tr\/index.php\/urun\/dogu-bati-arasinda-islam\/"},"modified":"2026-04-16T02:25:47","modified_gmt":"2026-04-15T23:25:47","slug":"dogu-bati-arasinda-islam","status":"publish","type":"product","link":"https:\/\/roveyayinevi.com.tr\/index.php\/urun\/dogu-bati-arasinda-islam\/","title":{"rendered":"Do\u011fu Bat\u0131 Aras\u0131nda \u0130slam"},"content":{"rendered":"<p>Son y\u00fczy\u0131l\u0131n en \u00f6nemli M\u00fcsl\u00fcman d\u00fc\u015f\u00fcn\u00fcr ve devlet adamlar\u0131ndan birisi olan Aliya \u0130zetbegovi\u00e7\u2019in ba\u015fyap\u0131t\u0131 say\u0131lan Do\u011fu Bat\u0131 Aras\u0131nda \u0130slam, b\u00fcy\u00fck bir bilgi birikimini derin bir tefekk\u00fcr ile harmanlayarak geni\u015f bir bak\u0131\u015f a\u00e7\u0131s\u0131 sunuyor. Felsefe, sanat ve sosyoloji gibi disiplinlerin k\u00fclt\u00fcrel \u00f6\u011felerle etkile\u015fimlerini temel alan bir d\u00fc\u015f\u00fcnce sistemati\u011fi in\u015fa eden \u0130zetbegovi\u00e7, \u0130slam\u2019\u0131n ku\u015fat\u0131c\u0131 ve d\u00f6n\u00fc\u015ft\u00fcr\u00fcc\u00fc \u00f6z\u00fcne do\u011fru bir yol izliyor. Do\u011fu\u2019da ve Bat\u0131\u2019da, \u0130slam\u2019\u0131n b\u00fct\u00fcn g\u00fczelliklerini t\u0131pk\u0131 g\u00fcne\u015fin hareketlerini takip eder gibi modern d\u00fcnyan\u0131n karanl\u0131k yanlar\u0131na ula\u015ft\u0131rmak isteyen bu eser ayn\u0131 zamanda \u00f6rnek bir ya\u015fam\u0131n da \u00fcr\u00fcn\u00fc. \u201c\u0130slam, ad\u0131n\u0131 kanunlar\u0131ndan, emir ve yasaklar\u0131ndan, talep etti\u011fi bedensel ve ruhsal \u00e7abadan de\u011fil, t\u00fcm bunlar\u0131 kapsayan ve ayn\u0131 zamanda a\u015fan, bir marifet an\u0131ndan, ruhun zaman ile yar\u0131\u015fma kuvvetinden, bir mevcudiyetin sunabilece\u011fi her \u015feye tahamm\u00fcl etme dirayetinden, tek kelime ile teslimiyet hakikatinden alm\u0131\u015ft\u0131r. Ey teslimiyet, senin ad\u0131n \u0130slam\u2019d\u0131r!\u201d <\/p>\n","protected":false},"excerpt":{"rendered":"<p>Son y\u00fczy\u0131l\u0131n en \u00f6nemli M\u00fcsl\u00fcman d\u00fc\u015f\u00fcn\u00fcr ve devlet adamlar\u0131ndan birisi olan Aliya \u0130zetbegovi\u00e7\u2019in ba\u015fyap\u0131t\u0131 say\u0131lan Do\u011fu Bat\u0131 Aras\u0131nda \u0130slam, b\u00fcy\u00fck bir bilgi birikimini derin bir tefekk\u00fcr<span class=\"excerpt-hellip\"> [\u2026]<\/span><\/p>\n","protected":false},"featured_media":0,"template":"","meta":{"_monsterinsights_skip_tracking":false,"_monsterinsights_sitenote_active":false,"_monsterinsights_sitenote_note":"","_monsterinsights_sitenote_category":0},"product_brand":[],"product_cat":[12718,12719],"product_tag":[],"class_list":{"0":"post-717520","1":"product","2":"type-product","3":"status-publish","5":"product_cat-din","6":"product_cat-islam","7":"pa_cilt-ciltsiz","8":"pa_tur-kitap","9":"pa_yayinevi-ketebe-yayinlari","10":"pa_yazar-aliya-izzetbegovic","12":"first","13":"instock","14":"sale","15":"shipping-taxable","16":"purchasable","17":"product-type-simple"},"_links":{"self":[{"href":"https:\/\/roveyayinevi.com.tr\/index.php\/wp-json\/wp\/v2\/product\/717520","targetHints":{"allow":["GET"]}}],"collection":[{"href":"https:\/\/roveyayinevi.com.tr\/index.php\/wp-json\/wp\/v2\/product"}],"about":[{"href":"https:\/\/roveyayinevi.com.tr\/index.php\/wp-json\/wp\/v2\/types\/product"}],"wp:attachment":[{"href":"https:\/\/roveyayinevi.com.tr\/index.php\/wp-json\/wp\/v2\/media?parent=717520"}],"wp:term":[{"taxonomy":"product_brand","embeddable":true,"href":"https:\/\/roveyayinevi.com.tr\/index.php\/wp-json\/wp\/v2\/product_brand?post=717520"},{"taxonomy":"product_cat","embeddable":true,"href":"https:\/\/roveyayinevi.com.tr\/index.php\/wp-json\/wp\/v2\/product_cat?post=717520"},{"taxonomy":"product_tag","embeddable":true,"href":"https:\/\/roveyayinevi.com.tr\/index.php\/wp-json\/wp\/v2\/product_tag?post=717520"}],"curies":[{"name":"wp","href":"https:\/\/api.w.org\/{rel}","templated":true}]}}