{"id":717511,"date":"2025-08-27T17:56:21","date_gmt":"2025-08-27T14:56:21","guid":{"rendered":"https:\/\/roveyayinevi.com.tr\/index.php\/urun\/yahudiler-yollarda\/"},"modified":"2026-04-16T02:25:47","modified_gmt":"2026-04-15T23:25:47","slug":"yahudiler-yollarda","status":"publish","type":"product","link":"https:\/\/roveyayinevi.com.tr\/index.php\/urun\/yahudiler-yollarda\/","title":{"rendered":"Yahudiler Yollarda"},"content":{"rendered":"<p>Avusturyal\u0131 yazar Joseph Roth (1894\u20131939), \u201cgazetecilik\u201d y\u0131llar\u0131nda kaleme al\u0131p ilk defa 1927\u2019de yay\u0131mlanan kitab\u0131, Yahudiler Yollarda\u2019n\u0131n \u00f6ns\u00f6z\u00fcnde \u015f\u00f6yle seslenir: \u201cBu kitab\u0131n beklentisi alk\u0131\u015flar ve \u00f6vg\u00fcler de\u011fil!\u201d Zira d\u00f6nemin Avrupa\u2019s\u0131n\u0131 derinden etkileyen bir \u201cg\u00f6\u00e7\u201d olgusu \u00fczerinedir yazd\u0131klar\u0131. Roth, bu s\u0131rad\u0131\u015f\u0131 kitab\u0131nda I. D\u00fcnya Sava\u015f\u0131\u2019ndan \u00f6nceki ve sonraki y\u0131llarda, ba\u015fta Avrupa \u00fclkeleri olmak \u00fczere, d\u00fcnyan\u0131n \u00e7e\u015fitli b\u00f6lgelerine \u201cg\u00f6\u00e7 etmek\u201d zorunda kalan ve gittikleri yerlerde kendi cemaatlerince bile kabul g\u00f6rmeyen  Do\u011fulu Yahudilerin ya\u015fad\u0131klar\u0131n\u0131 anlat\u0131yor\u2026 Sava\u015f sonras\u0131n\u0131n belirsizli\u011finde ve sonras\u0131 bir felakete d\u00f6n\u00fc\u015fecek Weimar d\u00f6neminin ortas\u0131nda Yahudilerin Viyana, Berlin, Paris, ABD ve Sovyet Rusya\u2019da ya\u015fad\u0131klar\u0131n\u0131 aktar\u0131rken sat\u0131r aralar\u0131nda \u00e7a\u011fda\u015f\u0131 bir\u00e7ok ayd\u0131n\u0131n fark edemedi\u011fi Nazi tehlikesiyle ilgili \u00f6ng\u00f6r\u00fclerini de dile getiriyor yazar. Son y\u0131llarda t\u00fcm d\u00fcnya \u201cg\u00f6\u00e7men\u201d meselesi etraf\u0131nda d\u00f6nerken, Roth\u2019un Yahudi g\u00f6\u00e7menler \u00fczerine s\u00f6yledikleri bug\u00fcne de \u0131\u015f\u0131k tutacak tespitler bar\u0131nd\u0131r\u0131yor. <\/p>\n","protected":false},"excerpt":{"rendered":"<p>Avusturyal\u0131 yazar Joseph Roth (1894\u20131939), \u201cgazetecilik\u201d y\u0131llar\u0131nda kaleme al\u0131p ilk defa 1927\u2019de yay\u0131mlanan kitab\u0131, Yahudiler Yollarda\u2019n\u0131n \u00f6ns\u00f6z\u00fcnde \u015f\u00f6yle seslenir: \u201cBu kitab\u0131n beklentisi alk\u0131\u015flar ve \u00f6vg\u00fcler de\u011fil!\u201d<span class=\"excerpt-hellip\"> [\u2026]<\/span><\/p>\n","protected":false},"featured_media":0,"template":"","meta":{"_monsterinsights_skip_tracking":false,"_monsterinsights_sitenote_active":false,"_monsterinsights_sitenote_note":"","_monsterinsights_sitenote_category":0},"product_brand":[],"product_cat":[18545,12291],"product_tag":[],"class_list":{"0":"post-717511","1":"product","2":"type-product","3":"status-publish","5":"product_cat-anlati","6":"product_cat-edebiyat","7":"pa_cilt-ciltsiz","8":"pa_tur-kitap","9":"pa_yayinevi-kirmizi-kedi-yayinevi","10":"pa_yazar-joseph-roth","12":"first","13":"instock","14":"sale","15":"shipping-taxable","16":"purchasable","17":"product-type-simple"},"_links":{"self":[{"href":"https:\/\/roveyayinevi.com.tr\/index.php\/wp-json\/wp\/v2\/product\/717511","targetHints":{"allow":["GET"]}}],"collection":[{"href":"https:\/\/roveyayinevi.com.tr\/index.php\/wp-json\/wp\/v2\/product"}],"about":[{"href":"https:\/\/roveyayinevi.com.tr\/index.php\/wp-json\/wp\/v2\/types\/product"}],"wp:attachment":[{"href":"https:\/\/roveyayinevi.com.tr\/index.php\/wp-json\/wp\/v2\/media?parent=717511"}],"wp:term":[{"taxonomy":"product_brand","embeddable":true,"href":"https:\/\/roveyayinevi.com.tr\/index.php\/wp-json\/wp\/v2\/product_brand?post=717511"},{"taxonomy":"product_cat","embeddable":true,"href":"https:\/\/roveyayinevi.com.tr\/index.php\/wp-json\/wp\/v2\/product_cat?post=717511"},{"taxonomy":"product_tag","embeddable":true,"href":"https:\/\/roveyayinevi.com.tr\/index.php\/wp-json\/wp\/v2\/product_tag?post=717511"}],"curies":[{"name":"wp","href":"https:\/\/api.w.org\/{rel}","templated":true}]}}