{"id":717497,"date":"2025-08-27T17:56:10","date_gmt":"2025-08-27T14:56:10","guid":{"rendered":"https:\/\/roveyayinevi.com.tr\/index.php\/urun\/gulyabani-gunumuz-turkcesiyle-2\/"},"modified":"2026-04-16T02:25:47","modified_gmt":"2026-04-15T23:25:47","slug":"gulyabani-gunumuz-turkcesiyle-2","status":"publish","type":"product","link":"https:\/\/roveyayinevi.com.tr\/index.php\/urun\/gulyabani-gunumuz-turkcesiyle-2\/","title":{"rendered":"Gulyabani (G\u00fcn\u00fcm\u00fcz T\u00fcrk\u00e7esiyle)"},"content":{"rendered":"<p>Muhsine ge\u00e7imini sa\u011flamak \u00fczere \u015fehrin epey d\u0131\u015f\u0131ndaki bir k\u00f6\u015fke hizmet\u00e7i olarak gider. Bu \u201cnetameli\u201d k\u00f6\u015fk\u00fcn sakinleri aras\u0131nda \u00e7al\u0131\u015fanlar\u0131 ve delirdi\u011fi s\u00f6ylenen zengin han\u0131m\u0131n\u0131n yan\u0131 s\u0131ra t\u00fcrl\u00fc \u00e7e\u015fit periler, yarat\u0131klar, bir de gulyabani vard\u0131r. Muhsine, sonunda \u00f6ld\u00fcr\u00fclmek, delirmek, iyi saatte olsunlara kar\u0131\u015fmak ihtimalleri olmas\u0131na ra\u011fmen merak\u0131n\u0131 susturamaz ve kapal\u0131 kap\u0131lar\u0131n ard\u0131na ge\u00e7er. H\u00fcseyin Rahmi cin, peri, cad\u0131 gibi do\u011fa\u00fcst\u00fc varl\u0131klar\u0131 konu edinerek masal\u0131n romana, roman\u0131n masala d\u00f6n\u00fc\u015ft\u00fc\u011f\u00fc bir teknikle halk\u0131n bat\u0131l inan\u00e7lar\u0131n\u0131 ele al\u0131r. Ve bizi b\u00fct\u00fcn bu tuhaf yarat\u0131klar\u0131n, garip mahl\u00fbkat\u0131n \u00f6tesinde yapt\u0131klar\u0131yla daha \u015fa\u015f\u0131las\u0131, daha acayip bir varl\u0131kla tan\u0131\u015ft\u0131r\u0131r: \u0130nsanla. Ba\u015ftan sona heyecanla okunan Gulyabani, o devir \u0130stanbul halk\u0131n\u0131 b\u00fct\u00fcn \u00f6zellikleriyle yans\u0131tt\u0131\u011f\u0131 gibi bilmeceleri, tekerlemeleri, mahalli kelimeleriyle de T\u00fcrk\u00e7enin en g\u00fczel \u00f6rneklerini bar\u0131nd\u0131r\u0131r.H\u00fcseyin Rahmi G\u00fcrp\u0131nar (1864-1944) D\u00f6nemini ve \u00e7evresini romanlar\u0131nda ya\u015fat\u0131p, gen\u00e7 ya\u015flar\u0131ndan itibaren geni\u015f halk kitlelerince sevilerek okunmu\u015f H\u00fcseyin Rahmi, edebiyat\u0131m\u0131z\u0131n benzeri az bulunur \u015fahsiyetlerindendir. Kitaplar\u0131nda \u0130stanbul ya\u015fam\u0131n\u0131n \u00f6zel inan\u0131\u015flar\u0131, toplumsal ve ekonomik e\u015fitsizlikler, kad\u0131n erkek ili\u015fkileri gibi konular halk\u0131n \u00f6zg\u00fcn konu\u015fma bi\u00e7imleri korunarak, \u00e7ok defa g\u00fcl\u00fcn\u00e7, bazen h\u00fcz\u00fcnl\u00fc olarak i\u015flenir. Roman\u0131m\u0131za \u201cmahalli renk\u201d ilk kez onunla girer. Yazarl\u0131k ya\u015fam\u0131na 1883\u2019te Terc\u00fcman-\u0131 Hakikat gazetesinde ba\u015flar. 1896\u2019da \u0130kdam gazetesinde roman ve \u00f6yk\u00fcleri tefrika edilirken \u00fcne kavu\u015fur. D\u00f6neminin en \u00e7ok okunan yazar\u0131 olur. T\u00fcm kazanc\u0131 yazarl\u0131ktan gelir. Bu sayede Heybeliada\u2019da \u015fimdi m\u00fcze olan k\u00f6\u015fk\u00fcn\u00fc al\u0131r. 1908 Me\u015frutiyet\u2019inden sonra Ahmet Rasim\u2019le Bo\u015fbo\u011faz ad\u0131nda bir mizah gazetesi \u00e7\u0131kar\u0131r. \u0130lk soru\u015fturmaya b\u00f6ylelikle u\u011frar. Gazetesi kapan\u0131r. \u0130kinci kez Ben Deli miyim? roman\u0131yla mahkemelik olacak ve yine beraat edecektir. \u00c7o\u011fu roman olmak \u00fczere \u00f6yk\u00fc, tiyatro, makale ve ele\u015ftiri t\u00fcr\u00fcnde altm\u0131\u015f\u0131n \u00fczerinde kitab\u0131 bulunmaktad\u0131r. Yazar\u0131n se\u00e7me eserlerine T\u00fcrk Edebiyat\u0131 Klasikleri Dizimizde yer vermeyi s\u00fcrd\u00fcrece\u011fiz.<\/p>\n","protected":false},"excerpt":{"rendered":"<p>Muhsine ge\u00e7imini sa\u011flamak \u00fczere \u015fehrin epey d\u0131\u015f\u0131ndaki bir k\u00f6\u015fke hizmet\u00e7i olarak gider. Bu \u201cnetameli\u201d k\u00f6\u015fk\u00fcn sakinleri aras\u0131nda \u00e7al\u0131\u015fanlar\u0131 ve delirdi\u011fi s\u00f6ylenen zengin han\u0131m\u0131n\u0131n yan\u0131 s\u0131ra t\u00fcrl\u00fc<span class=\"excerpt-hellip\"> [\u2026]<\/span><\/p>\n","protected":false},"featured_media":0,"template":"","meta":{"_monsterinsights_skip_tracking":false,"_monsterinsights_sitenote_active":false,"_monsterinsights_sitenote_note":"","_monsterinsights_sitenote_category":0},"product_brand":[],"product_cat":[12291,12711],"product_tag":[],"class_list":{"0":"post-717497","1":"product","2":"type-product","3":"status-publish","5":"product_cat-edebiyat","6":"product_cat-roman-oyku","7":"pa_cilt-ciltsiz","8":"pa_tur-kitap","9":"pa_yayinevi-is-bankasi-kultur-yayinlari","10":"pa_yazar-huseyin-rahmi-gurpinar","12":"first","13":"instock","14":"sale","15":"shipping-taxable","16":"purchasable","17":"product-type-simple"},"_links":{"self":[{"href":"https:\/\/roveyayinevi.com.tr\/index.php\/wp-json\/wp\/v2\/product\/717497","targetHints":{"allow":["GET"]}}],"collection":[{"href":"https:\/\/roveyayinevi.com.tr\/index.php\/wp-json\/wp\/v2\/product"}],"about":[{"href":"https:\/\/roveyayinevi.com.tr\/index.php\/wp-json\/wp\/v2\/types\/product"}],"wp:attachment":[{"href":"https:\/\/roveyayinevi.com.tr\/index.php\/wp-json\/wp\/v2\/media?parent=717497"}],"wp:term":[{"taxonomy":"product_brand","embeddable":true,"href":"https:\/\/roveyayinevi.com.tr\/index.php\/wp-json\/wp\/v2\/product_brand?post=717497"},{"taxonomy":"product_cat","embeddable":true,"href":"https:\/\/roveyayinevi.com.tr\/index.php\/wp-json\/wp\/v2\/product_cat?post=717497"},{"taxonomy":"product_tag","embeddable":true,"href":"https:\/\/roveyayinevi.com.tr\/index.php\/wp-json\/wp\/v2\/product_tag?post=717497"}],"curies":[{"name":"wp","href":"https:\/\/api.w.org\/{rel}","templated":true}]}}