{"id":717486,"date":"2025-08-27T17:56:03","date_gmt":"2025-08-27T14:56:03","guid":{"rendered":"https:\/\/roveyayinevi.com.tr\/index.php\/urun\/kucuk-civciv-annesini-ariyor\/"},"modified":"2026-04-16T02:25:47","modified_gmt":"2026-04-15T23:25:47","slug":"kucuk-civciv-annesini-ariyor","status":"publish","type":"product","link":"https:\/\/roveyayinevi.com.tr\/index.php\/urun\/kucuk-civciv-annesini-ariyor\/","title":{"rendered":"K\u00fc\u00e7\u00fck Civciv Annesini Ar\u0131yor"},"content":{"rendered":"<p>\u00c7ocu\u011funuzun g\u00fcnl\u00fck nesnelerin adlar\u0131n\u0131 ve onlar\u0131 nas\u0131l tan\u0131yaca\u011f\u0131n\u0131 \u00f6\u011frenmesine yard\u0131mc\u0131 olun.Yavru bayku\u015fun maceras\u0131n\u0131 anlatan hikayeli renkli ara-bul etkinlikleri, ke\u015ffetmeyi seven bebekler ve k\u00fc\u00e7\u00fck \u00e7ocuklar i\u00e7in geli\u015ftirirlmi\u015ftir. Bu hikaye kitab\u0131 alan\u0131nda uzman ki\u015filer taraf\u0131ndan haz\u0131rlanarak sizlere ula\u015ft\u0131r\u0131ld\u0131.Hikaye ve bulmacalar\u0131n kar\u0131\u015f\u0131m\u0131 \u00e7ocu\u011fumuzun merak ve hayal g\u00fcc\u00fcn\u00fcn ortaya \u00e7\u0131kmas\u0131nda yard\u0131mc\u0131 olacakt\u0131r. <\/p>\n","protected":false},"excerpt":{"rendered":"<p>\u00c7ocu\u011funuzun g\u00fcnl\u00fck nesnelerin adlar\u0131n\u0131 ve onlar\u0131 nas\u0131l tan\u0131yaca\u011f\u0131n\u0131 \u00f6\u011frenmesine yard\u0131mc\u0131 olun.Yavru bayku\u015fun maceras\u0131n\u0131 anlatan hikayeli renkli ara-bul etkinlikleri, ke\u015ffetmeyi seven bebekler ve k\u00fc\u00e7\u00fck \u00e7ocuklar i\u00e7in geli\u015ftirirlmi\u015ftir.<span class=\"excerpt-hellip\"> [\u2026]<\/span><\/p>\n","protected":false},"featured_media":0,"template":"","meta":{"_monsterinsights_skip_tracking":false,"_monsterinsights_sitenote_active":false,"_monsterinsights_sitenote_note":"","_monsterinsights_sitenote_category":0},"product_brand":[],"product_cat":[15192,12274],"product_tag":[],"class_list":{"0":"post-717486","1":"product","2":"type-product","3":"status-publish","5":"product_cat-1-3-yas-kitaplari","6":"product_cat-cocuk-ve-genclik-kitaplari","7":"pa_cilt-ciltli","8":"pa_tur-kitap","9":"pa_yayinevi-dikkat-atolyesi-yayinlari","10":"pa_yazar-kolektif","12":"first","13":"instock","14":"sale","15":"shipping-taxable","16":"purchasable","17":"product-type-simple"},"_links":{"self":[{"href":"https:\/\/roveyayinevi.com.tr\/index.php\/wp-json\/wp\/v2\/product\/717486","targetHints":{"allow":["GET"]}}],"collection":[{"href":"https:\/\/roveyayinevi.com.tr\/index.php\/wp-json\/wp\/v2\/product"}],"about":[{"href":"https:\/\/roveyayinevi.com.tr\/index.php\/wp-json\/wp\/v2\/types\/product"}],"wp:attachment":[{"href":"https:\/\/roveyayinevi.com.tr\/index.php\/wp-json\/wp\/v2\/media?parent=717486"}],"wp:term":[{"taxonomy":"product_brand","embeddable":true,"href":"https:\/\/roveyayinevi.com.tr\/index.php\/wp-json\/wp\/v2\/product_brand?post=717486"},{"taxonomy":"product_cat","embeddable":true,"href":"https:\/\/roveyayinevi.com.tr\/index.php\/wp-json\/wp\/v2\/product_cat?post=717486"},{"taxonomy":"product_tag","embeddable":true,"href":"https:\/\/roveyayinevi.com.tr\/index.php\/wp-json\/wp\/v2\/product_tag?post=717486"}],"curies":[{"name":"wp","href":"https:\/\/api.w.org\/{rel}","templated":true}]}}