{"id":717478,"date":"2025-08-27T17:55:57","date_gmt":"2025-08-27T14:55:57","guid":{"rendered":"https:\/\/roveyayinevi.com.tr\/index.php\/urun\/biraz-dusununce\/"},"modified":"2026-04-16T02:25:46","modified_gmt":"2026-04-15T23:25:46","slug":"biraz-dusununce","status":"publish","type":"product","link":"https:\/\/roveyayinevi.com.tr\/index.php\/urun\/biraz-dusununce\/","title":{"rendered":"Biraz D\u00fc\u015f\u00fcn\u00fcnce"},"content":{"rendered":"<p>&#8220;Karamanl\u0131y\u0131m ben&#8230; \u015eer dil uzatanlara Atalar\u0131m \u015fahlan\u0131r. Ben Karamanl\u0131y\u0131m. Soysuz, diyen utan\u0131r.   Gurbet elde kayboldum San\u0131lmaya bo\u015funa. Hi\u00e7 ummad\u0131\u011f\u0131n anda \u00c7\u0131kar\u0131m ben kar\u015f\u0131na.   Biz din, k\u00fclt\u00fcr demeden \u0130nsana de\u011fer verdik. Kimseyi hor g\u00f6rmeden G\u00f6n\u00fcl\u00fc K\u00e2be bildik.&#8221; <\/p>\n","protected":false},"excerpt":{"rendered":"<p>&#8220;Karamanl\u0131y\u0131m ben&#8230; \u015eer dil uzatanlara Atalar\u0131m \u015fahlan\u0131r. Ben Karamanl\u0131y\u0131m. Soysuz, diyen utan\u0131r. Gurbet elde kayboldum San\u0131lmaya bo\u015funa. Hi\u00e7 ummad\u0131\u011f\u0131n anda \u00c7\u0131kar\u0131m ben kar\u015f\u0131na. Biz din, k\u00fclt\u00fcr<span class=\"excerpt-hellip\"> [\u2026]<\/span><\/p>\n","protected":false},"featured_media":0,"template":"","meta":{"_monsterinsights_skip_tracking":false,"_monsterinsights_sitenote_active":false,"_monsterinsights_sitenote_note":"","_monsterinsights_sitenote_category":0},"product_brand":[],"product_cat":[12291,12509],"product_tag":[],"class_list":{"0":"post-717478","1":"product","2":"type-product","3":"status-publish","5":"product_cat-edebiyat","6":"product_cat-siir","7":"pa_cilt-ciltsiz","8":"pa_tur-kitap","9":"pa_yayinevi-luna-yayinlari","10":"pa_yazar-gulay-guncavdi","12":"first","13":"instock","14":"sale","15":"shipping-taxable","16":"purchasable","17":"product-type-simple"},"_links":{"self":[{"href":"https:\/\/roveyayinevi.com.tr\/index.php\/wp-json\/wp\/v2\/product\/717478","targetHints":{"allow":["GET"]}}],"collection":[{"href":"https:\/\/roveyayinevi.com.tr\/index.php\/wp-json\/wp\/v2\/product"}],"about":[{"href":"https:\/\/roveyayinevi.com.tr\/index.php\/wp-json\/wp\/v2\/types\/product"}],"wp:attachment":[{"href":"https:\/\/roveyayinevi.com.tr\/index.php\/wp-json\/wp\/v2\/media?parent=717478"}],"wp:term":[{"taxonomy":"product_brand","embeddable":true,"href":"https:\/\/roveyayinevi.com.tr\/index.php\/wp-json\/wp\/v2\/product_brand?post=717478"},{"taxonomy":"product_cat","embeddable":true,"href":"https:\/\/roveyayinevi.com.tr\/index.php\/wp-json\/wp\/v2\/product_cat?post=717478"},{"taxonomy":"product_tag","embeddable":true,"href":"https:\/\/roveyayinevi.com.tr\/index.php\/wp-json\/wp\/v2\/product_tag?post=717478"}],"curies":[{"name":"wp","href":"https:\/\/api.w.org\/{rel}","templated":true}]}}