{"id":717475,"date":"2025-08-27T17:55:55","date_gmt":"2025-08-27T14:55:55","guid":{"rendered":"https:\/\/roveyayinevi.com.tr\/index.php\/urun\/sinema-tarih-kuram-elestiri\/"},"modified":"2026-04-16T02:25:46","modified_gmt":"2026-04-15T23:25:46","slug":"sinema-tarih-kuram-elestiri","status":"publish","type":"product","link":"https:\/\/roveyayinevi.com.tr\/index.php\/urun\/sinema-tarih-kuram-elestiri\/","title":{"rendered":"Sinema: Tarih -Kuram -Ele\u015ftiri"},"content":{"rendered":"<p>Sinema: Tarih-Kuram-Ele\u015ftiri, yedinci sanat\u0131n do\u011fu\u015fundan g\u00fcn\u00fcm\u00fcze kadarki yolculu\u011funu \u00f6nemli kuramc\u0131lar\u0131n yaz\u0131lar\u0131 e\u015fli\u011finde masaya yat\u0131r\u0131yor.  Kitab\u0131n &#8220;Kuram ve Tarih&#8221; ba\u015fl\u0131\u011f\u0131n\u0131 ta\u015f\u0131yan ilk yar\u0131s\u0131, sinema tarihine, kuram ve ideoloji ba\u011flant\u0131s\u0131na, g\u00f6rsel bi\u00e7ime ve al\u0131mlama \u00e7al\u0131\u015fmalar\u0131na yer veriyor. Ele\u015ftirel yakla\u015f\u0131mlara ayr\u0131lan ikinci k\u0131s\u0131mdaysa psikanalitik ve feminist ele\u015ftiriler ile t\u00fcr ele\u015ftirisi yer al\u0131yor. Se\u00e7il B\u00fcker ve Y. G\u00fcrhan Top\u00e7u\u2019nun haz\u0131rlad\u0131\u011f\u0131 eser, sinemay\u0131 anlama yolunda de\u011ferli bir kaynak. G\u00fcney Birtek&#8217;in sunumuyla. <\/p>\n","protected":false},"excerpt":{"rendered":"<p>Sinema: Tarih-Kuram-Ele\u015ftiri, yedinci sanat\u0131n do\u011fu\u015fundan g\u00fcn\u00fcm\u00fcze kadarki yolculu\u011funu \u00f6nemli kuramc\u0131lar\u0131n yaz\u0131lar\u0131 e\u015fli\u011finde masaya yat\u0131r\u0131yor. Kitab\u0131n &#8220;Kuram ve Tarih&#8221; ba\u015fl\u0131\u011f\u0131n\u0131 ta\u015f\u0131yan ilk yar\u0131s\u0131, sinema tarihine, kuram ve<span class=\"excerpt-hellip\"> [\u2026]<\/span><\/p>\n","protected":false},"featured_media":0,"template":"","meta":{"_monsterinsights_skip_tracking":false,"_monsterinsights_sitenote_active":false,"_monsterinsights_sitenote_note":"","_monsterinsights_sitenote_category":0},"product_brand":[],"product_cat":[12409,12408],"product_tag":[],"class_list":{"0":"post-717475","1":"product","2":"type-product","3":"status-publish","5":"product_cat-fotograf-sinema-tiyatro","6":"product_cat-sanat","7":"pa_cilt-ciltsiz","8":"pa_tur-kitap","9":"pa_yayinevi-ithaki-yayinlari","10":"pa_yazar-kolektif","12":"first","13":"instock","14":"sale","15":"shipping-taxable","16":"purchasable","17":"product-type-simple"},"_links":{"self":[{"href":"https:\/\/roveyayinevi.com.tr\/index.php\/wp-json\/wp\/v2\/product\/717475","targetHints":{"allow":["GET"]}}],"collection":[{"href":"https:\/\/roveyayinevi.com.tr\/index.php\/wp-json\/wp\/v2\/product"}],"about":[{"href":"https:\/\/roveyayinevi.com.tr\/index.php\/wp-json\/wp\/v2\/types\/product"}],"wp:attachment":[{"href":"https:\/\/roveyayinevi.com.tr\/index.php\/wp-json\/wp\/v2\/media?parent=717475"}],"wp:term":[{"taxonomy":"product_brand","embeddable":true,"href":"https:\/\/roveyayinevi.com.tr\/index.php\/wp-json\/wp\/v2\/product_brand?post=717475"},{"taxonomy":"product_cat","embeddable":true,"href":"https:\/\/roveyayinevi.com.tr\/index.php\/wp-json\/wp\/v2\/product_cat?post=717475"},{"taxonomy":"product_tag","embeddable":true,"href":"https:\/\/roveyayinevi.com.tr\/index.php\/wp-json\/wp\/v2\/product_tag?post=717475"}],"curies":[{"name":"wp","href":"https:\/\/api.w.org\/{rel}","templated":true}]}}