{"id":717473,"date":"2025-08-27T17:55:54","date_gmt":"2025-08-27T14:55:54","guid":{"rendered":"https:\/\/roveyayinevi.com.tr\/index.php\/urun\/her-yonuyle-almanca-baglaclar\/"},"modified":"2026-04-13T02:31:56","modified_gmt":"2026-04-12T23:31:56","slug":"her-yonuyle-almanca-baglaclar","status":"publish","type":"product","link":"https:\/\/roveyayinevi.com.tr\/index.php\/urun\/her-yonuyle-almanca-baglaclar\/","title":{"rendered":"Her Y\u00f6n\u00fcyle Almanca Ba\u011fla\u00e7lar"},"content":{"rendered":"<p>Bag\u0306lac\u0327lar (Konjunktionen) Almancay\u0131 o\u0308g\u0306renirken en o\u0308nemli konular\u0131n bas\u0327\u0131nda gelir, c\u0327u\u0308nku\u0308 bunlar\u0131 o\u0308g\u0306renmeden ve kullanmas\u0131n\u0131 bilmeden cu\u0308mle kurmak, Almanca konus\u0327mak, yazmak ya da kendini ifade etmek mu\u0308mku\u0308n deg\u0306ildir. Dolay\u0131s\u0131yla bag\u0306lac\u0327lara dikkat edilmesi ve mutlaka gereken o\u0308nemin verilmesi laz\u0131m. Kus\u0327kusuz bag\u0306lac\u0327lar\u0131n kullan\u0131lma s\u0327ekilleri birbirinden farkl\u0131d\u0131r ve bu\u0308tu\u0308n bu o\u0308zelliklerin esasl\u0131 bir bic\u0327imde o\u0308g\u0306renilmesi gerekir. Bu kitapta hemen hemen bu\u0308tu\u0308n bag\u0306lac\u0327lar her yo\u0308nu\u0308yle ele al\u0131nmaktad\u0131r. Hatta bag\u0306lac\u0327lar\u0131n bag\u0306lac\u0327 d\u0131s\u0327\u0131 o\u0308zellikleri dahi konu edilmektedir. Bu\u0308tu\u0308n bag\u0306lac\u0327lar o\u0308rnekleriyle birlikte ve Tu\u0308rkc\u0327e kars\u0327\u0131l\u0131klar\u0131yla verilmektedir. Ayr\u0131ca hepsi anlam\u0131na, kullan\u0131m alan\u0131na ve s\u0327ekline go\u0308re grupland\u0131r\u0131larak verilmektedir. Bu\u0308tu\u0308n bu o\u0308zellikleriyle s\u0327imdiye kadar bu alanda yaz\u0131lan ilk ve tek kitap nitelig\u0306indedir. <\/p>\n","protected":false},"excerpt":{"rendered":"<p>Bag\u0306lac\u0327lar (Konjunktionen) Almancay\u0131 o\u0308g\u0306renirken en o\u0308nemli konular\u0131n bas\u0327\u0131nda gelir, c\u0327u\u0308nku\u0308 bunlar\u0131 o\u0308g\u0306renmeden ve kullanmas\u0131n\u0131 bilmeden cu\u0308mle kurmak, Almanca konus\u0327mak, yazmak ya da kendini ifade etmek mu\u0308mku\u0308n<span class=\"excerpt-hellip\"> [\u2026]<\/span><\/p>\n","protected":false},"featured_media":0,"template":"","meta":{"_monsterinsights_skip_tracking":false,"_monsterinsights_sitenote_active":false,"_monsterinsights_sitenote_note":"","_monsterinsights_sitenote_category":0},"product_brand":[],"product_cat":[26111,14597,12566],"product_tag":[],"class_list":{"0":"post-717473","1":"product","2":"type-product","3":"status-publish","5":"product_cat-almanca","6":"product_cat-dil-ogrenimi","7":"product_cat-egitim","8":"pa_cilt-ciltsiz","9":"pa_tur-kitap","10":"pa_yayinevi-nika-yayinevi","11":"pa_yazar-dursun-zengin","13":"first","14":"instock","15":"sale","16":"shipping-taxable","17":"purchasable","18":"product-type-simple"},"_links":{"self":[{"href":"https:\/\/roveyayinevi.com.tr\/index.php\/wp-json\/wp\/v2\/product\/717473","targetHints":{"allow":["GET"]}}],"collection":[{"href":"https:\/\/roveyayinevi.com.tr\/index.php\/wp-json\/wp\/v2\/product"}],"about":[{"href":"https:\/\/roveyayinevi.com.tr\/index.php\/wp-json\/wp\/v2\/types\/product"}],"wp:attachment":[{"href":"https:\/\/roveyayinevi.com.tr\/index.php\/wp-json\/wp\/v2\/media?parent=717473"}],"wp:term":[{"taxonomy":"product_brand","embeddable":true,"href":"https:\/\/roveyayinevi.com.tr\/index.php\/wp-json\/wp\/v2\/product_brand?post=717473"},{"taxonomy":"product_cat","embeddable":true,"href":"https:\/\/roveyayinevi.com.tr\/index.php\/wp-json\/wp\/v2\/product_cat?post=717473"},{"taxonomy":"product_tag","embeddable":true,"href":"https:\/\/roveyayinevi.com.tr\/index.php\/wp-json\/wp\/v2\/product_tag?post=717473"}],"curies":[{"name":"wp","href":"https:\/\/api.w.org\/{rel}","templated":true}]}}