{"id":717470,"date":"2025-08-27T17:55:51","date_gmt":"2025-08-27T14:55:51","guid":{"rendered":"https:\/\/roveyayinevi.com.tr\/index.php\/urun\/kalbin-kaderin-olsun\/"},"modified":"2026-04-16T02:25:46","modified_gmt":"2026-04-15T23:25:46","slug":"kalbin-kaderin-olsun","status":"publish","type":"product","link":"https:\/\/roveyayinevi.com.tr\/index.php\/urun\/kalbin-kaderin-olsun\/","title":{"rendered":"Kalbin Kaderin Olsun"},"content":{"rendered":"<p>\u00d6yle g\u00fczel bir ihtimal ki a\u015fk&#8230; Birine \u00e2\u015f\u0131k olmak do\u011fa\u00fcst\u00fc bir \u015fey. Milyarlarca ihtimalin bir araya gelmesi&#8230; O ihtimal ki iki insan\u0131n birbirini g\u00f6r\u00fcp kendine yuva yapmas\u0131. Daha \u00f6nceleri ba\u015fka birinin barda\u011f\u0131ndan su dahi i\u00e7emezken onun duda\u011f\u0131ndan nefes bulmas\u0131&#8230; \u0130nsan\u0131n en g\u00fczel duygusudur umut. G\u00fcnlerce onunla ya\u015fan\u0131lacak anlar d\u00fc\u015flemesi. O g\u00fcld\u00fc\u011f\u00fc i\u00e7in iyi hissetmenin keyfi&#8230; \u00c7ocuklu\u011funun en g\u00fczel ve en kanayan yerlerini payla\u015fmas\u0131. Ailesini a\u00e7mas\u0131. Onunla uyan\u0131lacak sabahlar\u0131 d\u00fc\u015flemenin heyecan\u0131, ona sahip olman\u0131n verdi\u011fi huzur&#8230; Arkada\u015flar\u0131na heyecanl\u0131 bir dilde onu anlatmak, bo\u011fuldu\u011fun anlarda ke\u015fke o olsa anlatan diye aramak. Kimseye benzememesi. K\u00fc\u00e7\u00fcc\u00fck huylar\u0131n\u0131n, di\u011ferlerinden farkl\u0131 birka\u00e7 kelimenin seni esir almas\u0131&#8230; Can yetiyor da insana, en g\u00fczeli birinin \u201ccan\u0131m\u201d deyip can\u0131na sar\u0131lmas\u0131. Sinemalarda heyecanlanmak, ertesi g\u00fcn tela\u015flar\u0131n\u0131 payla\u015fmak, ne giyece\u011fim derdine d\u00fc\u015fmek&#8230; Ona sar\u0131lmak, eve d\u00f6nd\u00fc\u011f\u00fcnde o kokmak. Sen, ben diyebiliyor insan her yan\u0131ndakine ama \u201cbiz\u201dli konu\u015fmak. \u00dc\u00e7 harfin sihri ne b\u00fcy\u00fck. \u00d6m\u00fcr boyu beraber uyuyup uyanmak. \u00d6yle g\u00fczel bir ihtimal ki a\u015fk; bir kad\u0131na daha anne diyebilmenin \u00f6\u011frenilmesi. Bir ev daha \u00f6mr\u00fcne girmesi\u2026  \u201cA\u015fk, milyarda birdir, k\u0131ymette bin.\u201d <\/p>\n","protected":false},"excerpt":{"rendered":"<p>\u00d6yle g\u00fczel bir ihtimal ki a\u015fk&#8230; Birine \u00e2\u015f\u0131k olmak do\u011fa\u00fcst\u00fc bir \u015fey. Milyarlarca ihtimalin bir araya gelmesi&#8230; O ihtimal ki iki insan\u0131n birbirini g\u00f6r\u00fcp kendine yuva<span class=\"excerpt-hellip\"> [\u2026]<\/span><\/p>\n","protected":false},"featured_media":0,"template":"","meta":{"_monsterinsights_skip_tracking":false,"_monsterinsights_sitenote_active":false,"_monsterinsights_sitenote_note":"","_monsterinsights_sitenote_category":0},"product_brand":[],"product_cat":[12291,12711],"product_tag":[],"class_list":{"0":"post-717470","1":"product","2":"type-product","3":"status-publish","5":"product_cat-edebiyat","6":"product_cat-roman-oyku","7":"pa_cilt-ciltsiz","8":"pa_tur-kitap","9":"pa_yayinevi-hayykitap","10":"pa_yazar-umut-guner","12":"first","13":"instock","14":"sale","15":"shipping-taxable","16":"purchasable","17":"product-type-simple"},"_links":{"self":[{"href":"https:\/\/roveyayinevi.com.tr\/index.php\/wp-json\/wp\/v2\/product\/717470","targetHints":{"allow":["GET"]}}],"collection":[{"href":"https:\/\/roveyayinevi.com.tr\/index.php\/wp-json\/wp\/v2\/product"}],"about":[{"href":"https:\/\/roveyayinevi.com.tr\/index.php\/wp-json\/wp\/v2\/types\/product"}],"wp:attachment":[{"href":"https:\/\/roveyayinevi.com.tr\/index.php\/wp-json\/wp\/v2\/media?parent=717470"}],"wp:term":[{"taxonomy":"product_brand","embeddable":true,"href":"https:\/\/roveyayinevi.com.tr\/index.php\/wp-json\/wp\/v2\/product_brand?post=717470"},{"taxonomy":"product_cat","embeddable":true,"href":"https:\/\/roveyayinevi.com.tr\/index.php\/wp-json\/wp\/v2\/product_cat?post=717470"},{"taxonomy":"product_tag","embeddable":true,"href":"https:\/\/roveyayinevi.com.tr\/index.php\/wp-json\/wp\/v2\/product_tag?post=717470"}],"curies":[{"name":"wp","href":"https:\/\/api.w.org\/{rel}","templated":true}]}}