{"id":717465,"date":"2025-08-27T17:55:48","date_gmt":"2025-08-27T14:55:48","guid":{"rendered":"https:\/\/roveyayinevi.com.tr\/index.php\/urun\/hotel-damerique\/"},"modified":"2026-04-16T02:25:46","modified_gmt":"2026-04-15T23:25:46","slug":"hotel-damerique","status":"publish","type":"product","link":"https:\/\/roveyayinevi.com.tr\/index.php\/urun\/hotel-damerique\/","title":{"rendered":"Hotel d\u2019Amerique"},"content":{"rendered":"<p>G\u00fcney, Dervi\u015f Zaim \u00dczerine Notlar, Budaha ve Thilda\u2019n\u0131n Evi kitaplar\u0131n\u0131n Yazar\u0131 Sancar Se\u00e7kiner\u2019den yeni bir kitap: \u201cTarihi, asil yan\u0131n\u0131 d\u00fc\u015f\u00fcnerek de\u011ferlendirmek muhte\u015fem. Ben Bruegel\u2019in resimlerinden ve engizisyonun ac\u0131mas\u0131z kararlar\u0131ndan bug\u00fcne dek hep vah\u015feti g\u00f6rd\u00fcm. Gecikmeli olarak ilk kez Madam Witek\u2019in yorumuna kulak verdim. B\u00f6ylelikle asaleti fark etme \u015fans\u0131m do\u011fdu. Belki de onu Cimeti\u00e8reDuP\u00e8reLachaise\u2019da son yolculu\u011funa koruyuculuklar\u0131na inand\u0131\u011f\u0131 \u015f\u00f6valyeler omuzlar\u0131nda ta\u015f\u0131yacak ve o hep, teslim olan, kabul eden de\u011fil direnen, inat eden, dikba\u015fl\u0131 Fransa\u2019n\u0131n m\u00fctevaz\u0131 bir bireyi olarak akl\u0131mda kalacak.\u201d <\/p>\n","protected":false},"excerpt":{"rendered":"<p>G\u00fcney, Dervi\u015f Zaim \u00dczerine Notlar, Budaha ve Thilda\u2019n\u0131n Evi kitaplar\u0131n\u0131n Yazar\u0131 Sancar Se\u00e7kiner\u2019den yeni bir kitap: \u201cTarihi, asil yan\u0131n\u0131 d\u00fc\u015f\u00fcnerek de\u011ferlendirmek muhte\u015fem. Ben Bruegel\u2019in resimlerinden ve<span class=\"excerpt-hellip\"> [\u2026]<\/span><\/p>\n","protected":false},"featured_media":0,"template":"","meta":{"_monsterinsights_skip_tracking":false,"_monsterinsights_sitenote_active":false,"_monsterinsights_sitenote_note":"","_monsterinsights_sitenote_category":0},"product_brand":[],"product_cat":[12291,12711],"product_tag":[],"class_list":{"0":"post-717465","1":"product","2":"type-product","3":"status-publish","5":"product_cat-edebiyat","6":"product_cat-roman-oyku","7":"pa_cilt-ciltsiz","8":"pa_tur-kitap","9":"pa_yayinevi-efil-yayinevi","10":"pa_yazar-sancar-seckiner","12":"first","13":"instock","14":"sale","15":"shipping-taxable","16":"purchasable","17":"product-type-simple"},"_links":{"self":[{"href":"https:\/\/roveyayinevi.com.tr\/index.php\/wp-json\/wp\/v2\/product\/717465","targetHints":{"allow":["GET"]}}],"collection":[{"href":"https:\/\/roveyayinevi.com.tr\/index.php\/wp-json\/wp\/v2\/product"}],"about":[{"href":"https:\/\/roveyayinevi.com.tr\/index.php\/wp-json\/wp\/v2\/types\/product"}],"wp:attachment":[{"href":"https:\/\/roveyayinevi.com.tr\/index.php\/wp-json\/wp\/v2\/media?parent=717465"}],"wp:term":[{"taxonomy":"product_brand","embeddable":true,"href":"https:\/\/roveyayinevi.com.tr\/index.php\/wp-json\/wp\/v2\/product_brand?post=717465"},{"taxonomy":"product_cat","embeddable":true,"href":"https:\/\/roveyayinevi.com.tr\/index.php\/wp-json\/wp\/v2\/product_cat?post=717465"},{"taxonomy":"product_tag","embeddable":true,"href":"https:\/\/roveyayinevi.com.tr\/index.php\/wp-json\/wp\/v2\/product_tag?post=717465"}],"curies":[{"name":"wp","href":"https:\/\/api.w.org\/{rel}","templated":true}]}}