{"id":717462,"date":"2025-08-27T17:55:45","date_gmt":"2025-08-27T14:55:45","guid":{"rendered":"https:\/\/roveyayinevi.com.tr\/index.php\/urun\/steve-jobs-gibi-dusunmek\/"},"modified":"2026-04-16T02:25:46","modified_gmt":"2026-04-15T23:25:46","slug":"steve-jobs-gibi-dusunmek","status":"publish","type":"product","link":"https:\/\/roveyayinevi.com.tr\/index.php\/urun\/steve-jobs-gibi-dusunmek\/","title":{"rendered":"Steve Jobs Gibi D\u00fc\u015f\u00fcnmek"},"content":{"rendered":"<p>Steve Jobs&#8230; O bir teknoloji devi ve d\u00fcnyan\u0131n en \u00e7a\u011fda\u015f inovasyoncular\u0131ndan biriydi. Bu ba\u015far\u0131s\u0131n\u0131n alt\u0131nda yatan s\u0131r ise herkesten farkl\u0131 d\u00fc\u015f\u00fcnebilme becerisiydi. Ayr\u0131ca, insanlar\u0131n ne istedi\u011fini onlardan \u00f6nce bilmek gibi m\u00fcthi\u015f bir yetene\u011fe sahipti. Dahas\u0131, bir fikri satmak da ondan sorulurdu. \u0130\u015fleyi\u015fe oldu\u011fu kadar tasar\u0131ma da son derece \u00f6nem veren Jobs, d\u00fcnyan\u0131n teknolojiye olan bak\u0131\u015f a\u00e7\u0131s\u0131n\u0131 k\u00f6kten de\u011fi\u015ftirdi. Peki, b\u00f6yle bir ba\u015far\u0131ya nas\u0131l ula\u015fabilmi\u015fti? Y\u00f6ntemleri nelerdi?Bu ba\u015f\u0131na buyruk i\u015fadam\u0131n\u0131n g\u00f6r\u00fc\u015flerini ve itinayla bilenmi\u015f becerilerini bir araya getiren Daniel Smith, okurlar\u0131n\u0131 Steve Jobs\u2019dan ilham almaya ve d\u00fcnyaya bir d\u00e2hinin g\u00f6zlerinden bakmaya davet ediyor. Jobs, d\u00fcnyay\u0131 de\u011fi\u015ftirmekten korkmayarak \u201cinsanl\u0131\u011f\u0131 ileri g\u00f6t\u00fcren\u201d ki\u015filerin her zaman i\u00e7in uyumsuzlar ve isyank\u00e2rlar oldu\u011funu dile getirmi\u015ftir. Bu kitap sayesinde siz de Steve Jobs gibi \u00f6zg\u00fcrce d\u00fc\u015f\u00fcnmeyi al\u0131\u015fkanl\u0131k haline getirerek c\u00fcretk\u00e2r fikirler \u00fcretmeye ba\u015flayabilir ve bu fikirleri g\u00fcnl\u00fck ya\u015fam\u0131n\u0131zda etkin bir bi\u00e7imde uygulayabilirsiniz.<\/p>\n","protected":false},"excerpt":{"rendered":"<p>Steve Jobs&#8230; O bir teknoloji devi ve d\u00fcnyan\u0131n en \u00e7a\u011fda\u015f inovasyoncular\u0131ndan biriydi. Bu ba\u015far\u0131s\u0131n\u0131n alt\u0131nda yatan s\u0131r ise herkesten farkl\u0131 d\u00fc\u015f\u00fcnebilme becerisiydi. Ayr\u0131ca, insanlar\u0131n ne istedi\u011fini<span class=\"excerpt-hellip\"> [\u2026]<\/span><\/p>\n","protected":false},"featured_media":0,"template":"","meta":{"_monsterinsights_skip_tracking":false,"_monsterinsights_sitenote_active":false,"_monsterinsights_sitenote_note":"","_monsterinsights_sitenote_category":0},"product_brand":[],"product_cat":[12364,12376],"product_tag":[],"class_list":{"0":"post-717462","1":"product","2":"type-product","3":"status-publish","5":"product_cat-genel-konular","6":"product_cat-kisisel-gelisim","7":"pa_cilt-ciltsiz","8":"pa_tur-kitap","9":"pa_yayinevi-indigo-kitap","10":"pa_yazar-daniel-simth","12":"first","13":"instock","14":"sale","15":"shipping-taxable","16":"purchasable","17":"product-type-simple"},"_links":{"self":[{"href":"https:\/\/roveyayinevi.com.tr\/index.php\/wp-json\/wp\/v2\/product\/717462","targetHints":{"allow":["GET"]}}],"collection":[{"href":"https:\/\/roveyayinevi.com.tr\/index.php\/wp-json\/wp\/v2\/product"}],"about":[{"href":"https:\/\/roveyayinevi.com.tr\/index.php\/wp-json\/wp\/v2\/types\/product"}],"wp:attachment":[{"href":"https:\/\/roveyayinevi.com.tr\/index.php\/wp-json\/wp\/v2\/media?parent=717462"}],"wp:term":[{"taxonomy":"product_brand","embeddable":true,"href":"https:\/\/roveyayinevi.com.tr\/index.php\/wp-json\/wp\/v2\/product_brand?post=717462"},{"taxonomy":"product_cat","embeddable":true,"href":"https:\/\/roveyayinevi.com.tr\/index.php\/wp-json\/wp\/v2\/product_cat?post=717462"},{"taxonomy":"product_tag","embeddable":true,"href":"https:\/\/roveyayinevi.com.tr\/index.php\/wp-json\/wp\/v2\/product_tag?post=717462"}],"curies":[{"name":"wp","href":"https:\/\/api.w.org\/{rel}","templated":true}]}}