{"id":717461,"date":"2025-08-27T17:55:45","date_gmt":"2025-08-27T14:55:45","guid":{"rendered":"https:\/\/roveyayinevi.com.tr\/index.php\/urun\/teror\/"},"modified":"2026-04-16T02:25:46","modified_gmt":"2026-04-15T23:25:46","slug":"teror","status":"publish","type":"product","link":"https:\/\/roveyayinevi.com.tr\/index.php\/urun\/teror\/","title":{"rendered":"Ter\u00f6r"},"content":{"rendered":"<p>Kitab\u0131n ilk yay\u0131nlan\u0131\u015f\u0131ndan bu yana seneler ge\u00e7mesine ra\u011fmen, nefret ve korku halimizde herhangi bir de\u011fi\u015fiklik yok. H\u00e2l\u00e2 nefret ediyor, korku duyuyor, \u00f6l\u00fcyor, \u00f6ld\u00fcr\u00fcyoruz. D\u00fcnya ate\u015fler i\u00e7inde yan\u0131yor. \u0130nsanl\u0131ktan m\u0131 \u00e7\u0131kt\u0131k, yoksa insanl\u0131k hali dedi\u011fimiz tam da bu mu? Ter\u00f6r ve korku hayat\u0131m\u0131z\u0131n vazge\u00e7ilmez tamamlay\u0131c\u0131lar\u0131 aras\u0131nda \u00e7oktan yerini alm\u0131\u015f durumda. Kullan\u0131lan ara\u00e7lar\u0131n niteli\u011finde k\u0131smi de\u011fi\u015fiklikler olsa da hen\u00fcz ger\u00e7ek potansiyelini gizleyen b\u00fcy\u00fck bir tehlikenin ortas\u0131nday\u0131z. \u00c7evremizde u\u00e7u\u015fan minik \u015fey bir sinek mi, yoksa istihbarat toplayan bir drone mu? Y\u00fcz tan\u0131ma sistemiyle hedefinin aln\u0131na kilitlenmi\u015f, i\u00e7inde y\u00fcksek d\u00fczeyli patlay\u0131c\u0131 ta\u015f\u0131yan bir suikast silah\u0131 olabilir mi? Teknolojinin h\u0131zla geli\u015fmesi \u00e7evremizi daha m\u0131 korunakl\u0131 k\u0131ld\u0131? G\u00fcvenlik duvarlar\u0131 y\u00fckselirken; ter\u00f6r, o duvarlar\u0131 t\u0131rmanacak ara\u00e7lar\u0131 yaratt\u0131. Ter\u00f6r sald\u0131r\u0131lar\u0131 ge\u00e7mi\u015fte de o g\u00fcn\u00fcn teknolojisinden faydaland\u0131. Bu halde; ter\u00f6rle m\u00fccadelenin vizyonu nas\u0131l olmal\u0131? Elinizde tuttu\u011funuz bu kitap 11 Eyl\u00fcl sald\u0131r\u0131lar\u0131n\u0131n hemen ard\u0131ndan yaz\u0131ld\u0131. Kitap, ter\u00f6rizmin farkl\u0131 boyutlar\u0131yla incelendi\u011fi denemelerden olu\u015fuyor. Uluslararas\u0131 \u0130li\u015fkiler Uzman\u0131 Deniz \u00dclke Ar\u0131bo\u011fan, ter\u00f6r\u00fc bir m\u00fccadele stratejisi olarak reddediyor ve onunla m\u00fccadele edebilmek i\u00e7in \u00e7ok y\u00f6nl\u00fc bir analizin \u00f6nemli oldu\u011funu d\u00fc\u015f\u00fcn\u00fcyor.<\/p>\n","protected":false},"excerpt":{"rendered":"<p>Kitab\u0131n ilk yay\u0131nlan\u0131\u015f\u0131ndan bu yana seneler ge\u00e7mesine ra\u011fmen, nefret ve korku halimizde herhangi bir de\u011fi\u015fiklik yok. H\u00e2l\u00e2 nefret ediyor, korku duyuyor, \u00f6l\u00fcyor, \u00f6ld\u00fcr\u00fcyoruz. D\u00fcnya ate\u015fler i\u00e7inde<span class=\"excerpt-hellip\"> [\u2026]<\/span><\/p>\n","protected":false},"featured_media":0,"template":"","meta":{"_monsterinsights_skip_tracking":false,"_monsterinsights_sitenote_active":false,"_monsterinsights_sitenote_note":"","_monsterinsights_sitenote_category":0},"product_brand":[],"product_cat":[13059,12337],"product_tag":[],"class_list":{"0":"post-717461","1":"product","2":"type-product","3":"status-publish","5":"product_cat-diger-politika-siyaset","6":"product_cat-politika-siyaset","7":"pa_cilt-ciltsiz","8":"pa_tur-kitap","9":"pa_yayinevi-inkilap-kitabevi","10":"pa_yazar-deniz-ulke-aribogan","12":"first","13":"instock","14":"sale","15":"shipping-taxable","16":"purchasable","17":"product-type-simple"},"_links":{"self":[{"href":"https:\/\/roveyayinevi.com.tr\/index.php\/wp-json\/wp\/v2\/product\/717461","targetHints":{"allow":["GET"]}}],"collection":[{"href":"https:\/\/roveyayinevi.com.tr\/index.php\/wp-json\/wp\/v2\/product"}],"about":[{"href":"https:\/\/roveyayinevi.com.tr\/index.php\/wp-json\/wp\/v2\/types\/product"}],"wp:attachment":[{"href":"https:\/\/roveyayinevi.com.tr\/index.php\/wp-json\/wp\/v2\/media?parent=717461"}],"wp:term":[{"taxonomy":"product_brand","embeddable":true,"href":"https:\/\/roveyayinevi.com.tr\/index.php\/wp-json\/wp\/v2\/product_brand?post=717461"},{"taxonomy":"product_cat","embeddable":true,"href":"https:\/\/roveyayinevi.com.tr\/index.php\/wp-json\/wp\/v2\/product_cat?post=717461"},{"taxonomy":"product_tag","embeddable":true,"href":"https:\/\/roveyayinevi.com.tr\/index.php\/wp-json\/wp\/v2\/product_tag?post=717461"}],"curies":[{"name":"wp","href":"https:\/\/api.w.org\/{rel}","templated":true}]}}