{"id":717443,"date":"2025-08-27T17:55:31","date_gmt":"2025-08-27T14:55:31","guid":{"rendered":"https:\/\/roveyayinevi.com.tr\/index.php\/urun\/siirler-2-1985-1995\/"},"modified":"2026-04-16T02:25:46","modified_gmt":"2026-04-15T23:25:46","slug":"siirler-2-1985-1995","status":"publish","type":"product","link":"https:\/\/roveyayinevi.com.tr\/index.php\/urun\/siirler-2-1985-1995\/","title":{"rendered":"\u015eiirler \u2013 2  (1985 \u2013 1995)"},"content":{"rendered":"<p>o ayaklar\u0131na bir de\u011fip bir de\u011fmeyen sularla oynuyor o suyun da\u011f\u0131lan berrakl\u0131\u011f\u0131ndaki g\u00fcl\u00fc\u015f\u00fcne bak\u0131yor k\u0131\u015f yaralar\u0131n \u00fcst\u00fcne buzdan saraylar dikiyor ve yara buzun i\u00e7inde sonsuza dek kan\u0131yor, <\/p>\n","protected":false},"excerpt":{"rendered":"<p>o ayaklar\u0131na bir de\u011fip bir de\u011fmeyen sularla oynuyor o suyun da\u011f\u0131lan berrakl\u0131\u011f\u0131ndaki g\u00fcl\u00fc\u015f\u00fcne bak\u0131yor k\u0131\u015f yaralar\u0131n \u00fcst\u00fcne buzdan saraylar dikiyor ve yara buzun i\u00e7inde sonsuza dek<span class=\"excerpt-hellip\"> [\u2026]<\/span><\/p>\n","protected":false},"featured_media":0,"template":"","meta":{"_monsterinsights_skip_tracking":false,"_monsterinsights_sitenote_active":false,"_monsterinsights_sitenote_note":"","_monsterinsights_sitenote_category":0},"product_brand":[],"product_cat":[12291,12509],"product_tag":[],"class_list":{"0":"post-717443","1":"product","2":"type-product","3":"status-publish","5":"product_cat-edebiyat","6":"product_cat-siir","7":"pa_cilt-ciltsiz","8":"pa_tur-kitap","9":"pa_yayinevi-kirmizi-kedi-yayinevi","10":"pa_yazar-tugrul-tanyol","12":"first","13":"instock","14":"sale","15":"shipping-taxable","16":"purchasable","17":"product-type-simple"},"_links":{"self":[{"href":"https:\/\/roveyayinevi.com.tr\/index.php\/wp-json\/wp\/v2\/product\/717443","targetHints":{"allow":["GET"]}}],"collection":[{"href":"https:\/\/roveyayinevi.com.tr\/index.php\/wp-json\/wp\/v2\/product"}],"about":[{"href":"https:\/\/roveyayinevi.com.tr\/index.php\/wp-json\/wp\/v2\/types\/product"}],"wp:attachment":[{"href":"https:\/\/roveyayinevi.com.tr\/index.php\/wp-json\/wp\/v2\/media?parent=717443"}],"wp:term":[{"taxonomy":"product_brand","embeddable":true,"href":"https:\/\/roveyayinevi.com.tr\/index.php\/wp-json\/wp\/v2\/product_brand?post=717443"},{"taxonomy":"product_cat","embeddable":true,"href":"https:\/\/roveyayinevi.com.tr\/index.php\/wp-json\/wp\/v2\/product_cat?post=717443"},{"taxonomy":"product_tag","embeddable":true,"href":"https:\/\/roveyayinevi.com.tr\/index.php\/wp-json\/wp\/v2\/product_tag?post=717443"}],"curies":[{"name":"wp","href":"https:\/\/api.w.org\/{rel}","templated":true}]}}