{"id":717442,"date":"2025-08-27T17:55:30","date_gmt":"2025-08-27T14:55:30","guid":{"rendered":"https:\/\/roveyayinevi.com.tr\/index.php\/urun\/vatani-satanlar\/"},"modified":"2026-04-16T02:25:46","modified_gmt":"2026-04-15T23:25:46","slug":"vatani-satanlar","status":"publish","type":"product","link":"https:\/\/roveyayinevi.com.tr\/index.php\/urun\/vatani-satanlar\/","title":{"rendered":"Vatan\u0131 Satanlar"},"content":{"rendered":"<p>Ulu \u00d6nder Atat\u00fcrk uyar\u0131yor : \u00ab Tarihimizi inceleyiniz. T\u00fcrk\u2019\u00fcn \u00e7ekti\u011fi b\u00fct\u00fcn felaketler, kar\u015f\u0131la\u015ft\u0131\u011f\u0131 tehlikeler ve k\u00f6t\u00fcl\u00fckler hep kendi \u00f6z benli\u011fini, milli varl\u0131\u011f\u0131n\u0131 ihmal ederek, nereden geldiklerini ve ne olduklar\u0131n\u0131, hangi nesle ait bulunduklar\u0131 belirsiz birtakim kimseleri kendilerine y\u00f6netici tan\u0131yarak onlar\u0131n bilin\u00e7siz bir arac\u0131 olmak durumuna d\u00fc\u015fm\u00fc\u015f olmas\u0131d\u0131r. \u00bb Sultan 2. Abd\u00fclhamit, vatan konusunda \u015funlar\u0131 s\u00f6ylemekteydi ; \u00ab Vatan, insanlar\u0131n ayaklar\u0131n\u0131n bast\u0131\u011f\u0131 yerdir. Onun u\u011frunda \u00f6lmeyi anlam\u0131yorum. Bu kadar insan\u0131n vatan i\u00e7in birbirini bo\u011fazlamas\u0131 iyi \u015fey de\u011fil. \u00bb 1995\u2019de Recep Tayyip Erdo\u011fan \u015fu \u00e7ok \u00f6nemli bir a\u00e7\u0131klamada, daha do\u011frusu bir itirafta bulunuyordu :  \u00ab Biz gerekiyorsa, \u015fu m\u00fccadeleyi verirken, e\u011fer benim Emir-Komuta Merkezim bana \u00ab papaz elbisesi giyeceksin\u2019 diyorsa, papaz elbisesini giyer bu \u015fekilde gider g\u00f6revimin yapar\u0131m. Niye ?  \u00c7\u00fcnk\u00fc bizim m\u00fccadelemiz s\u0131radan bir m\u00fccadele de\u011fil, onun i\u00e7in\u2026 \u00bb T\u00fcrkiye\u2019nin en b\u00fcy\u00fck iki i\u015fvereninden biri olan Sak\u0131p Sabanc\u0131 \u00f6zelle\u015ftirmeye, yani vat\u0131n\u0131n sat\u0131lmas\u0131na kar\u015f\u0131 \u00e7\u0131kanlar\u0131, masay\u0131 yumrullayarak \u015f\u00f6yle tehdit ediyordu : \u00ab Devlet Fabrikalar\u0131 canavard\u0131r, \u00f6zelle\u015ftirmeye kar\u015f\u0131 \u00e7\u0131kan da vatan hainidir ! \u00bb Avustralya gizisine \u00e7\u0131kmadan hemen \u00f6nce Ba\u015fbakan Recep Tayyip Erdo\u011fan duyuruyordu : \u00ab Ben \u00fclkemi adeta pazarlamakla m\u00fckellefim. \u00bb AKP\u2019nin Maliye Bakan\u0131 Kemal Unak\u0131tan meydan okuyordu : \u00ab K\u00e2r edeni de zarar edeni de sataca\u011f\u0131z ! Devlet sanayici olmaz. Yak\u0131nda S\u00dcMERBANK tarihten siliniyor. Elinde bir \u015fey kalmad\u0131\u011f\u0131 gibi ismini de kald\u0131r\u0131yoruz. SEKA, stratejik yer imi\u015f ! Ne startejisi, \u00f6nemli olan m\u00fc\u015fteri bulmak. M\u00fc\u015fteri gece gelse, pijamayla \u00e7\u0131k\u0131p kar\u015f\u0131lar\u0131m. Seviyorum ben bu i\u015fleri arkada\u015f. TEKEL\u2019i Babalar gibi satar\u0131z ! T\u00dcPRA\u015e\u2019\u0131 Ruslara satar m\u0131s\u0131n, dioyrlar. Satar\u0131m arkada\u015f.<\/p>\n","protected":false},"excerpt":{"rendered":"<p>Ulu \u00d6nder Atat\u00fcrk uyar\u0131yor : \u00ab Tarihimizi inceleyiniz. T\u00fcrk\u2019\u00fcn \u00e7ekti\u011fi b\u00fct\u00fcn felaketler, kar\u015f\u0131la\u015ft\u0131\u011f\u0131 tehlikeler ve k\u00f6t\u00fcl\u00fckler hep kendi \u00f6z benli\u011fini, milli varl\u0131\u011f\u0131n\u0131 ihmal ederek, nereden geldiklerini<span class=\"excerpt-hellip\"> [\u2026]<\/span><\/p>\n","protected":false},"featured_media":0,"template":"","meta":{"_monsterinsights_skip_tracking":false,"_monsterinsights_sitenote_active":false,"_monsterinsights_sitenote_note":"","_monsterinsights_sitenote_category":0},"product_brand":[],"product_cat":[12304,13650],"product_tag":[],"class_list":{"0":"post-717442","1":"product","2":"type-product","3":"status-publish","5":"product_cat-tarih","6":"product_cat-turk-tarihi-arastirmalari","7":"pa_cilt-ciltsiz","8":"pa_tur-kitap","9":"pa_yayinevi-nergiz-yayinlari","10":"pa_yazar-yilmaz-dikbas","12":"first","13":"instock","14":"sale","15":"shipping-taxable","16":"purchasable","17":"product-type-simple"},"_links":{"self":[{"href":"https:\/\/roveyayinevi.com.tr\/index.php\/wp-json\/wp\/v2\/product\/717442","targetHints":{"allow":["GET"]}}],"collection":[{"href":"https:\/\/roveyayinevi.com.tr\/index.php\/wp-json\/wp\/v2\/product"}],"about":[{"href":"https:\/\/roveyayinevi.com.tr\/index.php\/wp-json\/wp\/v2\/types\/product"}],"wp:attachment":[{"href":"https:\/\/roveyayinevi.com.tr\/index.php\/wp-json\/wp\/v2\/media?parent=717442"}],"wp:term":[{"taxonomy":"product_brand","embeddable":true,"href":"https:\/\/roveyayinevi.com.tr\/index.php\/wp-json\/wp\/v2\/product_brand?post=717442"},{"taxonomy":"product_cat","embeddable":true,"href":"https:\/\/roveyayinevi.com.tr\/index.php\/wp-json\/wp\/v2\/product_cat?post=717442"},{"taxonomy":"product_tag","embeddable":true,"href":"https:\/\/roveyayinevi.com.tr\/index.php\/wp-json\/wp\/v2\/product_tag?post=717442"}],"curies":[{"name":"wp","href":"https:\/\/api.w.org\/{rel}","templated":true}]}}