{"id":717437,"date":"2025-08-27T17:55:27","date_gmt":"2025-08-27T14:55:27","guid":{"rendered":"https:\/\/roveyayinevi.com.tr\/index.php\/urun\/osmanli-imparatorlugunun-tarihsel-cografyasi\/"},"modified":"2026-02-26T02:35:42","modified_gmt":"2026-02-25T23:35:42","slug":"osmanli-imparatorlugunun-tarihsel-cografyasi","status":"publish","type":"product","link":"https:\/\/roveyayinevi.com.tr\/index.php\/urun\/osmanli-imparatorlugunun-tarihsel-cografyasi\/","title":{"rendered":"Osmanl\u0131 \u0130mparatorlu\u011fu&#8217;nun Tarihsel Co\u011frafyas\u0131"},"content":{"rendered":"<p>Orta\u00e7a\u011f\u0131n ge\u00e7erli tek zenginlik kayna\u011f\u0131 toprak , ge\u00e7erli tek siyaset tarz\u0131 da fetihti.bu iki vazge\u00e7ilmez hayat ko\u015fulunun ger\u00e7eklerini kabul eden iktidar sahipleri , yety\u00fcz\u00fc miras\u0131n\u0131 \u015fekillendiren b\u00fcy\u00fck imparatorluklar\u0131n temellerini att\u0131lar.Osmanl\u0131  \u0130mparatorlu\u011fu hi\u00e7 ku\u015fkusuz bu mirasta pay sahibidir.<\/p>\n","protected":false},"excerpt":{"rendered":"<p>Orta\u00e7a\u011f\u0131n ge\u00e7erli tek zenginlik kayna\u011f\u0131 toprak , ge\u00e7erli tek siyaset tarz\u0131 da fetihti.bu iki vazge\u00e7ilmez hayat ko\u015fulunun ger\u00e7eklerini kabul eden iktidar sahipleri , yety\u00fcz\u00fc miras\u0131n\u0131 \u015fekillendiren<span class=\"excerpt-hellip\"> [\u2026]<\/span><\/p>\n","protected":false},"featured_media":0,"template":"","meta":{"_monsterinsights_skip_tracking":false,"_monsterinsights_sitenote_active":false,"_monsterinsights_sitenote_note":"","_monsterinsights_sitenote_category":0},"product_brand":[],"product_cat":[13517,12304],"product_tag":[],"class_list":{"0":"post-717437","1":"product","2":"type-product","3":"status-publish","5":"product_cat-osmanli-tarihi","6":"product_cat-tarih","7":"pa_cilt-ciltsiz","8":"pa_tur-kitap","9":"pa_yayinevi-yapi-kredi-yayinlari","10":"pa_yazar-donald-edgar-pitcher","12":"first","13":"instock","14":"sale","15":"shipping-taxable","16":"purchasable","17":"product-type-simple"},"_links":{"self":[{"href":"https:\/\/roveyayinevi.com.tr\/index.php\/wp-json\/wp\/v2\/product\/717437","targetHints":{"allow":["GET"]}}],"collection":[{"href":"https:\/\/roveyayinevi.com.tr\/index.php\/wp-json\/wp\/v2\/product"}],"about":[{"href":"https:\/\/roveyayinevi.com.tr\/index.php\/wp-json\/wp\/v2\/types\/product"}],"wp:attachment":[{"href":"https:\/\/roveyayinevi.com.tr\/index.php\/wp-json\/wp\/v2\/media?parent=717437"}],"wp:term":[{"taxonomy":"product_brand","embeddable":true,"href":"https:\/\/roveyayinevi.com.tr\/index.php\/wp-json\/wp\/v2\/product_brand?post=717437"},{"taxonomy":"product_cat","embeddable":true,"href":"https:\/\/roveyayinevi.com.tr\/index.php\/wp-json\/wp\/v2\/product_cat?post=717437"},{"taxonomy":"product_tag","embeddable":true,"href":"https:\/\/roveyayinevi.com.tr\/index.php\/wp-json\/wp\/v2\/product_tag?post=717437"}],"curies":[{"name":"wp","href":"https:\/\/api.w.org\/{rel}","templated":true}]}}