{"id":717411,"date":"2025-08-27T17:55:02","date_gmt":"2025-08-27T14:55:02","guid":{"rendered":"https:\/\/roveyayinevi.com.tr\/index.php\/urun\/gecen-gunduzum-olsa\/"},"modified":"2026-04-16T02:25:45","modified_gmt":"2026-04-15T23:25:45","slug":"gecen-gunduzum-olsa","status":"publish","type":"product","link":"https:\/\/roveyayinevi.com.tr\/index.php\/urun\/gecen-gunduzum-olsa\/","title":{"rendered":"Gecen G\u00fcnd\u00fcz\u00fcm Olsa"},"content":{"rendered":"<p>Unutmamak ve unutulmamak i\u00e7in\u2026Alman \u00e7ocuk ve gen\u00e7lik edebiyat\u0131n\u0131n yetkin kalemlerinden Andreas Steinh\u00f6fel\u2019in imzas\u0131n\u0131 ta\u015f\u0131yan Gecen G\u00fcnd\u00fcz\u00fcm Olsa, haf\u0131zas\u0131n\u0131n k\u00fc\u00e7\u00fck oyunlar\u0131na direnmeye \u00e7al\u0131\u015fan bir b\u00fcy\u00fckbaba ile y\u00fcre\u011fi hasret duygusuyla dolup ta\u015fan torunu aras\u0131ndaki ili\u015fkiye dair, mutluluk verici bir \u00f6yk\u00fc.\u015eiirsel metni ve s\u0131cac\u0131k resimleriyle dokuz ya\u015f ve \u00fczerindeki her ya\u015ftan okurun kendinden bir \u015feyler bulaca\u011f\u0131 bu duygu y\u00fckl\u00fc kitap, \u201cunutmak\u201d ve \u201cunutulmak\u201d kavramlar\u0131 \u00fczerine d\u00fc\u015f\u00fcnd\u00fcr\u00fcrken, sevgiyi olabilecek en naif \u015fekilde anlatmay\u0131 ba\u015far\u0131yor.Modern \u00e7a\u011f\u0131n ve de\u011fi\u015fen aile yap\u0131s\u0131n\u0131n ya\u015fl\u0131lar\u0131 nas\u0131l huzurevi \u00e7\u0131kmaz\u0131na y\u00f6nlendirdi\u011fini ele\u015ftiren Gecen G\u00fcnd\u00fcz\u00fcm Olsa, b\u00fcy\u00fckanne ve b\u00fcy\u00fckbaba sevgisini y\u00fccelterek, onlar\u0131n yoklu\u011funun \u00e7ocuklar\u0131n ruhunda yaratt\u0131\u011f\u0131 buruklu\u011fa de\u011finiyor.Dokuz ya\u015f\u0131ndaki Max, sabah uyand\u0131\u011f\u0131nda i\u00e7inde b\u00fcy\u00fck bir bo\u015fluk hisseder: huzurevinde ya\u015fayan b\u00fcy\u00fckbabas\u0131n\u0131n eksikli\u011fidir bu. K\u00f6t\u00fc bir yerde de\u011filse bile, onun \u00e7ok uza\u011f\u0131ndad\u0131r. \u00dcstelik haf\u0131zas\u0131 g\u00fcnden g\u00fcne yitip gitmektedir. Max, yine \u00f6zlem ve hasret duygular\u0131yla bo\u011fu\u015ftu\u011fu bir g\u00fcn, deli cesaretine s\u0131\u011f\u0131narak b\u00fcy\u00fckbabas\u0131n\u0131 ka\u00e7\u0131rmaya karar verir. K\u0131rlara ko\u015ftuklar\u0131 o mutlu saatlerde, b\u00fcy\u00fckbaba ve torunu Ay ile G\u00fcne\u015f\u2019in sonsuz ve haf\u0131zas\u0131zdans\u0131na tan\u0131kl\u0131k ederler. Hem de birbirlerini ne kadar sevdiklerini asla unutmayacaklar\u0131ndan emin olana kadar\u2026Birini sevmek i\u00e7in mutlaka onu g\u00f6rmek gerekmedi\u011fini hat\u0131rlatan bu duygusal \u00f6yk\u00fc, saf sevginin en b\u00fcy\u00fck unutu\u015flara bile kar\u015f\u0131 koyabilece\u011fini g\u00f6steriyor.Duyumsatt\u0131\u011f\u0131 hislerle kitapseverlerin kalbindeki s\u0131cakl\u0131\u011f\u0131 artt\u0131ran Gecen G\u00fcnd\u00fcz\u00fcm Olsa, her gece g\u00f6r\u00fcnmese de Ay\u2019\u0131n hep orada oldu\u011funu bilenlerin yolunu ayd\u0131nlat\u0131yor\u2026 &#8220;Hi\u00e7bir kalpte bunca hasrete yetecek kadar yer olamazd\u0131&#8230;&#8221;<\/p>\n","protected":false},"excerpt":{"rendered":"<p>Unutmamak ve unutulmamak i\u00e7in\u2026Alman \u00e7ocuk ve gen\u00e7lik edebiyat\u0131n\u0131n yetkin kalemlerinden Andreas Steinh\u00f6fel\u2019in imzas\u0131n\u0131 ta\u015f\u0131yan Gecen G\u00fcnd\u00fcz\u00fcm Olsa, haf\u0131zas\u0131n\u0131n k\u00fc\u00e7\u00fck oyunlar\u0131na direnmeye \u00e7al\u0131\u015fan bir b\u00fcy\u00fckbaba ile y\u00fcre\u011fi<span class=\"excerpt-hellip\"> [\u2026]<\/span><\/p>\n","protected":false},"featured_media":0,"template":"","meta":{"_monsterinsights_skip_tracking":false,"_monsterinsights_sitenote_active":false,"_monsterinsights_sitenote_note":"","_monsterinsights_sitenote_category":0},"product_brand":[],"product_cat":[12274,12284],"product_tag":[],"class_list":{"0":"post-717411","1":"product","2":"type-product","3":"status-publish","5":"product_cat-cocuk-ve-genclik-kitaplari","6":"product_cat-hikayeler","7":"pa_cilt-ciltsiz","8":"pa_tur-kitap","9":"pa_yayinevi-tudem-yayinlari","10":"pa_yazar-andreas-steinhofel","12":"first","13":"instock","14":"sale","15":"shipping-taxable","16":"purchasable","17":"product-type-simple"},"_links":{"self":[{"href":"https:\/\/roveyayinevi.com.tr\/index.php\/wp-json\/wp\/v2\/product\/717411","targetHints":{"allow":["GET"]}}],"collection":[{"href":"https:\/\/roveyayinevi.com.tr\/index.php\/wp-json\/wp\/v2\/product"}],"about":[{"href":"https:\/\/roveyayinevi.com.tr\/index.php\/wp-json\/wp\/v2\/types\/product"}],"wp:attachment":[{"href":"https:\/\/roveyayinevi.com.tr\/index.php\/wp-json\/wp\/v2\/media?parent=717411"}],"wp:term":[{"taxonomy":"product_brand","embeddable":true,"href":"https:\/\/roveyayinevi.com.tr\/index.php\/wp-json\/wp\/v2\/product_brand?post=717411"},{"taxonomy":"product_cat","embeddable":true,"href":"https:\/\/roveyayinevi.com.tr\/index.php\/wp-json\/wp\/v2\/product_cat?post=717411"},{"taxonomy":"product_tag","embeddable":true,"href":"https:\/\/roveyayinevi.com.tr\/index.php\/wp-json\/wp\/v2\/product_tag?post=717411"}],"curies":[{"name":"wp","href":"https:\/\/api.w.org\/{rel}","templated":true}]}}