{"id":717403,"date":"2025-08-27T17:54:57","date_gmt":"2025-08-27T14:54:57","guid":{"rendered":"https:\/\/roveyayinevi.com.tr\/index.php\/urun\/asikarlik-dehseti-sahte-kesinlikler\/"},"modified":"2026-04-16T02:25:45","modified_gmt":"2026-04-15T23:25:45","slug":"asikarlik-dehseti-sahte-kesinlikler","status":"publish","type":"product","link":"https:\/\/roveyayinevi.com.tr\/index.php\/urun\/asikarlik-dehseti-sahte-kesinlikler\/","title":{"rendered":"A\u015fikarl\u0131k Deh\u015feti &#8211; Sahte Kesinlikler"},"content":{"rendered":"<p>Almanya\u2019n\u0131n \u00f6nde gelen felsefecilerinden Marcus Steinweg\u2019in bir eseri ilk defa T\u00fcrk\u00e7enin diyar\u0131na ad\u0131m at\u0131yor. A\u015fik\u00e2rl\u0131k Deh\u015feti: Sahte Kesinlikler\u2019de Steinweg, s\u0131radan ba\u015fl\u0131klar alt\u0131nda a\u015fktan naifli\u011fe, piyasadan dine, can s\u0131k\u0131nt\u0131s\u0131ndan \u0131rk\u00e7\u0131l\u0131\u011fa var\u0131ncaya kadar g\u00fcndelik hayat\u0131m\u0131z\u0131n \u00e7e\u015fitli ve\u00e7heleriyle ilgili aforizmalar, de\u011finiler ve yorumlarla sars\u0131c\u0131 d\u00fc\u015f\u00fcnceler geli\u015ftiriyor. \u00dcslubu ve tarz\u0131yla felsefeyi akademinin koridorlar\u0131ndan \u00e7\u0131kar\u0131p onu asli g\u00f6revine, kendimiz i\u00e7in d\u00fc\u015f\u00fcnme \u00f6devine \u00e7a\u011f\u0131ran bir \u00e7al\u0131\u015fma A\u015fik\u00e2rl\u0131k Deh\u015feti. Roland Barthes\u2019\u0131n \u201cyazd\u0131ran metinler\u201d dedi\u011fi t\u00fcrde, yani olup bitmemi\u015f, okurun muhayyilesine a\u00e7\u0131k, onun da yazma s\u00fcrecine aktif bi\u00e7imde kat\u0131lmas\u0131n\u0131 bekleyen, huzursuz edici ve talepk\u00e2r bir metin. \u201cNe de olsa felsefeciler d\u00fcnyaya g\u00fcven duymay\u0131 b\u0131rakarak yerle\u015firler d\u00fcnyaya. Herhangi bir a\u015fik\u00e2rl\u0131ktan yoksun bir ger\u00e7eklikte ya\u015farlar. D\u00fc\u015f\u00fcnmek bu a\u015fik\u00e2rl\u0131k yoklu\u011fuyla ba\u015fa \u00e7\u0131kmak demektir. Kendini en a\u00e7\u0131k\u00e7a g\u00f6zler \u00f6n\u00fcne serdi\u011fi yer, tutarl\u0131l\u0131k vaadinin u\u00e7suz bucaks\u0131z oldu\u011fu noktalard\u0131r. \u2018Felsefe nedir?\u2019 sorusuna verilecek bir ilk cevap \u015fu olabilir: Felsefe bir ya\u015fam tarz\u0131 olarak tutars\u0131zl\u0131k deneyimidir.\u201d\u201cSteinweg: Ne de uygun bir isim! Hem \u201cta\u015fl\u0131 yol\u201d, yani sa\u011flam ve diren\u00e7li (locus lapidibus stratus) anlam\u0131na, hem de tek tek ta\u015flarla (strada lastricata), kesik kesik nirengi noktalar\u0131yla d\u00f6\u015feli bir yol anlam\u0131na geliyor. Ekmek k\u0131r\u0131nt\u0131lar\u0131n\u0131n b\u0131rakt\u0131\u011f\u0131 iz onun d\u00f6n\u00fcp yolunu bulmas\u0131n\u0131 sa\u011fl\u0131yor. Kitaba istedi\u011finiz yerden ba\u015flayabilirsiniz ve nerede olman\u0131z gerekiyorsa daima oraya varacaks\u0131n\u0131z.\u201dJean-Luc Nancy\u201cFelsefe ve sanat, disiplinlerin en hafif ve en karma\u015f\u0131k olanlar\u0131. G\u00fcn\u00fcm\u00fczdeki felsefeciler aras\u0131nda Marcus Steinweg bana kal\u0131rsa en sanatsal olan\u0131.\u201dRosemarie Trockel (Alman sanat\u00e7\u0131 ve akademisyen)<\/p>\n","protected":false},"excerpt":{"rendered":"<p>Almanya\u2019n\u0131n \u00f6nde gelen felsefecilerinden Marcus Steinweg\u2019in bir eseri ilk defa T\u00fcrk\u00e7enin diyar\u0131na ad\u0131m at\u0131yor. A\u015fik\u00e2rl\u0131k Deh\u015feti: Sahte Kesinlikler\u2019de Steinweg, s\u0131radan ba\u015fl\u0131klar alt\u0131nda a\u015fktan naifli\u011fe, piyasadan dine,<span class=\"excerpt-hellip\"> [\u2026]<\/span><\/p>\n","protected":false},"featured_media":0,"template":"","meta":{"_monsterinsights_skip_tracking":false,"_monsterinsights_sitenote_active":false,"_monsterinsights_sitenote_note":"","_monsterinsights_sitenote_category":0},"product_brand":[],"product_cat":[12389,12388],"product_tag":[],"class_list":{"0":"post-717403","1":"product","2":"type-product","3":"status-publish","5":"product_cat-diger-felsefe","6":"product_cat-felsefe","7":"pa_cilt-ciltsiz","8":"pa_tur-kitap","9":"pa_yayinevi-ithaki-yayinlari","10":"pa_yazar-marcus-steinweg","12":"first","13":"instock","14":"sale","15":"shipping-taxable","16":"purchasable","17":"product-type-simple"},"_links":{"self":[{"href":"https:\/\/roveyayinevi.com.tr\/index.php\/wp-json\/wp\/v2\/product\/717403","targetHints":{"allow":["GET"]}}],"collection":[{"href":"https:\/\/roveyayinevi.com.tr\/index.php\/wp-json\/wp\/v2\/product"}],"about":[{"href":"https:\/\/roveyayinevi.com.tr\/index.php\/wp-json\/wp\/v2\/types\/product"}],"wp:attachment":[{"href":"https:\/\/roveyayinevi.com.tr\/index.php\/wp-json\/wp\/v2\/media?parent=717403"}],"wp:term":[{"taxonomy":"product_brand","embeddable":true,"href":"https:\/\/roveyayinevi.com.tr\/index.php\/wp-json\/wp\/v2\/product_brand?post=717403"},{"taxonomy":"product_cat","embeddable":true,"href":"https:\/\/roveyayinevi.com.tr\/index.php\/wp-json\/wp\/v2\/product_cat?post=717403"},{"taxonomy":"product_tag","embeddable":true,"href":"https:\/\/roveyayinevi.com.tr\/index.php\/wp-json\/wp\/v2\/product_tag?post=717403"}],"curies":[{"name":"wp","href":"https:\/\/api.w.org\/{rel}","templated":true}]}}