{"id":717401,"date":"2025-08-27T17:54:56","date_gmt":"2025-08-27T14:54:56","guid":{"rendered":"https:\/\/roveyayinevi.com.tr\/index.php\/urun\/oyunperest\/"},"modified":"2026-04-16T02:25:45","modified_gmt":"2026-04-15T23:25:45","slug":"oyunperest","status":"publish","type":"product","link":"https:\/\/roveyayinevi.com.tr\/index.php\/urun\/oyunperest\/","title":{"rendered":"Oyunperest"},"content":{"rendered":"<p>Hi\u00e7 oyuncak olmadan \u00e7evrenizde kolayl\u0131kla bulabilece\u011finiz malzemelerle, geli\u015fimi destekleyici nitelikte oyunlar \u00fcretmenin m\u00fcmk\u00fcn oldu\u011fu bir kez de &#8220;Oyunperest&#8221;le  ortaya kondu. Elinizde tuttu\u011funuz bu kitap pahal\u0131 oyuncaklara ihtiya\u00e7 duymadan, e\u011flencenin ve geli\u015fimin kol kola y\u00fcr\u00fcyebilece\u011fi \u00e7i\u00e7ekli bir patika sunuyor. Ne\u015feyle, huzurla, umutla bu patikadan y\u00fcr\u00fcmeye var m\u0131s\u0131n\u0131z? O halde oyun ve e\u011flence yolculu\u011funuz ba\u015fl\u0131yor, kemerleri \u00e7\u00f6z\u00fcn! &#8220;Oyun her yerde&#8221; diyerek ba\u015fl\u0131yor s\u00f6ze Saniye Bencik Kangal. Evde, sokakta, okulda\u2026 Korkma \u0130yi Bir Annesin kitab\u0131yla t\u00fcm annelere cesaret veren yazar, \u015fimdi de \u00e7ocuklar\u0131n\u0131zla oynayabilece\u011finiz yakla\u015f\u0131k 250 oyunu, reng\u00e2renk foto\u011fraflar e\u015fli\u011finde sizlere anlat\u0131yor. Bu g\u00fczel oyun ansiklopedisi ile \u00e7ocuklar\u0131n\u0131zla keyifli zamanlar ge\u00e7ireceksiniz. Elma Yay\u0131nevi harika bir kitapla, Oyunperest\u2019le bir kez daha sizlerle\u2026 <\/p>\n","protected":false},"excerpt":{"rendered":"<p>Hi\u00e7 oyuncak olmadan \u00e7evrenizde kolayl\u0131kla bulabilece\u011finiz malzemelerle, geli\u015fimi destekleyici nitelikte oyunlar \u00fcretmenin m\u00fcmk\u00fcn oldu\u011fu bir kez de &#8220;Oyunperest&#8221;le ortaya kondu. Elinizde tuttu\u011funuz bu kitap pahal\u0131 oyuncaklara<span class=\"excerpt-hellip\"> [\u2026]<\/span><\/p>\n","protected":false},"featured_media":0,"template":"","meta":{"_monsterinsights_skip_tracking":false,"_monsterinsights_sitenote_active":false,"_monsterinsights_sitenote_note":"","_monsterinsights_sitenote_category":0},"product_brand":[],"product_cat":[12274,17859],"product_tag":[],"class_list":{"0":"post-717401","1":"product","2":"type-product","3":"status-publish","5":"product_cat-cocuk-ve-genclik-kitaplari","6":"product_cat-oyun-kitaplari","7":"pa_cilt-ciltsiz","8":"pa_tur-kitap","9":"pa_yayinevi-elma-yayinevi","10":"pa_yazar-saniye-bencik-kangal","12":"first","13":"instock","14":"sale","15":"shipping-taxable","16":"purchasable","17":"product-type-simple"},"_links":{"self":[{"href":"https:\/\/roveyayinevi.com.tr\/index.php\/wp-json\/wp\/v2\/product\/717401","targetHints":{"allow":["GET"]}}],"collection":[{"href":"https:\/\/roveyayinevi.com.tr\/index.php\/wp-json\/wp\/v2\/product"}],"about":[{"href":"https:\/\/roveyayinevi.com.tr\/index.php\/wp-json\/wp\/v2\/types\/product"}],"wp:attachment":[{"href":"https:\/\/roveyayinevi.com.tr\/index.php\/wp-json\/wp\/v2\/media?parent=717401"}],"wp:term":[{"taxonomy":"product_brand","embeddable":true,"href":"https:\/\/roveyayinevi.com.tr\/index.php\/wp-json\/wp\/v2\/product_brand?post=717401"},{"taxonomy":"product_cat","embeddable":true,"href":"https:\/\/roveyayinevi.com.tr\/index.php\/wp-json\/wp\/v2\/product_cat?post=717401"},{"taxonomy":"product_tag","embeddable":true,"href":"https:\/\/roveyayinevi.com.tr\/index.php\/wp-json\/wp\/v2\/product_tag?post=717401"}],"curies":[{"name":"wp","href":"https:\/\/api.w.org\/{rel}","templated":true}]}}