{"id":717393,"date":"2025-08-27T17:54:51","date_gmt":"2025-08-27T14:54:51","guid":{"rendered":"https:\/\/roveyayinevi.com.tr\/index.php\/urun\/umumi-turk-tarihine-giris-dvdli-2-cilt-takim\/"},"modified":"2026-04-16T02:25:45","modified_gmt":"2026-04-15T23:25:45","slug":"umumi-turk-tarihine-giris-dvdli-2-cilt-takim","status":"publish","type":"product","link":"https:\/\/roveyayinevi.com.tr\/index.php\/urun\/umumi-turk-tarihine-giris-dvdli-2-cilt-takim\/","title":{"rendered":"Umumi T\u00fcrk Tarihine Giri\u015f &#8211; DVD&#8217;li (2 Cilt Tak\u0131m)"},"content":{"rendered":"<p>Cilt 1: En Eski Devirlerden 16. Asra KadarCilt 2: Ha\u015fiyeler ve \u0130zahlarHen\u00fcz 21 ya\u015f\u0131ndayken \u201cgen\u00e7 tarih\u00e7i\u201d lakab\u0131yla \u00fcn salan Zeki Velidi Togan, ilk kitab\u0131 T\u00fcrk-Tatar Tarihi\u2019yle birlikte b\u00fct\u00fcnc\u00fcl bir T\u00fcrk tarihi yaz\u0131m\u0131n\u0131n gereklili\u011fini vurgular. Kazan\u2019da Kas\u0131miye Medresesi\u2019nde verdi\u011fi dersleri bir araya getirdi\u011fi bu ilk kitab\u0131n\u0131n ard\u0131ndan, 1928 y\u0131l\u0131nda ses getiren T\u00fcrk Tarihi Dersleri\u2019ni yay\u0131mlar. \u0130stanbul \u00dcniversitesi\u2019nde verdi\u011fi dersleri bir araya getirdi\u011fi bu kitab\u0131 b\u00fcy\u00fck tarih\u00e7ilerimizden Fuad K\u00f6pr\u00fcl\u00fc ve Halil \u0130nalc\u0131k ayr\u0131 bir \u00f6nem vererek ele al\u0131rlar. Fuad K\u00f6pr\u00fcl\u00fc, \u201cBu eserle art\u0131k T\u00fcrk milleti ilim sahas\u0131nda taklitten kurtulup r\u00fc\u015fd ve tahkik yoluna girmi\u015ftir; Garp \u00e2limlerine bile tasdik ettirece\u011fimizden eminim\u201d diyerek eserin orijinal ve evrensel nitelikte oldu\u011funu s\u00f6yler.Halil \u0130nalc\u0131k da (2002) ayn\u0131 eserin, ilk bask\u0131s\u0131 1946\u2019da yap\u0131lan ve g\u00fcn\u00fcm\u00fczde art\u0131k klasikle\u015fmi\u015f olan Umumi T\u00fcrk Tarihine Giri\u015f\u2019in ilk tasla\u011f\u0131n\u0131 olu\u015fturdu\u011funu belirtir. Zeki Velidi Togan, Umumi T\u00fcrk Tarihine Giri\u015f\u2019te T\u00fcrklerin tarihini \u0130slamiyet \u00f6ncesi ve sonras\u0131 olarak iki d\u00f6nemde ele al\u0131r. Eser, uzun bir zaman dilimi ve geni\u015f bir co\u011frafya \u00fczerinde bu iki d\u00f6nemi birle\u015ftiren bir siyasi k\u00fclt\u00fcr \u00fczerine kurgulanm\u0131\u015ft\u0131r. T\u00fcrklerin tarihini, ya\u015fad\u0131klar\u0131 co\u011frafyaya ba\u011fl\u0131 olarak kronolojik d\u00f6nemlerden olu\u015fan bir \u00e7er\u00e7eve i\u00e7inde, tarih boyunca kar\u015f\u0131 kar\u015f\u0131ya kald\u0131klar\u0131 konular a\u00e7\u0131s\u0131ndan de\u011ferlendirmektedir.<\/p>\n","protected":false},"excerpt":{"rendered":"<p>Cilt 1: En Eski Devirlerden 16. Asra KadarCilt 2: Ha\u015fiyeler ve \u0130zahlarHen\u00fcz 21 ya\u015f\u0131ndayken \u201cgen\u00e7 tarih\u00e7i\u201d lakab\u0131yla \u00fcn salan Zeki Velidi Togan, ilk kitab\u0131 T\u00fcrk-Tatar Tarihi\u2019yle<span class=\"excerpt-hellip\"> [\u2026]<\/span><\/p>\n","protected":false},"featured_media":0,"template":"","meta":{"_monsterinsights_skip_tracking":false,"_monsterinsights_sitenote_active":false,"_monsterinsights_sitenote_note":"","_monsterinsights_sitenote_category":0},"product_brand":[],"product_cat":[12304,13650],"product_tag":[],"class_list":{"0":"post-717393","1":"product","2":"type-product","3":"status-publish","5":"product_cat-tarih","6":"product_cat-turk-tarihi-arastirmalari","7":"pa_cilt-ciltsiz","8":"pa_tur-kitap","9":"pa_yayinevi-is-bankasi-kultur-yayinlari","10":"pa_yazar-a-zeki-velidi-togan","12":"first","13":"instock","14":"sale","15":"shipping-taxable","16":"purchasable","17":"product-type-simple"},"_links":{"self":[{"href":"https:\/\/roveyayinevi.com.tr\/index.php\/wp-json\/wp\/v2\/product\/717393","targetHints":{"allow":["GET"]}}],"collection":[{"href":"https:\/\/roveyayinevi.com.tr\/index.php\/wp-json\/wp\/v2\/product"}],"about":[{"href":"https:\/\/roveyayinevi.com.tr\/index.php\/wp-json\/wp\/v2\/types\/product"}],"wp:attachment":[{"href":"https:\/\/roveyayinevi.com.tr\/index.php\/wp-json\/wp\/v2\/media?parent=717393"}],"wp:term":[{"taxonomy":"product_brand","embeddable":true,"href":"https:\/\/roveyayinevi.com.tr\/index.php\/wp-json\/wp\/v2\/product_brand?post=717393"},{"taxonomy":"product_cat","embeddable":true,"href":"https:\/\/roveyayinevi.com.tr\/index.php\/wp-json\/wp\/v2\/product_cat?post=717393"},{"taxonomy":"product_tag","embeddable":true,"href":"https:\/\/roveyayinevi.com.tr\/index.php\/wp-json\/wp\/v2\/product_tag?post=717393"}],"curies":[{"name":"wp","href":"https:\/\/api.w.org\/{rel}","templated":true}]}}