{"id":717389,"date":"2025-08-27T17:54:48","date_gmt":"2025-08-27T14:54:48","guid":{"rendered":"https:\/\/roveyayinevi.com.tr\/index.php\/urun\/kuba-bir-devrimin-anatomisi\/"},"modified":"2026-04-16T02:25:45","modified_gmt":"2026-04-15T23:25:45","slug":"kuba-bir-devrimin-anatomisi","status":"publish","type":"product","link":"https:\/\/roveyayinevi.com.tr\/index.php\/urun\/kuba-bir-devrimin-anatomisi\/","title":{"rendered":"K\u00fcba &#8211; Bir Devrimin Anatomisi"},"content":{"rendered":"<p>Halka soyut bir \u00f6zg\u00fcrl\u00fck ve demokrasi anlay\u0131\u015f\u0131n\u0131n \u00f6tesinde bir \u015fey verilmelidir. FIDEL CASTRO K\u00fcba\u2019da olan \u015fey, sadece, bir oligar\u015finin yerini di\u011fer bir oligar\u015finin zorla ald\u0131\u011f\u0131 tepeden bir saray devrimi de\u011fildir. Bu, kitleler halindeki K\u00fcba halk\u0131n\u0131n dahil oldu\u011fu toplumsal bir devrimdir ve bu devrimin amac\u0131, bir dizi yeni t\u00fcrden egemeni ba\u015fa ge\u00e7irmek de\u011fil, yeni bir toplumsal d\u00fczen geli\u015ftirme \u00e7abas\u0131d\u0131r. LIPPMANN Bu kitap ABD\u2019nin arka bah\u00e7esinde bir halk\u0131n nas\u0131l bir hayata isyan etti\u011fini ve yerine nas\u0131l bir hayat kurdu\u011funu analiz etmektedir. Bunu yaparken yazarlar, K\u00fcba halk\u0131n\u0131n kendi i\u00e7inden nas\u0131l bir \u00f6nderlik \u00e7\u0131kard\u0131\u011f\u0131n\u0131 ve \u00f6nderli\u011fin \u00f6zelliklerini de anlama \u00e7abas\u0131ndad\u0131r. <\/p>\n","protected":false},"excerpt":{"rendered":"<p>Halka soyut bir \u00f6zg\u00fcrl\u00fck ve demokrasi anlay\u0131\u015f\u0131n\u0131n \u00f6tesinde bir \u015fey verilmelidir. FIDEL CASTRO K\u00fcba\u2019da olan \u015fey, sadece, bir oligar\u015finin yerini di\u011fer bir oligar\u015finin zorla ald\u0131\u011f\u0131 tepeden<span class=\"excerpt-hellip\"> [\u2026]<\/span><\/p>\n","protected":false},"featured_media":0,"template":"","meta":{"_monsterinsights_skip_tracking":false,"_monsterinsights_sitenote_active":false,"_monsterinsights_sitenote_note":"","_monsterinsights_sitenote_category":0},"product_brand":[],"product_cat":[12370,12304],"product_tag":[],"class_list":{"0":"post-717389","1":"product","2":"type-product","3":"status-publish","5":"product_cat-arastirma-inceleme","6":"product_cat-tarih","7":"pa_cilt-ciltsiz","8":"pa_tur-kitap","9":"pa_yayinevi-kalkedon-yayincilik","10":"pa_yazar-leo-huberman-paul-m-sweezy","12":"first","13":"instock","14":"sale","15":"shipping-taxable","16":"purchasable","17":"product-type-simple"},"_links":{"self":[{"href":"https:\/\/roveyayinevi.com.tr\/index.php\/wp-json\/wp\/v2\/product\/717389","targetHints":{"allow":["GET"]}}],"collection":[{"href":"https:\/\/roveyayinevi.com.tr\/index.php\/wp-json\/wp\/v2\/product"}],"about":[{"href":"https:\/\/roveyayinevi.com.tr\/index.php\/wp-json\/wp\/v2\/types\/product"}],"wp:attachment":[{"href":"https:\/\/roveyayinevi.com.tr\/index.php\/wp-json\/wp\/v2\/media?parent=717389"}],"wp:term":[{"taxonomy":"product_brand","embeddable":true,"href":"https:\/\/roveyayinevi.com.tr\/index.php\/wp-json\/wp\/v2\/product_brand?post=717389"},{"taxonomy":"product_cat","embeddable":true,"href":"https:\/\/roveyayinevi.com.tr\/index.php\/wp-json\/wp\/v2\/product_cat?post=717389"},{"taxonomy":"product_tag","embeddable":true,"href":"https:\/\/roveyayinevi.com.tr\/index.php\/wp-json\/wp\/v2\/product_tag?post=717389"}],"curies":[{"name":"wp","href":"https:\/\/api.w.org\/{rel}","templated":true}]}}