{"id":717369,"date":"2025-08-27T17:54:35","date_gmt":"2025-08-27T14:54:35","guid":{"rendered":"https:\/\/roveyayinevi.com.tr\/index.php\/urun\/gulcicek\/"},"modified":"2026-04-16T02:25:44","modified_gmt":"2026-04-15T23:25:44","slug":"gulcicek","status":"publish","type":"product","link":"https:\/\/roveyayinevi.com.tr\/index.php\/urun\/gulcicek\/","title":{"rendered":"G\u00fcl\u00e7i\u00e7ek"},"content":{"rendered":"<p>10 Ya\u015f\u0131ndaki bir \u00e7ocu\u011fun kaleminden\u2026 Ve K\u00fc\u00e7\u00fck yazar\u0131m\u0131z der ki: De\u011ferli okuyucu, elinde tuttu\u011fun bu kitab\u0131 okuyup da son noktay\u0131 g\u00f6r\u00fcnce, sen de ger\u00e7ek mutlulu\u011fu sahip olduklar\u0131nda bulacaks\u0131n\u2026 <\/p>\n","protected":false},"excerpt":{"rendered":"<p>10 Ya\u015f\u0131ndaki bir \u00e7ocu\u011fun kaleminden\u2026 Ve K\u00fc\u00e7\u00fck yazar\u0131m\u0131z der ki: De\u011ferli okuyucu, elinde tuttu\u011fun bu kitab\u0131 okuyup da son noktay\u0131 g\u00f6r\u00fcnce, sen de ger\u00e7ek mutlulu\u011fu sahip<span class=\"excerpt-hellip\"> [\u2026]<\/span><\/p>\n","protected":false},"featured_media":0,"template":"","meta":{"_monsterinsights_skip_tracking":false,"_monsterinsights_sitenote_active":false,"_monsterinsights_sitenote_note":"","_monsterinsights_sitenote_category":0},"product_brand":[],"product_cat":[12274,12284],"product_tag":[],"class_list":{"0":"post-717369","1":"product","2":"type-product","3":"status-publish","5":"product_cat-cocuk-ve-genclik-kitaplari","6":"product_cat-hikayeler","7":"pa_cilt-ciltsiz","8":"pa_tur-kitap","9":"pa_yayinevi-yade-yayinlari","10":"pa_yazar-tugce-yalcinkaya","12":"first","13":"instock","14":"sale","15":"shipping-taxable","16":"purchasable","17":"product-type-simple"},"_links":{"self":[{"href":"https:\/\/roveyayinevi.com.tr\/index.php\/wp-json\/wp\/v2\/product\/717369","targetHints":{"allow":["GET"]}}],"collection":[{"href":"https:\/\/roveyayinevi.com.tr\/index.php\/wp-json\/wp\/v2\/product"}],"about":[{"href":"https:\/\/roveyayinevi.com.tr\/index.php\/wp-json\/wp\/v2\/types\/product"}],"wp:attachment":[{"href":"https:\/\/roveyayinevi.com.tr\/index.php\/wp-json\/wp\/v2\/media?parent=717369"}],"wp:term":[{"taxonomy":"product_brand","embeddable":true,"href":"https:\/\/roveyayinevi.com.tr\/index.php\/wp-json\/wp\/v2\/product_brand?post=717369"},{"taxonomy":"product_cat","embeddable":true,"href":"https:\/\/roveyayinevi.com.tr\/index.php\/wp-json\/wp\/v2\/product_cat?post=717369"},{"taxonomy":"product_tag","embeddable":true,"href":"https:\/\/roveyayinevi.com.tr\/index.php\/wp-json\/wp\/v2\/product_tag?post=717369"}],"curies":[{"name":"wp","href":"https:\/\/api.w.org\/{rel}","templated":true}]}}