{"id":717353,"date":"2025-08-27T17:54:25","date_gmt":"2025-08-27T14:54:25","guid":{"rendered":"https:\/\/roveyayinevi.com.tr\/index.php\/urun\/kuresellesmenin-sonu\/"},"modified":"2026-04-16T02:25:44","modified_gmt":"2026-04-15T23:25:44","slug":"kuresellesmenin-sonu","status":"publish","type":"product","link":"https:\/\/roveyayinevi.com.tr\/index.php\/urun\/kuresellesmenin-sonu\/","title":{"rendered":"K\u00fcreselle\u015fmenin Sonu"},"content":{"rendered":"<p>Bir zamanlar ekonomik refaha ve bollu\u011fa eri\u015fmenin en iyi yolu olarak kabul g\u00f6ren k\u00fcreselle\u015fme, acaba beklentileri kar\u015f\u0131layabildi mi? Yoksa, alabildi\u011fine kasvetli bir d\u00fcnya m\u0131 yaratt\u0131? Ekonomik geli\u015fimi s\u00fcrd\u00fcrmek i\u00e7in, So\u011fuk Sava\u015f\u2019\u0131n rekabet\u00e7i ortam\u0131, t\u00fcm sava\u015f riskine kar\u015f\u0131n, k\u00fcresel i\u015fbirli\u011fine k\u0131yasla daha m\u0131 faydal\u0131yd\u0131? Acaba, d\u00fc\u015fmanl\u0131ktan uzak bir rekabet ortam\u0131, d\u00fcnyay\u0131 i\u00e7ine d\u00fc\u015ft\u00fc\u011f\u00fc bu mali bataktan kurtarabilir mi? Yoksa teknolojinin yaratt\u0131\u011f\u0131 atalet, her \u015feyi daha da k\u00f6t\u00fc ve i\u00e7inden \u00e7\u0131k\u0131lmaz bir hale mi getirecek? Tarihin g\u00fcndeme a\u00e7\u0131lan penceresi, serbest ticaretin ilkelerini in\u015fa etmeye ve 1980\u2019lerden itibaren t\u00fcm d\u00fcnyaya a\u00e7\u0131lan sermaye piyasalar\u0131 yaratmaya y\u00f6nelik t\u00fcm yakla\u015f\u0131mlar\u0131n, g\u00fcn\u00fcm\u00fczde yozla\u015fmaya ba\u015flad\u0131\u011f\u0131n\u0131 g\u00f6steriyor. Bat\u0131 d\u00fcnyas\u0131n\u0131n genelinde hayal k\u0131r\u0131kl\u0131\u011f\u0131na u\u011fratan ekonomik b\u00fcy\u00fcme oranlar\u0131, art\u0131k devletleri k\u00fcresel y\u00f6nden geli\u015fmek ad\u0131na ulusal \u00e7\u0131karlardan feragat etmeye hi\u00e7 de te\u015fvik etmiyor; vatanda\u015flar\u0131n huzuru ve refah\u0131 i\u00e7in k\u00fcresel bir mefk\u00fbreyi takip etmeye \u00e7al\u0131\u015fan liderlerin say\u0131s\u0131 da g\u00fcnden g\u00fcne azal\u0131yor. Tart\u0131\u015fmal\u0131 bir bar\u0131\u015f ortam\u0131 ve verimlilikten giderek uzakla\u015fan bir mali yap\u0131 sunan k\u00fcreselle\u015fmenin art\u0131k sona erme vakti mi geldi? Ve bu son, herkes i\u00e7in ka\u00e7\u0131n\u0131lmaz m\u0131? Tarih\u00ee analizleri g\u00fcncel olaylarla birle\u015ftiren ekonomist Stephen D. King, k\u00fcreselle\u015fmenin neden amac\u0131na ula\u015famad\u0131\u011f\u0131n\u0131, hangi noktalarda reddedildi\u011fini, birbirleriyle \u00e7ak\u0131\u015fan \u00e7\u0131karlara sahip rakip devletlerin y\u00f6netti\u011fi bir d\u00fcnyan\u0131n neye benzeyece\u011fini ve ulusal hedeflere \u00f6ncelik vermenin d\u00fcnyay\u0131 nas\u0131l dibe bat\u0131raca\u011f\u0131n\u0131, en i\u011fneleyici ve anla\u015f\u0131l\u0131r haliyle bu eserde anlat\u0131yor. Gelece\u011fin d\u00fcnyas\u0131nda k\u00fcreselle\u015fmenin azalmas\u0131, \u201ckendi kendisine yetebilen\u201d \u00fclkelerin de artmas\u0131 halinde ekonomik ve siyasi \u00e7\u0131karlar\u0131n \u00e7ak\u0131\u015fma riskinin bize ne sorunlar yarataca\u011f\u0131n\u0131 tarihten \u00f6rneklerle a\u00e7\u0131klay\u0131p, en k\u00f6t\u00fc olas\u0131l\u0131klar\u0131n nas\u0131l atlat\u0131labilece\u011fine de \u0131\u015f\u0131k tutuyor. <\/p>\n","protected":false},"excerpt":{"rendered":"<p>Bir zamanlar ekonomik refaha ve bollu\u011fa eri\u015fmenin en iyi yolu olarak kabul g\u00f6ren k\u00fcreselle\u015fme, acaba beklentileri kar\u015f\u0131layabildi mi? Yoksa, alabildi\u011fine kasvetli bir d\u00fcnya m\u0131 yaratt\u0131? Ekonomik<span class=\"excerpt-hellip\"> [\u2026]<\/span><\/p>\n","protected":false},"featured_media":0,"template":"","meta":{"_monsterinsights_skip_tracking":false,"_monsterinsights_sitenote_active":false,"_monsterinsights_sitenote_note":"","_monsterinsights_sitenote_category":0},"product_brand":[],"product_cat":[13590,12337],"product_tag":[],"class_list":{"0":"post-717353","1":"product","2":"type-product","3":"status-publish","5":"product_cat-arastirma-inceleme-politika-siyaset","6":"product_cat-politika-siyaset","7":"pa_cilt-ciltsiz","8":"pa_tur-kitap","9":"pa_yayinevi-profil-kitap","10":"pa_yazar-stephen-d-king","12":"first","13":"instock","14":"sale","15":"shipping-taxable","16":"purchasable","17":"product-type-simple"},"_links":{"self":[{"href":"https:\/\/roveyayinevi.com.tr\/index.php\/wp-json\/wp\/v2\/product\/717353","targetHints":{"allow":["GET"]}}],"collection":[{"href":"https:\/\/roveyayinevi.com.tr\/index.php\/wp-json\/wp\/v2\/product"}],"about":[{"href":"https:\/\/roveyayinevi.com.tr\/index.php\/wp-json\/wp\/v2\/types\/product"}],"wp:attachment":[{"href":"https:\/\/roveyayinevi.com.tr\/index.php\/wp-json\/wp\/v2\/media?parent=717353"}],"wp:term":[{"taxonomy":"product_brand","embeddable":true,"href":"https:\/\/roveyayinevi.com.tr\/index.php\/wp-json\/wp\/v2\/product_brand?post=717353"},{"taxonomy":"product_cat","embeddable":true,"href":"https:\/\/roveyayinevi.com.tr\/index.php\/wp-json\/wp\/v2\/product_cat?post=717353"},{"taxonomy":"product_tag","embeddable":true,"href":"https:\/\/roveyayinevi.com.tr\/index.php\/wp-json\/wp\/v2\/product_tag?post=717353"}],"curies":[{"name":"wp","href":"https:\/\/api.w.org\/{rel}","templated":true}]}}