{"id":717350,"date":"2025-08-27T17:54:23","date_gmt":"2025-08-27T14:54:23","guid":{"rendered":"https:\/\/roveyayinevi.com.tr\/index.php\/urun\/idil-bulgarlari-ve-islamiyet\/"},"modified":"2026-04-16T02:25:44","modified_gmt":"2026-04-15T23:25:44","slug":"idil-bulgarlari-ve-islamiyet","status":"publish","type":"product","link":"https:\/\/roveyayinevi.com.tr\/index.php\/urun\/idil-bulgarlari-ve-islamiyet\/","title":{"rendered":"\u0130dil Bulgarlar\u0131 ve \u0130slamiyet"},"content":{"rendered":"<p>Bu eserde de\u011ferlendirilen \u0130dil boylar\u0131, T\u00fcrk \u0130sl\u00e2m tarihi i\u00e7in bir d\u00f6n\u00fcm noktas\u0131 olmu\u015ftur. T\u00fcrkler bu tarihlerde toplu \u015fekilde \u0130slamiyet\u2019i benimserken, beraberinde yeni bir k\u00fclt\u00fcr dairesine de girmi\u015flerdi. \u0130dil b\u00f6lgesi hayli ehemmiyetliydi ve bu ehemmiyet, jeopolitik olarak Kafkas ard\u0131nda t\u0131pk\u0131 Anadolu ve Trakya gibi T\u00fcrklerin Bat\u0131\u2019yla i\u00e7 i\u00e7e olmas\u0131ndan ileri geliyordu. \u0130dil (Volga) Bulgarlar\u0131 tarihinin en \u00f6nemli kayna\u011f\u0131, h. 309-310 (921-922) y\u0131llar\u0131nda \u0130bn Fazl\u00e2n\u2019\u0131n Bulgar \u00fclkesine yapt\u0131\u011f\u0131 yolculu\u011fu daha sonra kaleme al\u0131p telif etmesiyle ortaya \u00e7\u0131km\u0131\u015ft\u0131r. Yine \u0130sl\u00e2m co\u011frafyac\u0131lar\u0131ndan \u0130bn R\u00fcste\u2019nin el-\u00c2l\u00e2ku\u2019n-Nef\u00eese adl\u0131 eseri, verdi\u011fi bilgilerin do\u011frulu\u011fu yan\u0131nda, en eski ve \u00e7a\u011fda\u015f kayna\u011f\u0131m\u0131zd\u0131r. Eserde, Bulgar \u00fclkesi co\u011fraf\u00ee olarak tasvir edildi\u011fi gibi, \u00fclkenin ticareti hakk\u0131nda da \u00f6nemli bilgiler bulunmaktad\u0131r. Hicri 300 (913) y\u0131l\u0131ndan sonra \u00f6ld\u00fc\u011f\u00fc tahmin edilen \u0130bn R\u00fcste\u2019nin verdi\u011fi bilgilerden, o y\u0131llarda Bulgarlar\u0131n M\u00fcsl\u00fcman olduklar\u0131n\u0131 ve \u00fclkelerinde \u00e7e\u015fitli \u0130slam m\u00fcesseseleri kurduklar\u0131n\u0131 \u00f6\u011frenmek m\u00fcmk\u00fcn olmaktad\u0131r. \u0130dil Bulgarlar\u0131 ve \u0130sl\u00e2miyet adl\u0131 bu \u00e7al\u0131\u015fmada kullan\u0131lan temel kaynaklardan \u00fc\u00e7\u00fcnc\u00fcs\u00fc olan Mur\u00fbc\u00fc\u2019z-Zeheb\u2019in m\u00fcellifi el-Mes\u2019\u00fbd\u00ee de hayat\u0131 boyunca bir\u00e7ok \u00fclke gezmi\u015ftir. Mes\u2019ud\u00ee h. 332 tarihi itibariyle Bulgarlar\u0131n M\u00fcsl\u00fcman oldu\u011funu s\u00f6z konusu eserinde kesin bir dille ifade etmekte ve onlar\u0131n M\u00fcsl\u00fcman olu\u015flar\u0131n\u0131n tarihi olarak da h. 310 y\u0131l\u0131n\u0131 g\u00f6stermektedir. \u00d6zetle, \u00e7al\u0131\u015fman\u0131n temelini te\u015fkil eden \u0130dil Bulgarlar\u0131 tarihine \u0131\u015f\u0131k tutan ana kaynaklar M\u00fcsl\u00fcman co\u011frafyac\u0131lar\u0131n\u0131n eserlerinde bulunmaktad\u0131r. \u00c7al\u0131\u015fman\u0131n yazar\u0131 Prof.Dr. \u0130lyas Topsakal da, X-XII. y\u00fczy\u0131lda b\u00f6lgeyi gezmi\u015f M\u00fcsl\u00fcman Do\u011fu co\u011frafyac\u0131lar\u0131n\u0131n ve \u00e7a\u011fda\u015f ara\u015ft\u0131rmac\u0131lar\u0131n ortaya koyduklar\u0131 bilgileri, konunun s\u0131n\u0131rlar\u0131 ve metodunu esas alarak de\u011ferlendirmeye \u00f6zen g\u00f6stermi\u015f ve okuyucuya konuyla al\u00e2kal\u0131 hayli derli toplu bir eser sunmu\u015ftur.<\/p>\n","protected":false},"excerpt":{"rendered":"<p>Bu eserde de\u011ferlendirilen \u0130dil boylar\u0131, T\u00fcrk \u0130sl\u00e2m tarihi i\u00e7in bir d\u00f6n\u00fcm noktas\u0131 olmu\u015ftur. T\u00fcrkler bu tarihlerde toplu \u015fekilde \u0130slamiyet\u2019i benimserken, beraberinde yeni bir k\u00fclt\u00fcr dairesine de<span class=\"excerpt-hellip\"> [\u2026]<\/span><\/p>\n","protected":false},"featured_media":0,"template":"","meta":{"_monsterinsights_skip_tracking":false,"_monsterinsights_sitenote_active":false,"_monsterinsights_sitenote_note":"","_monsterinsights_sitenote_category":0},"product_brand":[],"product_cat":[13036,12718,12719],"product_tag":[],"class_list":{"0":"post-717350","1":"product","2":"type-product","3":"status-publish","5":"product_cat-arastirma-inceleme-islam","6":"product_cat-din","7":"product_cat-islam","8":"pa_cilt-ciltsiz","9":"pa_tur-kitap","10":"pa_yayinevi-otuken-nesriyat","11":"pa_yazar-ilyas-topsakal","13":"first","14":"instock","15":"sale","16":"shipping-taxable","17":"purchasable","18":"product-type-simple"},"_links":{"self":[{"href":"https:\/\/roveyayinevi.com.tr\/index.php\/wp-json\/wp\/v2\/product\/717350","targetHints":{"allow":["GET"]}}],"collection":[{"href":"https:\/\/roveyayinevi.com.tr\/index.php\/wp-json\/wp\/v2\/product"}],"about":[{"href":"https:\/\/roveyayinevi.com.tr\/index.php\/wp-json\/wp\/v2\/types\/product"}],"wp:attachment":[{"href":"https:\/\/roveyayinevi.com.tr\/index.php\/wp-json\/wp\/v2\/media?parent=717350"}],"wp:term":[{"taxonomy":"product_brand","embeddable":true,"href":"https:\/\/roveyayinevi.com.tr\/index.php\/wp-json\/wp\/v2\/product_brand?post=717350"},{"taxonomy":"product_cat","embeddable":true,"href":"https:\/\/roveyayinevi.com.tr\/index.php\/wp-json\/wp\/v2\/product_cat?post=717350"},{"taxonomy":"product_tag","embeddable":true,"href":"https:\/\/roveyayinevi.com.tr\/index.php\/wp-json\/wp\/v2\/product_tag?post=717350"}],"curies":[{"name":"wp","href":"https:\/\/api.w.org\/{rel}","templated":true}]}}