{"id":717347,"date":"2025-08-27T17:54:22","date_gmt":"2025-08-27T14:54:22","guid":{"rendered":"https:\/\/roveyayinevi.com.tr\/index.php\/urun\/edebiyatin-haziran-mezarligi\/"},"modified":"2026-04-16T02:25:44","modified_gmt":"2026-04-15T23:25:44","slug":"edebiyatin-haziran-mezarligi","status":"publish","type":"product","link":"https:\/\/roveyayinevi.com.tr\/index.php\/urun\/edebiyatin-haziran-mezarligi\/","title":{"rendered":"Edebiyat\u0131n Haziran Mezarl\u0131\u011f\u0131"},"content":{"rendered":"<p>Bir edebiyat mezarl\u0131\u011f\u0131nda dola\u015f\u0131yorum. Edebiyat\u0131n Haziran Mezarl\u0131\u011f\u0131\u2019nda&#8230; Neden buraday\u0131m, nas\u0131l geldim bilmiyorum. Ya kitaplar getirdi beni buraya, ya \u015fairlerin dizeleri&#8230; \u201cg\u00f6r\u00fcnmez bir mezarl\u0131kt\u0131r zaman \u015fairler dola\u015f\u0131r saf saf tenhalar\u0131nda \u015fiir s\u00f6yleyerek\u201dAttila \u0130lhan bir Haziran ay\u0131nda \u00f6lmemi\u015fti ger\u00e7i ama Haziran\u2019da do\u011fmu\u015ftu.\u2018Hava kur\u015fun gibi a\u011f\u0131r\u2019&#8230;\u00d6l\u00fcm tarihlerine g\u00f6re s\u0131ralanm\u0131\u015f adlar, yaln\u0131zca Haziran ay\u0131nda \u00f6lenler var burada ve yaln\u0131zca edebiyat\u00e7\u0131lar&#8230; Bir\u00e7ok isim; Amerika\u2019dan, Arjantin\u2019den, Fransa\u2019dan, Rusya\u2019dan, \u0130ngiltere\u2019den ve T\u00fcrkiye\u2019den&#8230;Borges isminin \u00f6n\u00fcnde duruyorum&#8230;<\/p>\n","protected":false},"excerpt":{"rendered":"<p>Bir edebiyat mezarl\u0131\u011f\u0131nda dola\u015f\u0131yorum. Edebiyat\u0131n Haziran Mezarl\u0131\u011f\u0131\u2019nda&#8230; Neden buraday\u0131m, nas\u0131l geldim bilmiyorum. Ya kitaplar getirdi beni buraya, ya \u015fairlerin dizeleri&#8230; \u201cg\u00f6r\u00fcnmez bir mezarl\u0131kt\u0131r zaman \u015fairler dola\u015f\u0131r<span class=\"excerpt-hellip\"> [\u2026]<\/span><\/p>\n","protected":false},"featured_media":0,"template":"","meta":{"_monsterinsights_skip_tracking":false,"_monsterinsights_sitenote_active":false,"_monsterinsights_sitenote_note":"","_monsterinsights_sitenote_category":0},"product_brand":[],"product_cat":[12777,12291],"product_tag":[],"class_list":{"0":"post-717347","1":"product","2":"type-product","3":"status-publish","5":"product_cat-deneme","6":"product_cat-edebiyat","7":"pa_cilt-ciltsiz","8":"pa_tur-kitap","9":"pa_yayinevi-altinordu-yayinlari","10":"pa_yazar-engin-topuz","12":"first","13":"instock","14":"sale","15":"shipping-taxable","16":"purchasable","17":"product-type-simple"},"_links":{"self":[{"href":"https:\/\/roveyayinevi.com.tr\/index.php\/wp-json\/wp\/v2\/product\/717347","targetHints":{"allow":["GET"]}}],"collection":[{"href":"https:\/\/roveyayinevi.com.tr\/index.php\/wp-json\/wp\/v2\/product"}],"about":[{"href":"https:\/\/roveyayinevi.com.tr\/index.php\/wp-json\/wp\/v2\/types\/product"}],"wp:attachment":[{"href":"https:\/\/roveyayinevi.com.tr\/index.php\/wp-json\/wp\/v2\/media?parent=717347"}],"wp:term":[{"taxonomy":"product_brand","embeddable":true,"href":"https:\/\/roveyayinevi.com.tr\/index.php\/wp-json\/wp\/v2\/product_brand?post=717347"},{"taxonomy":"product_cat","embeddable":true,"href":"https:\/\/roveyayinevi.com.tr\/index.php\/wp-json\/wp\/v2\/product_cat?post=717347"},{"taxonomy":"product_tag","embeddable":true,"href":"https:\/\/roveyayinevi.com.tr\/index.php\/wp-json\/wp\/v2\/product_tag?post=717347"}],"curies":[{"name":"wp","href":"https:\/\/api.w.org\/{rel}","templated":true}]}}