{"id":717344,"date":"2025-08-27T17:54:20","date_gmt":"2025-08-27T14:54:20","guid":{"rendered":"https:\/\/roveyayinevi.com.tr\/index.php\/urun\/erken-cocukluk-doneminde-cevre-egitimi-ve-surdurulebilirlik\/"},"modified":"2026-04-16T02:25:44","modified_gmt":"2026-04-15T23:25:44","slug":"erken-cocukluk-doneminde-cevre-egitimi-ve-surdurulebilirlik","status":"publish","type":"product","link":"https:\/\/roveyayinevi.com.tr\/index.php\/urun\/erken-cocukluk-doneminde-cevre-egitimi-ve-surdurulebilirlik\/","title":{"rendered":"Erken \u00c7ocukluk D\u00f6neminde \u00c7evre E\u011fitimi ve S\u00fcrd\u00fcr\u00fclebilirlik"},"content":{"rendered":"<p>\u00d6ns\u00f6z&#8217;den \u2018Erken \u00c7ocukluk D\u00f6neminde \u00c7evre E\u011fitimi ve S\u00fcrd\u00fcr\u00fclebilirlik\u2019 ba\u015fl\u0131kl\u0131 kitab\u0131m\u0131z, modern d\u00fcnyan\u0131n \u00e7ocuklar ve \u00e7evre \u00fczerindeki olumsuz etkilerini azaltmak i\u00e7in e\u011fitim ortamlar\u0131nda yap\u0131labilecekler hakk\u0131nda \u00f6\u011fretmen adaylar\u0131na, \u00f6\u011fretmenlere ve ebeveynlere, kuram\u0131 ve uygulamay\u0131 birle\u015ftirerek yol g\u00f6stermek amac\u0131 ile haz\u0131rlanm\u0131\u015ft\u0131r. Haz\u0131rlad\u0131klar\u0131 bilimsel ve \u00f6zg\u00fcn i\u00e7erikler ile kitab\u0131n olu\u015fmas\u0131na katk\u0131 sa\u011flayan de\u011ferli yazarlara \u00e7ok te\u015fekk\u00fcr ederim.   Richard Louv&#8217;un da s\u00f6yledi\u011fi gibi \u00e7ocuklar\u0131n sa\u011fl\u0131\u011f\u0131 ve yery\u00fcz\u00fcn\u00fcn sa\u011fl\u0131\u011f\u0131 birbirine s\u0131k\u0131 s\u0131k\u0131ya ba\u011fl\u0131d\u0131r. Bu kitab\u0131n en \u00e7ok \u201cdo\u011fa ile ba\u011flar\u0131 kopart\u0131lm\u0131\u015f \u00e7ocuklar\u0131n do\u011faya d\u00f6nme yolculuklar\u0131na\u201d \u0131\u015f\u0131k tutmas\u0131n\u0131 diler; s\u00f6zlerimi bir \u00e7ocu\u011fun do\u011fadaki mutlulu\u011fu hakk\u0131nda yazd\u0131klar\u0131 ile bitirmek isterim: \u201c\u00c7ocuklar do\u011fada neden daha mutlu olur? \u00c7\u00fcnk\u00fc a\u011fa\u00e7lar bizim arkada\u015f\u0131m\u0131z. Nas\u0131l m\u0131? A\u011fa\u00e7lar canl\u0131 oldu\u011fu i\u00e7in, sal\u0131ncak kurabildi\u011fimiz i\u00e7in, u\u011fur b\u00f6cekleri bize u\u011fur verdi\u011fi i\u00e7in\u2026 Ba\u015fka bir s\u00fcr\u00fc nedeni var, mesela: Oyun oynayacak alan oldu\u011fu i\u00e7in, derin nefes alabildi\u011fimiz i\u00e7in, kartopu oynay\u0131p kardan adam yapabildi\u011fimiz i\u00e7in. Ve en \u00f6nemli nedeni; evdeki oyuncaklar\u0131m\u0131z cans\u0131z; ama do\u011fadaki \u00e7o\u011fu \u015fey canl\u0131\u2026\u201d Ada \u00d6ZT\u00dcRK<\/p>\n","protected":false},"excerpt":{"rendered":"<p>\u00d6ns\u00f6z&#8217;den \u2018Erken \u00c7ocukluk D\u00f6neminde \u00c7evre E\u011fitimi ve S\u00fcrd\u00fcr\u00fclebilirlik\u2019 ba\u015fl\u0131kl\u0131 kitab\u0131m\u0131z, modern d\u00fcnyan\u0131n \u00e7ocuklar ve \u00e7evre \u00fczerindeki olumsuz etkilerini azaltmak i\u00e7in e\u011fitim ortamlar\u0131nda yap\u0131labilecekler hakk\u0131nda \u00f6\u011fretmen adaylar\u0131na,<span class=\"excerpt-hellip\"> [\u2026]<\/span><\/p>\n","protected":false},"featured_media":0,"template":"","meta":{"_monsterinsights_skip_tracking":false,"_monsterinsights_sitenote_active":false,"_monsterinsights_sitenote_note":"","_monsterinsights_sitenote_category":0},"product_brand":[],"product_cat":[12573,12566],"product_tag":[],"class_list":{"0":"post-717344","1":"product","2":"type-product","3":"status-publish","5":"product_cat-akademik-kitaplar","6":"product_cat-egitim","7":"pa_cilt-ciltsiz","8":"pa_tur-kitap","9":"pa_yayinevi-ani-yayincilik","10":"pa_yazar-ani-yayincilik-kolektif","12":"first","13":"instock","14":"sale","15":"shipping-taxable","16":"purchasable","17":"product-type-simple"},"_links":{"self":[{"href":"https:\/\/roveyayinevi.com.tr\/index.php\/wp-json\/wp\/v2\/product\/717344","targetHints":{"allow":["GET"]}}],"collection":[{"href":"https:\/\/roveyayinevi.com.tr\/index.php\/wp-json\/wp\/v2\/product"}],"about":[{"href":"https:\/\/roveyayinevi.com.tr\/index.php\/wp-json\/wp\/v2\/types\/product"}],"wp:attachment":[{"href":"https:\/\/roveyayinevi.com.tr\/index.php\/wp-json\/wp\/v2\/media?parent=717344"}],"wp:term":[{"taxonomy":"product_brand","embeddable":true,"href":"https:\/\/roveyayinevi.com.tr\/index.php\/wp-json\/wp\/v2\/product_brand?post=717344"},{"taxonomy":"product_cat","embeddable":true,"href":"https:\/\/roveyayinevi.com.tr\/index.php\/wp-json\/wp\/v2\/product_cat?post=717344"},{"taxonomy":"product_tag","embeddable":true,"href":"https:\/\/roveyayinevi.com.tr\/index.php\/wp-json\/wp\/v2\/product_tag?post=717344"}],"curies":[{"name":"wp","href":"https:\/\/api.w.org\/{rel}","templated":true}]}}