{"id":717316,"date":"2025-08-27T17:54:01","date_gmt":"2025-08-27T14:54:01","guid":{"rendered":"https:\/\/roveyayinevi.com.tr\/index.php\/urun\/iskoc-aydinlanmasi\/"},"modified":"2026-04-16T02:25:43","modified_gmt":"2026-04-15T23:25:43","slug":"iskoc-aydinlanmasi","status":"publish","type":"product","link":"https:\/\/roveyayinevi.com.tr\/index.php\/urun\/iskoc-aydinlanmasi\/","title":{"rendered":"\u0130sko\u00e7 Ayd\u0131nlanmas\u0131"},"content":{"rendered":"<p>&#8220;Ayd\u0131nlanma&#8221; i\u00e7in Paris , Londra ne anlam ta\u015f\u0131rsa &#8220;Kuzeyin Atinas\u0131&#8221; &#8220;Akl\u0131n Ba\u015fkenti&#8221; gibi nitelemelere lay\u0131k g\u00f6r\u00fclen Edinburgh da ayn\u0131 anlam\u0131 tya\u015f\u0131r.Francis Hutcheson, David Hume , Adam Smith , Thomas Reid gibi filozoflar\u0131n \u00f6nc\u00fcl\u00fc\u011f\u00fcnde ba\u015flayan ve Edinburgh&#8217;tan yola \u00e7\u0131kan \u0130sko\u00e7 Ayd\u0131nlanmas\u0131 , yanl\u0131zca Avrupa&#8217;n\u0131n de\u011fil, Benjamin Franklin,Benjamin Rush Gibi Amerikal\u0131 entellekt\u00fceller arac\u0131l\u0131\u011f\u0131yla Yeni D\u00fcnyan\u0131n da ilgisiz kalamad\u0131\u011f\u0131 bir entellekt\u00fcel hareket olmu\u015ftur.Kimilerinin &#8220;\u0130ngiliz filozofu&#8221;! olarak tan\u0131d\u0131\u011f\u0131 Humen&#8217;un \u00fcnl\u00fc ekonomi politik kuramc\u0131s\u0131 Adam Smith&#8217;in modern sosyolojinin kurucular\u0131ndan Adam Ferguson&#8217;\u0131n Bntanya ahlak felsefesi denilince il akla gelen isimlerden birisi olan Francis Hutcheson&#8217;\u0131n \u0130sko\u00e7ya&#8217;n\u0131n yeti\u015ftirdi\u011fi filozoflar oldu\u011fu pek bilinmez.Siyasette ve sava\u015fta \u00e7o\u011funlukla katbetti\u011fi d\u00fc\u015f\u00fcn\u00fclen \u0130sko\u00e7lar\u0131n, bilimde , felsefede , sosyolojide ve ekonomi politikte bu kadar \u00fcnl\u00fc ayd\u0131nlar yeti\u015ftirilmi\u015f olmas\u0131 kimileri i\u00e7in \u015fa\u015f\u0131rt\u0131c\u0131 gelebilir&#8230;\u00c7al\u0131\u015fmalar\u0131n\u0131 a\u011f\u0131rl\u0131kl\u0131 olarak \u0130sko\u00e7 Felsefesi \u00fczerine yapan  Ali Ta\u015fk\u0131n , \u0130sko\u00e7ya&#8217;da ba\u015flad\u0131\u011f\u0131 ara\u015ft\u0131rma ve incelemelerden yola \u00e7\u0131karak i \u0130sko\u00e7 Ayd\u0131nlanmas\u0131&#8217;n\u0131 ve genel ayd\u0131nlanma felsefesi i\u00e7erisindeki yerini bu \u00f6nemli kitapta ele ald\u0131.<\/p>\n","protected":false},"excerpt":{"rendered":"<p>&#8220;Ayd\u0131nlanma&#8221; i\u00e7in Paris , Londra ne anlam ta\u015f\u0131rsa &#8220;Kuzeyin Atinas\u0131&#8221; &#8220;Akl\u0131n Ba\u015fkenti&#8221; gibi nitelemelere lay\u0131k g\u00f6r\u00fclen Edinburgh da ayn\u0131 anlam\u0131 tya\u015f\u0131r.Francis Hutcheson, David Hume , Adam<span class=\"excerpt-hellip\"> [\u2026]<\/span><\/p>\n","protected":false},"featured_media":0,"template":"","meta":{"_monsterinsights_skip_tracking":false,"_monsterinsights_sitenote_active":false,"_monsterinsights_sitenote_note":"","_monsterinsights_sitenote_category":0},"product_brand":[],"product_cat":[12389,12388],"product_tag":[],"class_list":{"0":"post-717316","1":"product","2":"type-product","3":"status-publish","5":"product_cat-diger-felsefe","6":"product_cat-felsefe","7":"pa_cilt-ciltsiz","8":"pa_tur-kitap","9":"pa_yayinevi-liberte-yayinlari","10":"pa_yazar-ali-taskin","12":"first","13":"instock","14":"sale","15":"shipping-taxable","16":"purchasable","17":"product-type-simple"},"_links":{"self":[{"href":"https:\/\/roveyayinevi.com.tr\/index.php\/wp-json\/wp\/v2\/product\/717316","targetHints":{"allow":["GET"]}}],"collection":[{"href":"https:\/\/roveyayinevi.com.tr\/index.php\/wp-json\/wp\/v2\/product"}],"about":[{"href":"https:\/\/roveyayinevi.com.tr\/index.php\/wp-json\/wp\/v2\/types\/product"}],"wp:attachment":[{"href":"https:\/\/roveyayinevi.com.tr\/index.php\/wp-json\/wp\/v2\/media?parent=717316"}],"wp:term":[{"taxonomy":"product_brand","embeddable":true,"href":"https:\/\/roveyayinevi.com.tr\/index.php\/wp-json\/wp\/v2\/product_brand?post=717316"},{"taxonomy":"product_cat","embeddable":true,"href":"https:\/\/roveyayinevi.com.tr\/index.php\/wp-json\/wp\/v2\/product_cat?post=717316"},{"taxonomy":"product_tag","embeddable":true,"href":"https:\/\/roveyayinevi.com.tr\/index.php\/wp-json\/wp\/v2\/product_tag?post=717316"}],"curies":[{"name":"wp","href":"https:\/\/api.w.org\/{rel}","templated":true}]}}