{"id":717280,"date":"2025-08-27T17:53:39","date_gmt":"2025-08-27T14:53:39","guid":{"rendered":"https:\/\/roveyayinevi.com.tr\/index.php\/urun\/gunes-bataken\/"},"modified":"2026-04-07T02:32:31","modified_gmt":"2026-04-06T23:32:31","slug":"gunes-bataken","status":"publish","type":"product","link":"https:\/\/roveyayinevi.com.tr\/index.php\/urun\/gunes-bataken\/","title":{"rendered":"G\u00fcne\u015f Bataken"},"content":{"rendered":"<p>\u00dcniversiteye haz\u0131rlan\u0131rken ba\u015far\u0131l\u0131 bir \u00f6\u011frenci iseniz okulunuz sizden ba\u015far\u0131 bekler ,aileniz sizden ba\u015far\u0131 bekler , arkada\u015flar\u0131n\u0131z sizden ba\u015far\u0131 bekler sizde kendinizden ba\u015far\u0131 beklersiniz. Ancak unutmay\u0131n;ipi g\u00f6\u011f\u00fcslerken bu beklentiler alt\u0131nda ezilebilirsiniz.Do\u011fru olan;m\u00fczik dinleyerek , spor yaparak stresten uzak durmak , sab\u0131r , sukunet ve dikkatle maksimum g\u00fcc\u00fc kullanmak , gerekeni yap\u0131p sonucu beklemektir.Harunhan Remzi \u00d6zt\u00fcrk<\/p>\n","protected":false},"excerpt":{"rendered":"<p>\u00dcniversiteye haz\u0131rlan\u0131rken ba\u015far\u0131l\u0131 bir \u00f6\u011frenci iseniz okulunuz sizden ba\u015far\u0131 bekler ,aileniz sizden ba\u015far\u0131 bekler , arkada\u015flar\u0131n\u0131z sizden ba\u015far\u0131 bekler sizde kendinizden ba\u015far\u0131 beklersiniz. Ancak unutmay\u0131n;ipi g\u00f6\u011f\u00fcslerken<span class=\"excerpt-hellip\"> [\u2026]<\/span><\/p>\n","protected":false},"featured_media":0,"template":"","meta":{"_monsterinsights_skip_tracking":false,"_monsterinsights_sitenote_active":false,"_monsterinsights_sitenote_note":"","_monsterinsights_sitenote_category":0},"product_brand":[],"product_cat":[12364,12376],"product_tag":[],"class_list":{"0":"post-717280","1":"product","2":"type-product","3":"status-publish","5":"product_cat-genel-konular","6":"product_cat-kisisel-gelisim","7":"pa_cilt-ciltsiz","8":"pa_tur-kitap","9":"pa_yayinevi-omca-yayinlari","10":"pa_yazar-harunhan-remzi-ozturk","12":"first","13":"instock","14":"sale","15":"shipping-taxable","16":"purchasable","17":"product-type-simple"},"_links":{"self":[{"href":"https:\/\/roveyayinevi.com.tr\/index.php\/wp-json\/wp\/v2\/product\/717280","targetHints":{"allow":["GET"]}}],"collection":[{"href":"https:\/\/roveyayinevi.com.tr\/index.php\/wp-json\/wp\/v2\/product"}],"about":[{"href":"https:\/\/roveyayinevi.com.tr\/index.php\/wp-json\/wp\/v2\/types\/product"}],"wp:attachment":[{"href":"https:\/\/roveyayinevi.com.tr\/index.php\/wp-json\/wp\/v2\/media?parent=717280"}],"wp:term":[{"taxonomy":"product_brand","embeddable":true,"href":"https:\/\/roveyayinevi.com.tr\/index.php\/wp-json\/wp\/v2\/product_brand?post=717280"},{"taxonomy":"product_cat","embeddable":true,"href":"https:\/\/roveyayinevi.com.tr\/index.php\/wp-json\/wp\/v2\/product_cat?post=717280"},{"taxonomy":"product_tag","embeddable":true,"href":"https:\/\/roveyayinevi.com.tr\/index.php\/wp-json\/wp\/v2\/product_tag?post=717280"}],"curies":[{"name":"wp","href":"https:\/\/api.w.org\/{rel}","templated":true}]}}