{"id":717242,"date":"2025-08-27T17:53:14","date_gmt":"2025-08-27T14:53:14","guid":{"rendered":"https:\/\/roveyayinevi.com.tr\/index.php\/urun\/karsta-cobanoglu-kahvehanesinde-asik-karsilasmalari\/"},"modified":"2026-04-16T02:25:41","modified_gmt":"2026-04-15T23:25:41","slug":"karsta-cobanoglu-kahvehanesinde-asik-karsilasmalari","status":"publish","type":"product","link":"https:\/\/roveyayinevi.com.tr\/index.php\/urun\/karsta-cobanoglu-kahvehanesinde-asik-karsilasmalari\/","title":{"rendered":"Kars\u2019ta \u00c7obano\u011flu Kahvehanesi\u2019nde A\u015f\u0131k Kar\u015f\u0131la\u015fmalar\u0131"},"content":{"rendered":"<p>Ne adla an\u0131l\u0131rlarsa an\u0131ls\u0131nlar, bir edebiyat ve m\u00fczik gelene\u011finin s\u00fcrd\u00fcr\u00fcc\u00fcleri olan \u00e2\u015f\u0131klar i\u00e7in kahvehaneler yaln\u0131zca \u00e7al\u0131p s\u00f6yleme mek\u00e2nlar\u0131 de\u011fildir. \u00c2\u015f\u0131k edebiyat\u0131n\u0131n, \u00e2\u015f\u0131k m\u00fczi\u011finin y\u00fczy\u0131llar boyunca ya\u015fat\u0131ld\u0131\u011f\u0131 ortamlardan biri olan kahvehaneler ayn\u0131 zamanda gurbete \u00e7\u0131km\u0131\u015f bu halk sanat\u00e7\u0131lar\u0131 i\u00e7in bir s\u0131\u011f\u0131nak, bir korunak, para ve \u00fcn kazanma mek\u00e2nlar\u0131 oldu. \u0130stanbul\u2019da, Bursa\u2019da, Erzurum\u2019da ve \u00f6zellikle Kars\u2019ta \u00e2\u015f\u0131klar\u0131n \u00e7al\u0131p s\u00f6yledi\u011fi, at\u0131\u015fmalar yapt\u0131\u011f\u0131, \u00e2\u015f\u0131klar\u0131n ve meddahlar\u0131n hik\u00e2yeler anlatt\u0131\u011f\u0131 bu kahvehanelerin izlerine \u00c2\u015f\u0131k Garip, Kerem ile Asl\u0131 gibi hik\u00e2yelerde de rastlan\u0131r.Y\u0131ld\u0131ray Erdener\u2019in 1982\u2019de bir y\u0131l kalarak derlemeler, incelemeler ve g\u00f6r\u00fc\u015fmeler yapt\u0131\u011f\u0131, foto\u011fraflar \u00e7ekti\u011fi ve sesler kaydetti\u011fi Kars \u00c7obano\u011flu \u00c2\u015f\u0131klar Kahvehanesi\u2019nde ya\u015fananlar \u0131\u015f\u0131\u011f\u0131nda kaleme ald\u0131\u011f\u0131 doktora tezi 1995\u2019te \u0130ngilizce olarak yay\u0131mland\u0131\u011f\u0131 zaman ilgiyle kar\u015f\u0131lanm\u0131\u015ft\u0131: The Song Contests of Turkish Minstrels. Yazar \u00e7al\u0131\u015fmalar\u0131na devam etti ve yeni tezler geli\u015ftirerek eklerle bu kitab\u0131 T\u00fcrk\u00e7e olarak yeniden yazd\u0131: Kars\u2019ta \u00c7obano\u011flu Kahvehanesi\u2019nde \u00c2\u015f\u0131k Kar\u015f\u0131la\u015fmalar\u0131 &#8211; A\u015f\u0131kl\u0131k Gelene\u011finin \u015eamanizm ve Sufizmle Olan Tarihsel Ba\u011flar\u0131.Bu kitap, \u00c7obano\u011flu \u00c2\u015f\u0131klar Kahvehanesi yan\u0131nda, ba\u015fta Murat \u00c7obano\u011flu ve \u015eeref Ta\u015fl\u0131ova olmak \u00fczere, bir\u00e7ok a\u015f\u0131\u011f\u0131n gen\u00e7lik ve olgunluk \u00e7a\u011flar\u0131ndan izler ta\u015f\u0131yarak onlar\u0131 daha yak\u0131ndan tan\u0131mam\u0131za yard\u0131mc\u0131 oluyor, belki bir daha ya\u015fanamayacak edebiyat ve m\u00fczik g\u00f6sterimlerinden \u00f6rnekler sunuyor.<\/p>\n","protected":false},"excerpt":{"rendered":"<p>Ne adla an\u0131l\u0131rlarsa an\u0131ls\u0131nlar, bir edebiyat ve m\u00fczik gelene\u011finin s\u00fcrd\u00fcr\u00fcc\u00fcleri olan \u00e2\u015f\u0131klar i\u00e7in kahvehaneler yaln\u0131zca \u00e7al\u0131p s\u00f6yleme mek\u00e2nlar\u0131 de\u011fildir. \u00c2\u015f\u0131k edebiyat\u0131n\u0131n, \u00e2\u015f\u0131k m\u00fczi\u011finin y\u00fczy\u0131llar boyunca ya\u015fat\u0131ld\u0131\u011f\u0131<span class=\"excerpt-hellip\"> [\u2026]<\/span><\/p>\n","protected":false},"featured_media":0,"template":"","meta":{"_monsterinsights_skip_tracking":false,"_monsterinsights_sitenote_active":false,"_monsterinsights_sitenote_note":"","_monsterinsights_sitenote_category":0},"product_brand":[],"product_cat":[12408],"product_tag":[],"class_list":{"0":"post-717242","1":"product","2":"type-product","3":"status-publish","5":"product_cat-sanat","6":"pa_cilt-ciltsiz","7":"pa_tur-kitap","8":"pa_yayinevi-yapi-kredi-yayinlari","9":"pa_yazar-yildiray-erdener","11":"first","12":"instock","13":"sale","14":"shipping-taxable","15":"purchasable","16":"product-type-simple"},"_links":{"self":[{"href":"https:\/\/roveyayinevi.com.tr\/index.php\/wp-json\/wp\/v2\/product\/717242","targetHints":{"allow":["GET"]}}],"collection":[{"href":"https:\/\/roveyayinevi.com.tr\/index.php\/wp-json\/wp\/v2\/product"}],"about":[{"href":"https:\/\/roveyayinevi.com.tr\/index.php\/wp-json\/wp\/v2\/types\/product"}],"wp:attachment":[{"href":"https:\/\/roveyayinevi.com.tr\/index.php\/wp-json\/wp\/v2\/media?parent=717242"}],"wp:term":[{"taxonomy":"product_brand","embeddable":true,"href":"https:\/\/roveyayinevi.com.tr\/index.php\/wp-json\/wp\/v2\/product_brand?post=717242"},{"taxonomy":"product_cat","embeddable":true,"href":"https:\/\/roveyayinevi.com.tr\/index.php\/wp-json\/wp\/v2\/product_cat?post=717242"},{"taxonomy":"product_tag","embeddable":true,"href":"https:\/\/roveyayinevi.com.tr\/index.php\/wp-json\/wp\/v2\/product_tag?post=717242"}],"curies":[{"name":"wp","href":"https:\/\/api.w.org\/{rel}","templated":true}]}}