{"id":717238,"date":"2025-08-27T17:53:11","date_gmt":"2025-08-27T14:53:11","guid":{"rendered":"https:\/\/roveyayinevi.com.tr\/index.php\/urun\/cingoz-bobi-doktor\/"},"modified":"2026-04-16T02:25:41","modified_gmt":"2026-04-15T23:25:41","slug":"cingoz-bobi-doktor","status":"publish","type":"product","link":"https:\/\/roveyayinevi.com.tr\/index.php\/urun\/cingoz-bobi-doktor\/","title":{"rendered":"Cing\u00f6z Bobi Doktor"},"content":{"rendered":"<p>Cing\u00f6z Bobi oyun oynamay\u0131 \u00e7ok seviyor ve senin de oyuna kat\u0131lman\u0131 istiyor. Bu defaki oyununda DOKTOR olman\u0131n s\u0131rlar\u0131n\u0131 ke\u015ffediyor!Doktor Cing\u00f6z Bobi arkada\u015flar\u0131na ger\u00e7ekten iyi bak\u0131yor. Ama hastalan\u0131rsa Doktor\u2019a kim bakacak?<\/p>\n","protected":false},"excerpt":{"rendered":"<p>Cing\u00f6z Bobi oyun oynamay\u0131 \u00e7ok seviyor ve senin de oyuna kat\u0131lman\u0131 istiyor. Bu defaki oyununda DOKTOR olman\u0131n s\u0131rlar\u0131n\u0131 ke\u015ffediyor!Doktor Cing\u00f6z Bobi arkada\u015flar\u0131na ger\u00e7ekten iyi bak\u0131yor. Ama<span class=\"excerpt-hellip\"> [\u2026]<\/span><\/p>\n","protected":false},"featured_media":0,"template":"","meta":{"_monsterinsights_skip_tracking":false,"_monsterinsights_sitenote_active":false,"_monsterinsights_sitenote_note":"","_monsterinsights_sitenote_category":0},"product_brand":[],"product_cat":[12274,12284],"product_tag":[],"class_list":{"0":"post-717238","1":"product","2":"type-product","3":"status-publish","5":"product_cat-cocuk-ve-genclik-kitaplari","6":"product_cat-hikayeler","7":"pa_cilt-ciltsiz","8":"pa_tur-kitap","9":"pa_yayinevi-is-bankasi-kultur-yayinlari","10":"pa_yazar-guy-parker-rees","12":"first","13":"instock","14":"sale","15":"shipping-taxable","16":"purchasable","17":"product-type-simple"},"_links":{"self":[{"href":"https:\/\/roveyayinevi.com.tr\/index.php\/wp-json\/wp\/v2\/product\/717238","targetHints":{"allow":["GET"]}}],"collection":[{"href":"https:\/\/roveyayinevi.com.tr\/index.php\/wp-json\/wp\/v2\/product"}],"about":[{"href":"https:\/\/roveyayinevi.com.tr\/index.php\/wp-json\/wp\/v2\/types\/product"}],"wp:attachment":[{"href":"https:\/\/roveyayinevi.com.tr\/index.php\/wp-json\/wp\/v2\/media?parent=717238"}],"wp:term":[{"taxonomy":"product_brand","embeddable":true,"href":"https:\/\/roveyayinevi.com.tr\/index.php\/wp-json\/wp\/v2\/product_brand?post=717238"},{"taxonomy":"product_cat","embeddable":true,"href":"https:\/\/roveyayinevi.com.tr\/index.php\/wp-json\/wp\/v2\/product_cat?post=717238"},{"taxonomy":"product_tag","embeddable":true,"href":"https:\/\/roveyayinevi.com.tr\/index.php\/wp-json\/wp\/v2\/product_tag?post=717238"}],"curies":[{"name":"wp","href":"https:\/\/api.w.org\/{rel}","templated":true}]}}