{"id":717231,"date":"2025-08-27T17:52:59","date_gmt":"2025-08-27T14:52:59","guid":{"rendered":"https:\/\/roveyayinevi.com.tr\/index.php\/urun\/dunya-esitsizlik-raporu\/"},"modified":"2026-04-16T02:25:41","modified_gmt":"2026-04-15T23:25:41","slug":"dunya-esitsizlik-raporu","status":"publish","type":"product","link":"https:\/\/roveyayinevi.com.tr\/index.php\/urun\/dunya-esitsizlik-raporu\/","title":{"rendered":"D\u00fcnya E\u015fitsizlik Raporu"},"content":{"rendered":"<p>\u201cEkonomik e\u015fitsizlik yayg\u0131nd\u0131r ve bir \u00f6l\u00e7\u00fcde ka\u00e7\u0131n\u0131lmazd\u0131r. Yine de inanc\u0131m\u0131z \u015fu ki e\u011fer artan e\u015fitsizlik do\u011fru d\u00fczg\u00fcn izlenmez ve irdelenmezse, \u00e7ok \u00e7e\u015fitli politik, ekonomik ve sosyal felaketlere yol a\u00e7abilir. Bunlar\u0131 \u00f6nlemenin ilk ad\u0131m\u0131 da dikkatle izlemektir.\u201dD\u00fcnyada 2018 y\u0131l\u0131 itibariyle ekonomik e\u015fitsizli\u011fi ve e\u015fitsizlikte beliren yeni geli\u015fme trendlerini \u00e7ok \u00e7e\u015fitli boyutlar\u0131yla saptama amac\u0131n\u0131 ta\u015f\u0131yan D\u00fcnya E\u015fitsizlik Raporu 2018, D\u00fcnya Servet ve Gelir Veritaban\u0131\u2019ndan (WID.world) yeni veri serilerini topluca ve analitik bir bak\u0131\u015fla sunuyor.Yirmi Birinci Y\u00fczy\u0131lda Kapital adl\u0131 kitab\u0131yla t\u00fcm d\u00fcnyada oldu\u011fu gibi T\u00fcrkiye\u2019de de \u00e7ok ses getiren Thomas Piketty\u2019nin de aralar\u0131nda oldu\u011fu, Facundo Alvaredo, Lucas Chancel, Emmanuel Saez ve Gabriel Zucman gibi \u00e7ok de\u011ferli isimlerin katk\u0131lar\u0131yla haz\u0131rlanan bu benzersiz \u00e7al\u0131\u015fma ekonomik e\u015fitsizlik hakk\u0131nda somut verilerle konu\u015fma ve tart\u0131\u015fma olana\u011f\u0131 veriyor.WID.world 2000\u2019lerin ba\u015f\u0131nda ortaya \u00e7\u0131km\u0131\u015f k\u00fcm\u00fclatif ve ortakla\u015fa y\u00fcr\u00fct\u00fclen bir ara\u015ft\u0131rma s\u00fcrecidir ve bug\u00fcn, b\u00fct\u00fcn k\u0131talarda yetmi\u015f \u00fclkeden fazlas\u0131n\u0131 ele alan y\u00fcz\u00fc a\u015fk\u0131n ara\u015ft\u0131rmac\u0131y\u0131 kapsamaktad\u0131r. WID.world d\u00fcnyada hem \u00fclke i\u00e7i hem de \u00fclkeler aras\u0131 gelir ve servet da\u011f\u0131l\u0131m\u0131n\u0131n ge\u00e7irdi\u011fi tarihsel evrimi g\u00f6steren en kapsaml\u0131 veritaban\u0131na eri\u015fim sunmaktad\u0131r.Yak\u0131n zamana kadar e\u015fitsizlik \u00e7al\u0131\u015fmalar\u0131 b\u00fcy\u00fck \u00f6l\u00e7\u00fcde verilere eri\u015fimdeki kolayl\u0131k sayesinde geli\u015fmi\u015f Avrupa \u00fclkeleri, Kuzey Amerika ve Japonya\u2019ya odaklanma e\u011filimindeydi. D\u00fcnya E\u015fitsizlik Raporu 2018 ise \u00c7in, Hindistan, Brezilya, G\u00fcney Afrika, Rusya ve Ortado\u011fu dahil olmak \u00fczere, y\u00fckselen ve geli\u015fen \u00fclkelerdeki e\u015fitsizlik dinamiklerine dair bulgular\u0131 da sunuyor.\u201cEkonomik meseleler ekonomistlerin, istatistik\u00e7ilerin, devlet g\u00f6revlilerinin ya da i\u015f d\u00fcnyas\u0131 liderlerinin mal\u0131 de\u011fildir. Bu meseleler herkesi ilgilendirir ve as\u0131l amac\u0131m\u0131z da \u00e7o\u011funlu\u011fu olu\u015fturanlar\u0131n g\u00fcc\u00fcne katk\u0131 sa\u011flamakt\u0131r.\u201d<\/p>\n","protected":false},"excerpt":{"rendered":"<p>\u201cEkonomik e\u015fitsizlik yayg\u0131nd\u0131r ve bir \u00f6l\u00e7\u00fcde ka\u00e7\u0131n\u0131lmazd\u0131r. Yine de inanc\u0131m\u0131z \u015fu ki e\u011fer artan e\u015fitsizlik do\u011fru d\u00fczg\u00fcn izlenmez ve irdelenmezse, \u00e7ok \u00e7e\u015fitli politik, ekonomik ve sosyal<span class=\"excerpt-hellip\"> [\u2026]<\/span><\/p>\n","protected":false},"featured_media":0,"template":"","meta":{"_monsterinsights_skip_tracking":false,"_monsterinsights_sitenote_active":false,"_monsterinsights_sitenote_note":"","_monsterinsights_sitenote_category":0},"product_brand":[],"product_cat":[20333,13043],"product_tag":[],"class_list":{"0":"post-717231","1":"product","2":"type-product","3":"status-publish","5":"product_cat-diger-ekonomi","6":"product_cat-ekonomi","7":"pa_cilt-ciltsiz","8":"pa_tur-kitap","9":"pa_yayinevi-is-bankasi-kultur-yayinlari","10":"pa_yazar-kolektif","12":"first","13":"instock","14":"sale","15":"shipping-taxable","16":"purchasable","17":"product-type-simple"},"_links":{"self":[{"href":"https:\/\/roveyayinevi.com.tr\/index.php\/wp-json\/wp\/v2\/product\/717231","targetHints":{"allow":["GET"]}}],"collection":[{"href":"https:\/\/roveyayinevi.com.tr\/index.php\/wp-json\/wp\/v2\/product"}],"about":[{"href":"https:\/\/roveyayinevi.com.tr\/index.php\/wp-json\/wp\/v2\/types\/product"}],"wp:attachment":[{"href":"https:\/\/roveyayinevi.com.tr\/index.php\/wp-json\/wp\/v2\/media?parent=717231"}],"wp:term":[{"taxonomy":"product_brand","embeddable":true,"href":"https:\/\/roveyayinevi.com.tr\/index.php\/wp-json\/wp\/v2\/product_brand?post=717231"},{"taxonomy":"product_cat","embeddable":true,"href":"https:\/\/roveyayinevi.com.tr\/index.php\/wp-json\/wp\/v2\/product_cat?post=717231"},{"taxonomy":"product_tag","embeddable":true,"href":"https:\/\/roveyayinevi.com.tr\/index.php\/wp-json\/wp\/v2\/product_tag?post=717231"}],"curies":[{"name":"wp","href":"https:\/\/api.w.org\/{rel}","templated":true}]}}