{"id":717206,"date":"2025-08-27T17:52:43","date_gmt":"2025-08-27T14:52:43","guid":{"rendered":"https:\/\/roveyayinevi.com.tr\/index.php\/urun\/hayallerim-prensiplerim-ve-yasadiklarim\/"},"modified":"2026-04-16T02:25:41","modified_gmt":"2026-04-15T23:25:41","slug":"hayallerim-prensiplerim-ve-yasadiklarim","status":"publish","type":"product","link":"https:\/\/roveyayinevi.com.tr\/index.php\/urun\/hayallerim-prensiplerim-ve-yasadiklarim\/","title":{"rendered":"Hayallerim  Prensiplerim ve Ya\u015fad\u0131klar\u0131m"},"content":{"rendered":"<p>\u201cBu kitab\u0131, i\u015f hayat\u0131na yeni at\u0131lacak gen\u00e7lerle ve ilgilenen kimselerle \u00e2cizane tecr\u00fcbelerimi payla\u015fmak i\u00e7in kaleme ald\u0131m. Hayattaki temel ilkelerimi, de\u011ferlerimi ve bunlar\u0131 uygularken kar\u015f\u0131la\u015ft\u0131\u011f\u0131m zorluklar\u0131 payla\u015fmak istedim. Tabii ki herkes gibi ben de m\u00fckemmel de\u011filim. Bir\u00e7ok do\u011fru karar\u0131n ve ba\u015far\u0131n\u0131n yan\u0131nda hatalar da yapt\u0131m. Ba\u015far\u0131lar\u0131mdan ilham, hatalar\u0131mdan ibret al\u0131nmas\u0131n\u0131 arzu ettim. Kimseye ders vermek niyetinde de\u011filim ancak tecr\u00fcbelerin bilinmesinin de \u00f6nemli oldu\u011funu ve insanlara katk\u0131 sa\u011flayaca\u011f\u0131n\u0131 d\u00fc\u015f\u00fcn\u00fcyorum.\u201d Y\u0131lmaz \u00d6zta\u015fk\u0131n, 1991 y\u0131l\u0131nda Yata\u015f \u0130stanbul Pazarlama A\u015e\u2019yi kurarak \u00fclke geneline yay\u0131lan bir ma\u011fazalar zinciri olu\u015fturdu. Bu alanda da sekt\u00f6r\u00fcn \u00f6nc\u00fcl\u00fc\u011f\u00fcn\u00fc yapt\u0131. Halen, S\u00fcnta\u015f A\u015e, Ta\u015fk\u0131nlar A\u015e ve Yata\u015f \u015eirketler Grubu Onursal Ba\u015fkan\u0131d\u0131r. Elma Yay\u0131nevi\u2019nin \u201c\u0130\u015f\u201dte Ya\u015fam Serisinden \u00e7\u0131kan Hayallerim, Prensiplerim ve Ya\u015fad\u0131klar\u0131m, gen\u00e7 giri\u015fimcilere oldu\u011fu kadar hayalleri pe\u015finde ko\u015fan t\u00fcm okurlara ilham verecektir. <\/p>\n","protected":false},"excerpt":{"rendered":"<p>\u201cBu kitab\u0131, i\u015f hayat\u0131na yeni at\u0131lacak gen\u00e7lerle ve ilgilenen kimselerle \u00e2cizane tecr\u00fcbelerimi payla\u015fmak i\u00e7in kaleme ald\u0131m. Hayattaki temel ilkelerimi, de\u011ferlerimi ve bunlar\u0131 uygularken kar\u015f\u0131la\u015ft\u0131\u011f\u0131m zorluklar\u0131 payla\u015fmak<span class=\"excerpt-hellip\"> [\u2026]<\/span><\/p>\n","protected":false},"featured_media":0,"template":"","meta":{"_monsterinsights_skip_tracking":false,"_monsterinsights_sitenote_active":false,"_monsterinsights_sitenote_note":"","_monsterinsights_sitenote_category":0},"product_brand":[],"product_cat":[13043,17647],"product_tag":[],"class_list":{"0":"post-717206","1":"product","2":"type-product","3":"status-publish","5":"product_cat-ekonomi","6":"product_cat-is-dunyasi","7":"pa_cilt-ciltsiz","8":"pa_tur-kitap","9":"pa_yayinevi-elma-yayinevi","10":"pa_yazar-yilmaz-oztaskin","12":"first","13":"instock","14":"sale","15":"shipping-taxable","16":"purchasable","17":"product-type-simple"},"_links":{"self":[{"href":"https:\/\/roveyayinevi.com.tr\/index.php\/wp-json\/wp\/v2\/product\/717206","targetHints":{"allow":["GET"]}}],"collection":[{"href":"https:\/\/roveyayinevi.com.tr\/index.php\/wp-json\/wp\/v2\/product"}],"about":[{"href":"https:\/\/roveyayinevi.com.tr\/index.php\/wp-json\/wp\/v2\/types\/product"}],"wp:attachment":[{"href":"https:\/\/roveyayinevi.com.tr\/index.php\/wp-json\/wp\/v2\/media?parent=717206"}],"wp:term":[{"taxonomy":"product_brand","embeddable":true,"href":"https:\/\/roveyayinevi.com.tr\/index.php\/wp-json\/wp\/v2\/product_brand?post=717206"},{"taxonomy":"product_cat","embeddable":true,"href":"https:\/\/roveyayinevi.com.tr\/index.php\/wp-json\/wp\/v2\/product_cat?post=717206"},{"taxonomy":"product_tag","embeddable":true,"href":"https:\/\/roveyayinevi.com.tr\/index.php\/wp-json\/wp\/v2\/product_tag?post=717206"}],"curies":[{"name":"wp","href":"https:\/\/api.w.org\/{rel}","templated":true}]}}