{"id":717200,"date":"2025-08-27T17:52:39","date_gmt":"2025-08-27T14:52:39","guid":{"rendered":"https:\/\/roveyayinevi.com.tr\/index.php\/urun\/dogal-ve-toplumsal-secilimde-insan\/"},"modified":"2026-04-16T02:25:11","modified_gmt":"2026-04-15T23:25:11","slug":"dogal-ve-toplumsal-secilimde-insan","status":"publish","type":"product","link":"https:\/\/roveyayinevi.com.tr\/index.php\/urun\/dogal-ve-toplumsal-secilimde-insan\/","title":{"rendered":"Do\u011fal ve Toplumsal Se\u00e7ilimde \u0130nsan"},"content":{"rendered":"<p>Bilindi\u011fi gibi insan t\u00fcr\u00fc be\u015f milyon y\u0131l k\u00fc\u00e7\u00fck topluluklar halinde ya\u015fam\u0131\u015flar.Toplumsal ya\u015fama son k\u0131rk-elli binli y\u0131llarda ge\u00e7meye ba\u015flam\u0131\u015flard\u0131.\u0130nsan i\u00e7in toplumsal ya\u015fama onlar\u0131n \u00fcretici konuma gelmeleriyle ba\u015flam\u0131\u015ft\u0131r.\u0130nsan i\u00e7in toplumsal ya\u015fam\u0131n ba\u015flamas\u0131 , en az do\u011fal \u00e7evrenin de ortaya \u00e7\u0131kmas\u0131na neden olmu\u015ftur.Art\u0131k insan i\u00e7in do\u011fal ve toplumsal olmak \u00fczere iki \u00e7evre vard\u0131r. Ya\u015famlar\u0131 her iki \u00e7evreye de uyuma ba\u011fl\u0131d\u0131r.\u0130nsan bunlardan hi\u00e7 birine s\u0131rt\u0131n\u0131 d\u00f6nemez, hi\u00e7 birini g\u00f6rmezden gelemez.<\/p>\n","protected":false},"excerpt":{"rendered":"<p>Bilindi\u011fi gibi insan t\u00fcr\u00fc be\u015f milyon y\u0131l k\u00fc\u00e7\u00fck topluluklar halinde ya\u015fam\u0131\u015flar.Toplumsal ya\u015fama son k\u0131rk-elli binli y\u0131llarda ge\u00e7meye ba\u015flam\u0131\u015flard\u0131.\u0130nsan i\u00e7in toplumsal ya\u015fama onlar\u0131n \u00fcretici konuma gelmeleriyle ba\u015flam\u0131\u015ft\u0131r.\u0130nsan<span class=\"excerpt-hellip\"> [\u2026]<\/span><\/p>\n","protected":false},"featured_media":0,"template":"","meta":{"_monsterinsights_skip_tracking":false,"_monsterinsights_sitenote_active":false,"_monsterinsights_sitenote_note":"","_monsterinsights_sitenote_category":0},"product_brand":[],"product_cat":[13005,37328],"product_tag":[],"class_list":{"0":"post-717200","1":"product","2":"type-product","3":"status-publish","5":"product_cat-bilim-muhendislik","6":"product_cat-diger-bilim-muhendislik","7":"pa_cilt-ciltsiz","8":"pa_tur-kitap","9":"pa_yayinevi-hamdullah-aktas-yayinlari","10":"pa_yazar-hamdullah-aktas","12":"first","13":"instock","14":"sale","15":"shipping-taxable","16":"purchasable","17":"product-type-simple"},"_links":{"self":[{"href":"https:\/\/roveyayinevi.com.tr\/index.php\/wp-json\/wp\/v2\/product\/717200","targetHints":{"allow":["GET"]}}],"collection":[{"href":"https:\/\/roveyayinevi.com.tr\/index.php\/wp-json\/wp\/v2\/product"}],"about":[{"href":"https:\/\/roveyayinevi.com.tr\/index.php\/wp-json\/wp\/v2\/types\/product"}],"wp:attachment":[{"href":"https:\/\/roveyayinevi.com.tr\/index.php\/wp-json\/wp\/v2\/media?parent=717200"}],"wp:term":[{"taxonomy":"product_brand","embeddable":true,"href":"https:\/\/roveyayinevi.com.tr\/index.php\/wp-json\/wp\/v2\/product_brand?post=717200"},{"taxonomy":"product_cat","embeddable":true,"href":"https:\/\/roveyayinevi.com.tr\/index.php\/wp-json\/wp\/v2\/product_cat?post=717200"},{"taxonomy":"product_tag","embeddable":true,"href":"https:\/\/roveyayinevi.com.tr\/index.php\/wp-json\/wp\/v2\/product_tag?post=717200"}],"curies":[{"name":"wp","href":"https:\/\/api.w.org\/{rel}","templated":true}]}}

Doğal ve Toplumsal Seçilimde İnsan

<p>Bilindiği gibi insan türü beş milyon yıl küçük topluluklar halinde yaşamışlar.Toplumsal yaşama son kırk-elli binli yıllarda geçmeye başlamışlardı.İnsan için toplumsal yaşama onların üretici konuma gelmeleriyle başlamıştır.İnsan için toplumsal yaşamın başlaması , en az doğal çevrenin de ortaya çıkmasına neden olmuştur.Artık insan için doğal ve toplumsal olmak üzere iki çevre vardır. Yaşamları her iki çevreye de uyuma bağlıdır.İnsan bunlardan hiç birine sırtını dönemez, hiç birini görmezden gelemez.</p>

<p>Bilindiği gibi insan türü beş milyon yıl küçük topluluklar halinde yaşamışlar.Toplumsal yaşama son kırk-elli binli yıllarda geçmeye başlamışlardı.İnsan için toplumsal yaşama onların üretici konuma gelmeleriyle başlamıştır.İnsan<span class="excerpt-hellip"> […]</span></p>
