{"id":717198,"date":"2025-08-27T17:52:38","date_gmt":"2025-08-27T14:52:38","guid":{"rendered":"https:\/\/roveyayinevi.com.tr\/index.php\/urun\/deger-ureten-deger\/"},"modified":"2026-04-16T02:25:11","modified_gmt":"2026-04-15T23:25:11","slug":"deger-ureten-deger","status":"publish","type":"product","link":"https:\/\/roveyayinevi.com.tr\/index.php\/urun\/deger-ureten-deger\/","title":{"rendered":"De\u011fer \u00dcreten De\u011fer"},"content":{"rendered":"<p>Her insan ya\u015fam s\u00fcrecinde belli de\u011ferler \u00fcretmek ister.\u00c7\u00fcnk\u00fc insan de\u011fer \u00fcreterek kendini geli\u015ftirir, ya\u015fam\u0131 ve ya\u015famay\u0131 hak ederek ya\u015fam\u0131\u015f olur. Yanl\u0131z insanlar\u0131n kendilerini ger\u00e7ekle\u015ftirebilmeleri toplumlar\u0131n ekinsel birikimlerinin niteli\u011fine ba\u011fl\u0131d\u0131r.Toplumlar\u0131n\u0131n ekinsel birikimleri onlar\u0131n de\u011fer \u00fcretmelerini zorla\u015ft\u0131r\u0131r veya kolayla\u015ft\u0131r\u0131r , \u015fu ya da bu y\u00f6nde de\u011ferler \u00fcretmelerine ortam haz\u0131rlar toplumlar, hangi de\u011ferleri \u00f6ncelikle insanlar\u0131n \u00fcretmesi gerekti\u011fini b\u00fcy\u00fck \u00f6l\u00e7\u00fcde y\u00f6nlendirir.<\/p>\n","protected":false},"excerpt":{"rendered":"<p>Her insan ya\u015fam s\u00fcrecinde belli de\u011ferler \u00fcretmek ister.\u00c7\u00fcnk\u00fc insan de\u011fer \u00fcreterek kendini geli\u015ftirir, ya\u015fam\u0131 ve ya\u015famay\u0131 hak ederek ya\u015fam\u0131\u015f olur. Yanl\u0131z insanlar\u0131n kendilerini ger\u00e7ekle\u015ftirebilmeleri toplumlar\u0131n ekinsel<span class=\"excerpt-hellip\"> [\u2026]<\/span><\/p>\n","protected":false},"featured_media":0,"template":"","meta":{"_monsterinsights_skip_tracking":false,"_monsterinsights_sitenote_active":false,"_monsterinsights_sitenote_note":"","_monsterinsights_sitenote_category":0},"product_brand":[],"product_cat":[12388,13555],"product_tag":[],"class_list":{"0":"post-717198","1":"product","2":"type-product","3":"status-publish","5":"product_cat-felsefe","6":"product_cat-genel-felsefe","7":"pa_cilt-ciltsiz","8":"pa_tur-kitap","9":"pa_yayinevi-hamdullah-aktas-yayinlari","10":"pa_yazar-hamdullah-aktas","12":"first","13":"instock","14":"sale","15":"shipping-taxable","16":"purchasable","17":"product-type-simple"},"_links":{"self":[{"href":"https:\/\/roveyayinevi.com.tr\/index.php\/wp-json\/wp\/v2\/product\/717198","targetHints":{"allow":["GET"]}}],"collection":[{"href":"https:\/\/roveyayinevi.com.tr\/index.php\/wp-json\/wp\/v2\/product"}],"about":[{"href":"https:\/\/roveyayinevi.com.tr\/index.php\/wp-json\/wp\/v2\/types\/product"}],"wp:attachment":[{"href":"https:\/\/roveyayinevi.com.tr\/index.php\/wp-json\/wp\/v2\/media?parent=717198"}],"wp:term":[{"taxonomy":"product_brand","embeddable":true,"href":"https:\/\/roveyayinevi.com.tr\/index.php\/wp-json\/wp\/v2\/product_brand?post=717198"},{"taxonomy":"product_cat","embeddable":true,"href":"https:\/\/roveyayinevi.com.tr\/index.php\/wp-json\/wp\/v2\/product_cat?post=717198"},{"taxonomy":"product_tag","embeddable":true,"href":"https:\/\/roveyayinevi.com.tr\/index.php\/wp-json\/wp\/v2\/product_tag?post=717198"}],"curies":[{"name":"wp","href":"https:\/\/api.w.org\/{rel}","templated":true}]}}