{"id":717189,"date":"2025-08-27T17:52:33","date_gmt":"2025-08-27T14:52:33","guid":{"rendered":"https:\/\/roveyayinevi.com.tr\/index.php\/urun\/son-saat-yaklasti\/"},"modified":"2026-04-16T02:25:11","modified_gmt":"2026-04-15T23:25:11","slug":"son-saat-yaklasti","status":"publish","type":"product","link":"https:\/\/roveyayinevi.com.tr\/index.php\/urun\/son-saat-yaklasti\/","title":{"rendered":"Son Saat Yakla\u015ft\u0131"},"content":{"rendered":"<p>Zaman, insan\u0131n ya\u015famla kurdu\u011fu ba\u011f\u0131n en s\u0131rl\u0131 boyutlar\u0131ndan birisidir. Zaman, Allah i\u00e7in de\u011fil, yarat\u0131lm\u0131\u015f varl\u0131klar i\u00e7in ge\u00e7erli bir kavramd\u0131r ve insan i\u00e7in zaman\u0131n ger\u00e7ekli\u011fi yaln\u0131zca i\u00e7inde bulundu\u011fu vakte aittir. Allah mek\u00e2ndan oldu\u011fu gibi zamandan da a\u015fk\u0131nd\u0131r ve Hakk\u2019\u0131n sonsuz zamandaki ger\u00e7ekli\u011fi varl\u0131\u011f\u0131n \u015fimdiki an\u0131nda gizlidir. \u0130nsan Hakk ile ancak sahip oldu\u011fu an\u2019da irtibat kurabilir. \u0130rf\u00e2n\u00ee dille hak\u00eekat zaman\u0131n ilmini bilmektir. \u0130nsana d\u00fc\u015fen ge\u00e7mi\u015f ve gelecek ile ilgilenmek de\u011fil \u00e2n\u2019\u0131 de\u011ferlendirmektir. Zaman\u0131n s\u0131rr\u0131 ve varolu\u015fun co\u015fkusu an\u2019da sakl\u0131d\u0131r.Yakla\u015fan \u201cson saat\u201d genel olarak ka\u00e7\u0131n\u0131lmaz ve mutlak ger\u00e7ekle\u015fecek olan K\u0131y\u00e2met olgusuna i\u015faret etmekle birlikte, \u00f6zelde her insan\u0131n kendi \u00f6m\u00fcr saati anlam\u0131na da gelmektedir. Hepimiz birer kum saati gibi say\u0131s\u0131n\u0131 ve ne zaman bitece\u011fini bilmedi\u011fimiz kum tanelerini \u00fcst hazneden alt hazneye d\u00fc\u015f\u00fcrmekle me\u015fgul\u00fcz. Son tanenin d\u00fc\u015f\u00fc\u015f\u00fc ile son saatimiz bitecek ve bu ayn\u0131 zamanda ferd\u00ee k\u0131y\u00e2metimizin de ba\u015flang\u0131c\u0131 olacakt\u0131r.\u0130\u015fte Son Saat Yakla\u015ft\u0131 adl\u0131 \u00e7al\u0131\u015fmam\u0131z, son tane t\u00fckenmeden ve \u201cYaz\u0131k \u015fu ge\u00e7en \u00f6mre, yaz\u0131k!\u201d demeden \u00f6nce insan\u0131 an\u2019\u0131 idr\u00e2k etmeye ve ya\u015famaya \u00e7a\u011f\u0131ran Kur\u2019\u00e2n\u00ee bir davettir. G\u00fcn ak\u015fam olmadan ve bir dost bulamadan \u00f6mr\u00fcn\u00fc ge\u00e7irenleri hak\u00eek\u00ee dostla bulu\u015fturman\u0131n bir gayretidir. Mekanik saatten kozmik saate ge\u00e7me arzusu ta\u015f\u0131yanlara bir \u0131\u015f\u0131k\/nefes olmas\u0131 duas\u0131yla.<\/p>\n","protected":false},"excerpt":{"rendered":"<p>Zaman, insan\u0131n ya\u015famla kurdu\u011fu ba\u011f\u0131n en s\u0131rl\u0131 boyutlar\u0131ndan birisidir. Zaman, Allah i\u00e7in de\u011fil, yarat\u0131lm\u0131\u015f varl\u0131klar i\u00e7in ge\u00e7erli bir kavramd\u0131r ve insan i\u00e7in zaman\u0131n ger\u00e7ekli\u011fi yaln\u0131zca i\u00e7inde<span class=\"excerpt-hellip\"> [\u2026]<\/span><\/p>\n","protected":false},"featured_media":0,"template":"","meta":{"_monsterinsights_skip_tracking":false,"_monsterinsights_sitenote_active":false,"_monsterinsights_sitenote_note":"","_monsterinsights_sitenote_category":0},"product_brand":[],"product_cat":[12718,12719,12720],"product_tag":[],"class_list":{"0":"post-717189","1":"product","2":"type-product","3":"status-publish","5":"product_cat-din","6":"product_cat-islam","7":"product_cat-tasavvuf-mezhepler-tarikatlar","8":"pa_cilt-ciltsiz","9":"pa_tur-kitap","10":"pa_yayinevi-hayykitap","11":"pa_yazar-necmettin-sahinler","13":"first","14":"instock","15":"sale","16":"shipping-taxable","17":"purchasable","18":"product-type-simple"},"_links":{"self":[{"href":"https:\/\/roveyayinevi.com.tr\/index.php\/wp-json\/wp\/v2\/product\/717189","targetHints":{"allow":["GET"]}}],"collection":[{"href":"https:\/\/roveyayinevi.com.tr\/index.php\/wp-json\/wp\/v2\/product"}],"about":[{"href":"https:\/\/roveyayinevi.com.tr\/index.php\/wp-json\/wp\/v2\/types\/product"}],"wp:attachment":[{"href":"https:\/\/roveyayinevi.com.tr\/index.php\/wp-json\/wp\/v2\/media?parent=717189"}],"wp:term":[{"taxonomy":"product_brand","embeddable":true,"href":"https:\/\/roveyayinevi.com.tr\/index.php\/wp-json\/wp\/v2\/product_brand?post=717189"},{"taxonomy":"product_cat","embeddable":true,"href":"https:\/\/roveyayinevi.com.tr\/index.php\/wp-json\/wp\/v2\/product_cat?post=717189"},{"taxonomy":"product_tag","embeddable":true,"href":"https:\/\/roveyayinevi.com.tr\/index.php\/wp-json\/wp\/v2\/product_tag?post=717189"}],"curies":[{"name":"wp","href":"https:\/\/api.w.org\/{rel}","templated":true}]}}