{"id":717170,"date":"2025-08-27T17:52:22","date_gmt":"2025-08-27T14:52:22","guid":{"rendered":"https:\/\/roveyayinevi.com.tr\/index.php\/urun\/huckleberry-finnin-maceralari-2\/"},"modified":"2026-04-16T02:25:11","modified_gmt":"2026-04-15T23:25:11","slug":"huckleberry-finnin-maceralari-2","status":"publish","type":"product","link":"https:\/\/roveyayinevi.com.tr\/index.php\/urun\/huckleberry-finnin-maceralari-2\/","title":{"rendered":"Huckleberry Finn\u2019in Maceralar\u0131"},"content":{"rendered":"<p>Amerikan edebiyat\u0131n\u0131n en \u00f6nemli ve \u00fcnl\u00fc romanlar\u0131ndan olan Huckleberry Finn\u2019in Maceralar\u0131, Mark Twain\u2019in ba\u015fyap\u0131t\u0131 olarak kabul edilir. Sekiz y\u0131l \u00f6nce bas\u0131lan Tom Sawyer\u2019\u0131n Maceralar\u0131\u2019nda bir yan karakter olarak kurgulanan Huckleberry Finn bu kez kitab\u0131n anlat\u0131c\u0131s\u0131, maceran\u0131n ba\u015fki\u015fisidir. Kendisini \u201cevcille\u015ftirmeye\u201d \u00e7al\u0131\u015fan Bayan Watson\u2019dan kurtulmak i\u00e7in \u00e7areler ararken babas\u0131 taraf\u0131ndan suistimal edilen Huck\u2019\u0131n, ka\u00e7ak k\u00f6le Jim\u2019le birlikte yapt\u0131\u011f\u0131 nehir yolculu\u011fu ve bu yolculukta ya\u015fad\u0131klar\u0131n\u0131n anlat\u0131ld\u0131\u011f\u0131 roman, bir yandan toplumun ikiy\u00fczl\u00fcl\u00fc\u011f\u00fcn\u00fc sorgular ve \u0131rk\u00e7\u0131l\u0131\u011fa sald\u0131r\u0131rken di\u011fer yandan bir \u00e7ocu\u011fun toplumu a\u015fma m\u00fccadelesinin zemini de olan unutulmaz bir arkada\u015fl\u0131k hik\u00e2yesine d\u00f6n\u00fc\u015f\u00fcr. Bir dil ustas\u0131 olarak, \u0130ngilizcenin Missouri\u2019deki eski ve \u00e7e\u015fitli kullan\u0131mlar\u0131na \u00f6zenle yer veren Mark Twain\u2019i, T\u00fcrk\u00e7enin zengin olanaklar\u0131n\u0131 kullanarak ba\u015far\u0131yla aktaran Burak \u015eak\u0131r\u2019\u0131n parmak \u0131s\u0131rtan \u00e7evirisiyle\u2026 <\/p>\n","protected":false},"excerpt":{"rendered":"<p>Amerikan edebiyat\u0131n\u0131n en \u00f6nemli ve \u00fcnl\u00fc romanlar\u0131ndan olan Huckleberry Finn\u2019in Maceralar\u0131, Mark Twain\u2019in ba\u015fyap\u0131t\u0131 olarak kabul edilir. Sekiz y\u0131l \u00f6nce bas\u0131lan Tom Sawyer\u2019\u0131n Maceralar\u0131\u2019nda bir yan<span class=\"excerpt-hellip\"> [\u2026]<\/span><\/p>\n","protected":false},"featured_media":0,"template":"","meta":{"_monsterinsights_skip_tracking":false,"_monsterinsights_sitenote_active":false,"_monsterinsights_sitenote_note":"","_monsterinsights_sitenote_category":0},"product_brand":[],"product_cat":[12291,12711],"product_tag":[],"class_list":{"0":"post-717170","1":"product","2":"type-product","3":"status-publish","5":"product_cat-edebiyat","6":"product_cat-roman-oyku","7":"pa_cilt-ciltsiz","8":"pa_tur-kitap","9":"pa_yayinevi-yordam-kitap","10":"pa_yazar-mark-twain","12":"first","13":"instock","14":"sale","15":"shipping-taxable","16":"purchasable","17":"product-type-simple"},"_links":{"self":[{"href":"https:\/\/roveyayinevi.com.tr\/index.php\/wp-json\/wp\/v2\/product\/717170","targetHints":{"allow":["GET"]}}],"collection":[{"href":"https:\/\/roveyayinevi.com.tr\/index.php\/wp-json\/wp\/v2\/product"}],"about":[{"href":"https:\/\/roveyayinevi.com.tr\/index.php\/wp-json\/wp\/v2\/types\/product"}],"wp:attachment":[{"href":"https:\/\/roveyayinevi.com.tr\/index.php\/wp-json\/wp\/v2\/media?parent=717170"}],"wp:term":[{"taxonomy":"product_brand","embeddable":true,"href":"https:\/\/roveyayinevi.com.tr\/index.php\/wp-json\/wp\/v2\/product_brand?post=717170"},{"taxonomy":"product_cat","embeddable":true,"href":"https:\/\/roveyayinevi.com.tr\/index.php\/wp-json\/wp\/v2\/product_cat?post=717170"},{"taxonomy":"product_tag","embeddable":true,"href":"https:\/\/roveyayinevi.com.tr\/index.php\/wp-json\/wp\/v2\/product_tag?post=717170"}],"curies":[{"name":"wp","href":"https:\/\/api.w.org\/{rel}","templated":true}]}}